{"id":84623,"date":"2023-10-16T18:20:35","date_gmt":"2023-10-16T18:20:35","guid":{"rendered":"https:\/\/poccky.com\/?post_type=product&#038;p=84623"},"modified":"2023-10-16T18:20:36","modified_gmt":"2023-10-16T18:20:36","slug":"tracy-ivorian-girl-dakar","status":"publish","type":"product","link":"https:\/\/poccky.com\/index.php\/product\/tracy-ivorian-girl-dakar\/","title":{"rendered":"Tracy \u2013 Ivorian girl Dakar"},"content":{"rendered":"","protected":false},"excerpt":{"rendered":"<p>Je me pr\u00e9nomme Tracy. Ind\u00e9pendante: je tiens \u00e0 pr\u00e9ciser que c&#8217;est par choix et par go\u00fbt que j&#8217;en ai fait mon activit\u00e9 temporaire.?C&#8217;est avec lascivit\u00e9. raffinement. et ouverture d&#8217;esprit que je m&#8217;offre \u00e0 vous.?Je suis dot\u00e9e de courbes g\u00e9n\u00e9reuses et harmonieuses. offrant une silhouette des plus f\u00e9minine.?Je me d\u00e9finie comme c\u00e9r\u00e9brale. altruiste. profond\u00e9ment humaniste en qu\u00eate constante d&#8217;aventures et de rencontres :avec ce qu&#8217;elles offrent d&#8217;unique et de surprises. Empathique. je m&#8217;adapte ais\u00e9ment \u00e0 tous mes partenaires sans jugements lorsque ceux l\u00e0 se montrent respectueux.?Je vous aime: \u00e9duqu\u00e9s. bienveillants. exigeants et authentiques.<br \/>\nTout a \u00e9t\u00e9 penser pour votre confort et votre bien \u00eatre : vous \u00eates un invit\u00e9 attendu. ?Dans la joie&#8230; future d&#8217;une rencontre ou accomplie de nouvelles retrouvailles ? Orientation Bisexual Height 165 cm \/ 5?5? Ethnicity  &#8211; Black Age 23 Shaved  Yes  Smokes  ?Yes Hair Color  &#8211;  Black  Nationality  &#8211; Ivorian Gender &#8211; Female    Place &#8211;   Dakar<br \/>\nSenegal Contact me  at : +221 7716 66864<\/p>\n","protected":false},"featured_media":63292,"comment_status":"open","ping_status":"closed","template":"","meta":{"site-sidebar-layout":"default","site-content-layout":"","ast-site-content-layout":"","site-content-style":"default","site-sidebar-style":"default","ast-global-header-display":"","ast-banner-title-visibility":"","ast-main-header-display":"","ast-hfb-above-header-display":"","ast-hfb-below-header-display":"","ast-hfb-mobile-header-display":"","site-post-title":"","ast-breadcrumbs-content":"","ast-featured-img":"","footer-sml-layout":"","theme-transparent-header-meta":"","adv-header-id-meta":"","stick-header-meta":"","header-above-stick-meta":"","header-main-stick-meta":"","header-below-stick-meta":"","astra-migrate-meta-layouts":"default","ast-page-background-enabled":"default","ast-page-background-meta":{"desktop":{"background-color":"var(--ast-global-color-4)","background-image":"","background-repeat":"repeat","background-position":"center center","background-size":"auto","background-attachment":"scroll","background-type":"","background-media":"","overlay-type":"","overlay-color":"","overlay-opacity":"","overlay-gradient":""},"tablet":{"background-color":"","background-image":"","background-repeat":"repeat","background-position":"center center","background-size":"auto","background-attachment":"scroll","background-type":"","background-media":"","overlay-type":"","overlay-color":"","overlay-opacity":"","overlay-gradient":""},"mobile":{"background-color":"","background-image":"","background-repeat":"repeat","background-position":"center center","background-size":"auto","background-attachment":"scroll","background-type":"","background-media":"","overlay-type":"","overlay-color":"","overlay-opacity":"","overlay-gradient":""}},"ast-content-background-meta":{"desktop":{"background-color":"var(--ast-global-color-5)","background-image":"","background-repeat":"repeat","background-position":"center center","background-size":"auto","background-attachment":"scroll","background-type":"","background-media":"","overlay-type":"","overlay-color":"","overlay-opacity":"","overlay-gradient":""},"tablet":{"background-color":"var(--ast-global-color-5)","background-image":"","background-repeat":"repeat","background-position":"center center","background-size":"auto","background-attachment":"scroll","background-type":"","background-media":"","overlay-type":"","overlay-color":"","overlay-opacity":"","overlay-gradient":""},"mobile":{"background-color":"var(--ast-global-color-5)","background-image":"","background-repeat":"repeat","background-position":"center center","background-size":"auto","background-attachment":"scroll","background-type":"","background-media":"","overlay-type":"","overlay-color":"","overlay-opacity":"","overlay-gradient":""}}},"product_brand":[],"product_cat":[1004,188,944],"product_tag":[],"class_list":{"0":"post-84623","1":"product","2":"type-product","3":"status-publish","4":"has-post-thumbnail","6":"product_cat-dakar","7":"product_cat-freelancer","8":"product_cat-senegal","9":"desktop-align-left","10":"tablet-align-left","11":"mobile-align-left","13":"first","14":"instock","15":"shipping-taxable","16":"product-type-simple"},"_links":{"self":[{"href":"https:\/\/poccky.com\/index.php\/wp-json\/wp\/v2\/product\/84623","targetHints":{"allow":["GET"]}}],"collection":[{"href":"https:\/\/poccky.com\/index.php\/wp-json\/wp\/v2\/product"}],"about":[{"href":"https:\/\/poccky.com\/index.php\/wp-json\/wp\/v2\/types\/product"}],"replies":[{"embeddable":true,"href":"https:\/\/poccky.com\/index.php\/wp-json\/wp\/v2\/comments?post=84623"}],"wp:featuredmedia":[{"embeddable":true,"href":"https:\/\/poccky.com\/index.php\/wp-json\/wp\/v2\/media\/63292"}],"wp:attachment":[{"href":"https:\/\/poccky.com\/index.php\/wp-json\/wp\/v2\/media?parent=84623"}],"wp:term":[{"taxonomy":"product_brand","embeddable":true,"href":"https:\/\/poccky.com\/index.php\/wp-json\/wp\/v2\/product_brand?post=84623"},{"taxonomy":"product_cat","embeddable":true,"href":"https:\/\/poccky.com\/index.php\/wp-json\/wp\/v2\/product_cat?post=84623"},{"taxonomy":"product_tag","embeddable":true,"href":"https:\/\/poccky.com\/index.php\/wp-json\/wp\/v2\/product_tag?post=84623"}],"curies":[{"name":"wp","href":"https:\/\/api.w.org\/{rel}","templated":true}]}}