{"id":84360,"date":"2023-10-16T18:07:04","date_gmt":"2023-10-16T18:07:04","guid":{"rendered":"https:\/\/poccky.com\/?post_type=product&#038;p=84360"},"modified":"2023-10-16T18:07:05","modified_gmt":"2023-10-16T18:07:05","slug":"sandrelle-canadian-girl-cannes","status":"publish","type":"product","link":"https:\/\/poccky.com\/index.php\/product\/sandrelle-canadian-girl-cannes\/","title":{"rendered":"Sandrelle \u2013 Canadian girl Cannes"},"content":{"rendered":"","protected":false},"excerpt":{"rendered":"<p>Salut. je suis une belle escorte ind\u00e9pendante. disponible 24 heures sur 24. tr\u00e8s propre. \u00e9l\u00e9gante. \u00e9duqu\u00e9e. attirante. affectueuse et tr\u00e8s complaisante. pleine de plaisir et de s\u00e9duction.  pr\u00eat \u00e0 escorter messieurs disponible uniquement dans les h\u00f4tels\/appartements 4-5*.  Contactez-moi sur Whatsapp ou T\u00e9l\u00e9gram ou Snap : T\u00e9l\u00e9gram : sandra0498. Snap : sandrarouxer.<\/p>\n<p>Salut. je suis une belle escorte ind\u00e9pendante. disponible 24 heures sur 24. tr\u00e8s propre. \u00e9l\u00e9gante. \u00e9duqu\u00e9e. attirante. affectueuse et tr\u00e8s complaisante. pleine de plaisir et de s\u00e9duction.  pr\u00eat \u00e0 escorter messieurs disponible uniquement dans les h\u00f4tels\/appartements 4-5*.  Contactez-moi sur Whatsapp ou T\u00e9l\u00e9gram ou Snap : T\u00e9l\u00e9gram: @sandra0498. Snap : sandrarouxer. Orientation Heterosexual Height 155 cm \/ 5?1? Ethnicity  &#8211; White Bust Medium Age 25 Shaved  Partially  Smokes  ?Yes Hair Color  &#8211;  Brunette  Nationality  &#8211; Canadian Gender &#8211; Female    Place &#8211;   Cannes<br \/>\nFrance Contact me  at : +33 7 56 86 06 09<\/p>\n","protected":false},"featured_media":71830,"comment_status":"open","ping_status":"closed","template":"","meta":{"site-sidebar-layout":"default","site-content-layout":"","ast-site-content-layout":"","site-content-style":"default","site-sidebar-style":"default","ast-global-header-display":"","ast-banner-title-visibility":"","ast-main-header-display":"","ast-hfb-above-header-display":"","ast-hfb-below-header-display":"","ast-hfb-mobile-header-display":"","site-post-title":"","ast-breadcrumbs-content":"","ast-featured-img":"","footer-sml-layout":"","theme-transparent-header-meta":"","adv-header-id-meta":"","stick-header-meta":"","header-above-stick-meta":"","header-main-stick-meta":"","header-below-stick-meta":"","astra-migrate-meta-layouts":"default","ast-page-background-enabled":"default","ast-page-background-meta":{"desktop":{"background-color":"var(--ast-global-color-4)","background-image":"","background-repeat":"repeat","background-position":"center center","background-size":"auto","background-attachment":"scroll","background-type":"","background-media":"","overlay-type":"","overlay-color":"","overlay-opacity":"","overlay-gradient":""},"tablet":{"background-color":"","background-image":"","background-repeat":"repeat","background-position":"center center","background-size":"auto","background-attachment":"scroll","background-type":"","background-media":"","overlay-type":"","overlay-color":"","overlay-opacity":"","overlay-gradient":""},"mobile":{"background-color":"","background-image":"","background-repeat":"repeat","background-position":"center center","background-size":"auto","background-attachment":"scroll","background-type":"","background-media":"","overlay-type":"","overlay-color":"","overlay-opacity":"","overlay-gradient":""}},"ast-content-background-meta":{"desktop":{"background-color":"var(--ast-global-color-5)","background-image":"","background-repeat":"repeat","background-position":"center center","background-size":"auto","background-attachment":"scroll","background-type":"","background-media":"","overlay-type":"","overlay-color":"","overlay-opacity":"","overlay-gradient":""},"tablet":{"background-color":"var(--ast-global-color-5)","background-image":"","background-repeat":"repeat","background-position":"center center","background-size":"auto","background-attachment":"scroll","background-type":"","background-media":"","overlay-type":"","overlay-color":"","overlay-opacity":"","overlay-gradient":""},"mobile":{"background-color":"var(--ast-global-color-5)","background-image":"","background-repeat":"repeat","background-position":"center center","background-size":"auto","background-attachment":"scroll","background-type":"","background-media":"","overlay-type":"","overlay-color":"","overlay-opacity":"","overlay-gradient":""}}},"product_brand":[],"product_cat":[1022,244,188],"product_tag":[],"class_list":{"0":"post-84360","1":"product","2":"type-product","3":"status-publish","4":"has-post-thumbnail","6":"product_cat-cannes","7":"product_cat-france","8":"product_cat-freelancer","9":"desktop-align-left","10":"tablet-align-left","11":"mobile-align-left","13":"first","14":"instock","15":"shipping-taxable","16":"product-type-simple"},"_links":{"self":[{"href":"https:\/\/poccky.com\/index.php\/wp-json\/wp\/v2\/product\/84360","targetHints":{"allow":["GET"]}}],"collection":[{"href":"https:\/\/poccky.com\/index.php\/wp-json\/wp\/v2\/product"}],"about":[{"href":"https:\/\/poccky.com\/index.php\/wp-json\/wp\/v2\/types\/product"}],"replies":[{"embeddable":true,"href":"https:\/\/poccky.com\/index.php\/wp-json\/wp\/v2\/comments?post=84360"}],"wp:featuredmedia":[{"embeddable":true,"href":"https:\/\/poccky.com\/index.php\/wp-json\/wp\/v2\/media\/71830"}],"wp:attachment":[{"href":"https:\/\/poccky.com\/index.php\/wp-json\/wp\/v2\/media?parent=84360"}],"wp:term":[{"taxonomy":"product_brand","embeddable":true,"href":"https:\/\/poccky.com\/index.php\/wp-json\/wp\/v2\/product_brand?post=84360"},{"taxonomy":"product_cat","embeddable":true,"href":"https:\/\/poccky.com\/index.php\/wp-json\/wp\/v2\/product_cat?post=84360"},{"taxonomy":"product_tag","embeddable":true,"href":"https:\/\/poccky.com\/index.php\/wp-json\/wp\/v2\/product_tag?post=84360"}],"curies":[{"name":"wp","href":"https:\/\/api.w.org\/{rel}","templated":true}]}}