{"id":83443,"date":"2023-10-16T17:14:32","date_gmt":"2023-10-16T17:14:32","guid":{"rendered":"https:\/\/poccky.com\/?post_type=product&#038;p=83443"},"modified":"2023-10-16T17:14:33","modified_gmt":"2023-10-16T17:14:33","slug":"jenema-french-girl-cannes","status":"publish","type":"product","link":"https:\/\/poccky.com\/index.php\/product\/jenema-french-girl-cannes\/","title":{"rendered":"Jenema \u2013 French girl Cannes"},"content":{"rendered":"","protected":false},"excerpt":{"rendered":"<p>Bonjour  Je suis dans le meilleur \u00e2ge pour une femme. donc je sais exactement ce que j&#8217;aime et ce que un homme a besoin. Je suis intelligente. charmante et tr\u00e8s \u00e9l\u00e9gante.Une vraie courtisane dans l&#8217;ame. je sais exactement ce que les hommes aiment. et je vous offrirai une exp\u00e9rience exeptionnelle. dont vous avez toujours recherch\u00e9 . je ne fais pas des rencontres enchain\u00e9es. Je pr\u00e9f\u00e8re me concentrer sur vous. etre \u00e0 votre \u00e9coute. prendre mon temps et vous combler de plaisir Toi qui appr\u00e9cies les belles poitrines. viens jouer avec mes t\u00e9tons et mettre ta queue entre mes deux seins pour une incroyable branlette espagnole. Je suis tr\u00e8s dou\u00e9e pour caresser les zones \u00e9rog\u00e8nes masculines&#8230; Je jouerai avec tes mamelons. Ma chatte serr\u00e9e et humide te r\u00e9v\u00e8lera des sensations de plaisirs inconnues. Je deviendrai folle lorsque je sentirai ton p\u00e9nis frotter contre mon clitoris. J\u2019ai une petite chatte bien juteuse que tu pourras l\u00e9cher et caresser sans restriction. je suis une v\u00e9ritable femme fontaine. Poitrine naturelle. fesses incroyablement fermes. et un tr\u00e8s beau vis Age . J&#8217;ai un temp\u00e9rament tr\u00e8s chaud. je suis aussi sensuelle. gentille et coquine. Ma bouche pulpeuse. ma langue chaude et gourmande t&#8217;envelopperont dans une fellation nature et torride avec gorge profonde. Tu peux me p\u00e9n\u00e9trer par devant et par derri\u00e8re. jouer dans diff\u00e9rentes positions. J&#8217;aime le sexe. j&#8217;en veux toujours plus. je suis insatiable. j&#8217;adore donner et recevoir du plaisir ! Je suis toujours pr\u00eate \u00e0 satisfaire tes d\u00e9sirs&#8230; Je re\u00e7ois dans un cadre discret \u00e0 l&#8217;hygi\u00e8ne irr\u00e9prochable 7 jours sur 7 et 24h\/24. Je te re\u00e7ois sexy avec de la lingerie fine. des bas. des jarreti\u00e8res et des talons hauts.merci Orientation Heterosexual Height 176 cm \/ 5?9? Ethnicity  &#8211; White Bust Small Age 26 Shaved  Yes  Smokes  ?Yes Hair Color  &#8211;  Blonde  Nationality  &#8211; French Gender &#8211; Female    Place &#8211;   Cannes<br \/>\nFrance Contact me  at : +33 7 56 99 05 46<\/p>\n","protected":false},"featured_media":77833,"comment_status":"open","ping_status":"closed","template":"","meta":{"site-sidebar-layout":"default","site-content-layout":"","ast-site-content-layout":"","site-content-style":"default","site-sidebar-style":"default","ast-global-header-display":"","ast-banner-title-visibility":"","ast-main-header-display":"","ast-hfb-above-header-display":"","ast-hfb-below-header-display":"","ast-hfb-mobile-header-display":"","site-post-title":"","ast-breadcrumbs-content":"","ast-featured-img":"","footer-sml-layout":"","theme-transparent-header-meta":"","adv-header-id-meta":"","stick-header-meta":"","header-above-stick-meta":"","header-main-stick-meta":"","header-below-stick-meta":"","astra-migrate-meta-layouts":"default","ast-page-background-enabled":"default","ast-page-background-meta":{"desktop":{"background-color":"var(--ast-global-color-4)","background-image":"","background-repeat":"repeat","background-position":"center center","background-size":"auto","background-attachment":"scroll","background-type":"","background-media":"","overlay-type":"","overlay-color":"","overlay-opacity":"","overlay-gradient":""},"tablet":{"background-color":"","background-image":"","background-repeat":"repeat","background-position":"center center","background-size":"auto","background-attachment":"scroll","background-type":"","background-media":"","overlay-type":"","overlay-color":"","overlay-opacity":"","overlay-gradient":""},"mobile":{"background-color":"","background-image":"","background-repeat":"repeat","background-position":"center center","background-size":"auto","background-attachment":"scroll","background-type":"","background-media":"","overlay-type":"","overlay-color":"","overlay-opacity":"","overlay-gradient":""}},"ast-content-background-meta":{"desktop":{"background-color":"var(--ast-global-color-5)","background-image":"","background-repeat":"repeat","background-position":"center center","background-size":"auto","background-attachment":"scroll","background-type":"","background-media":"","overlay-type":"","overlay-color":"","overlay-opacity":"","overlay-gradient":""},"tablet":{"background-color":"var(--ast-global-color-5)","background-image":"","background-repeat":"repeat","background-position":"center center","background-size":"auto","background-attachment":"scroll","background-type":"","background-media":"","overlay-type":"","overlay-color":"","overlay-opacity":"","overlay-gradient":""},"mobile":{"background-color":"var(--ast-global-color-5)","background-image":"","background-repeat":"repeat","background-position":"center center","background-size":"auto","background-attachment":"scroll","background-type":"","background-media":"","overlay-type":"","overlay-color":"","overlay-opacity":"","overlay-gradient":""}}},"product_brand":[],"product_cat":[1022,244,188],"product_tag":[],"class_list":{"0":"post-83443","1":"product","2":"type-product","3":"status-publish","4":"has-post-thumbnail","6":"product_cat-cannes","7":"product_cat-france","8":"product_cat-freelancer","9":"desktop-align-left","10":"tablet-align-left","11":"mobile-align-left","13":"first","14":"instock","15":"shipping-taxable","16":"product-type-simple"},"_links":{"self":[{"href":"https:\/\/poccky.com\/index.php\/wp-json\/wp\/v2\/product\/83443","targetHints":{"allow":["GET"]}}],"collection":[{"href":"https:\/\/poccky.com\/index.php\/wp-json\/wp\/v2\/product"}],"about":[{"href":"https:\/\/poccky.com\/index.php\/wp-json\/wp\/v2\/types\/product"}],"replies":[{"embeddable":true,"href":"https:\/\/poccky.com\/index.php\/wp-json\/wp\/v2\/comments?post=83443"}],"wp:featuredmedia":[{"embeddable":true,"href":"https:\/\/poccky.com\/index.php\/wp-json\/wp\/v2\/media\/77833"}],"wp:attachment":[{"href":"https:\/\/poccky.com\/index.php\/wp-json\/wp\/v2\/media?parent=83443"}],"wp:term":[{"taxonomy":"product_brand","embeddable":true,"href":"https:\/\/poccky.com\/index.php\/wp-json\/wp\/v2\/product_brand?post=83443"},{"taxonomy":"product_cat","embeddable":true,"href":"https:\/\/poccky.com\/index.php\/wp-json\/wp\/v2\/product_cat?post=83443"},{"taxonomy":"product_tag","embeddable":true,"href":"https:\/\/poccky.com\/index.php\/wp-json\/wp\/v2\/product_tag?post=83443"}],"curies":[{"name":"wp","href":"https:\/\/api.w.org\/{rel}","templated":true}]}}