{"id":83172,"date":"2023-10-16T16:59:03","date_gmt":"2023-10-16T16:59:03","guid":{"rendered":"https:\/\/poccky.com\/?post_type=product&#038;p=83172"},"modified":"2023-10-16T16:59:06","modified_gmt":"2023-10-16T16:59:06","slug":"diana-escort-bbw-portuguese-girl-lisbon","status":"publish","type":"product","link":"https:\/\/poccky.com\/index.php\/product\/diana-escort-bbw-portuguese-girl-lisbon\/","title":{"rendered":"Diana Escort BBW \u2013 Portuguese girl Lisbon"},"content":{"rendered":"","protected":false},"excerpt":{"rendered":"<p>Prazer querido<\/p>\n<p>Sou a Diana . uma mulher com classe e diferente do que est\u00e1 no &#8220;mercado&#8221; ! Eheheh.<\/p>\n<p>Sou uma loira simp\u00e1tica.de bem com a vida . safada . Sou bbw .uma escort plus size  com seios fartos 54 xxxl.com um rabinho bem grande . 36 anos&#8230;<br \/>\nMeiga. cheirosa&#8230;sempre!!!<\/p>\n<p>Vais amar estar comigo.!  <\/p>\n<p>Sou atrevida mas tamb\u00e9m poderei ser a tua perfeita namoradinha!<br \/>\nO meu oral \u00e9 delicioso.<br \/>\nvaginal com muita entrega!Completa .. acess\u00f3rios.mass Age m&#8230;<\/p>\n<p>Presto servi\u00e7os de acompanhante com todo o cuidado e sigilo para ambas as partes .<br \/>\nSou bastante selectiva e exigente com os clientes . porque apesar de ser um conv\u00edvio sexual. merece o m\u00e1ximo respeito .<\/p>\n<p>Estou a tua espera para um belo momento de prazer!<\/p>\n<p>Hor\u00e1rio:<br \/>\nA minha disponibilidade \u00e9 de segunda<br \/>\nA s\u00e1bado 24h somente para desloca\u00e7\u00e3o.<\/p>\n<p>Hello dear. nice to meet you.<\/p>\n<p>I&#8217;m Diana. I&#8217;m a bbw style woman. A chubby. plus size. with a xxl doodle and chest 54. Blonde. green eyes. shapely and 34 years old.<\/p>\n<p>My experience is engaging and unhurried.<br \/>\nI love a good minete. tight vagina!! Sex without taboos. with a lot of involvement and a lot of naughty! I love a man vibrating with pleasure in my bed. I am very gluttonous. sweet. fragrant and sassy!<br \/>\nI have accessories\/strapon .<br \/>\nI like to give pleasure in all senses. I am excellent in mass Age s.<br \/>\nI also travel to the hotel.24H<\/p>\n<p>I am available for travel to hotels and home. Sweet Kisses<br \/>\nDiana Orientation Heterosexual Height 169 cm \/ 5?7? Ethnicity  &#8211; Latina Bust Extra Large Age 34 Shaved  Yes  Smokes  ?No Hair Color  &#8211;  Blonde  Nationality  &#8211; Portuguese Gender &#8211; Female    Place &#8211;   Lisbon<br \/>\nPortugal Contact me  at : +351 96 783 4100<\/p>\n","protected":false},"featured_media":68479,"comment_status":"open","ping_status":"closed","template":"","meta":{"site-sidebar-layout":"default","site-content-layout":"","ast-site-content-layout":"","site-content-style":"default","site-sidebar-style":"default","ast-global-header-display":"","ast-banner-title-visibility":"","ast-main-header-display":"","ast-hfb-above-header-display":"","ast-hfb-below-header-display":"","ast-hfb-mobile-header-display":"","site-post-title":"","ast-breadcrumbs-content":"","ast-featured-img":"","footer-sml-layout":"","theme-transparent-header-meta":"","adv-header-id-meta":"","stick-header-meta":"","header-above-stick-meta":"","header-main-stick-meta":"","header-below-stick-meta":"","astra-migrate-meta-layouts":"default","ast-page-background-enabled":"default","ast-page-background-meta":{"desktop":{"background-color":"var(--ast-global-color-4)","background-image":"","background-repeat":"repeat","background-position":"center center","background-size":"auto","background-attachment":"scroll","background-type":"","background-media":"","overlay-type":"","overlay-color":"","overlay-opacity":"","overlay-gradient":""},"tablet":{"background-color":"","background-image":"","background-repeat":"repeat","background-position":"center center","background-size":"auto","background-attachment":"scroll","background-type":"","background-media":"","overlay-type":"","overlay-color":"","overlay-opacity":"","overlay-gradient":""},"mobile":{"background-color":"","background-image":"","background-repeat":"repeat","background-position":"center center","background-size":"auto","background-attachment":"scroll","background-type":"","background-media":"","overlay-type":"","overlay-color":"","overlay-opacity":"","overlay-gradient":""}},"ast-content-background-meta":{"desktop":{"background-color":"var(--ast-global-color-5)","background-image":"","background-repeat":"repeat","background-position":"center center","background-size":"auto","background-attachment":"scroll","background-type":"","background-media":"","overlay-type":"","overlay-color":"","overlay-opacity":"","overlay-gradient":""},"tablet":{"background-color":"var(--ast-global-color-5)","background-image":"","background-repeat":"repeat","background-position":"center center","background-size":"auto","background-attachment":"scroll","background-type":"","background-media":"","overlay-type":"","overlay-color":"","overlay-opacity":"","overlay-gradient":""},"mobile":{"background-color":"var(--ast-global-color-5)","background-image":"","background-repeat":"repeat","background-position":"center center","background-size":"auto","background-attachment":"scroll","background-type":"","background-media":"","overlay-type":"","overlay-color":"","overlay-opacity":"","overlay-gradient":""}}},"product_brand":[],"product_cat":[188,1018,937],"product_tag":[],"class_list":{"0":"post-83172","1":"product","2":"type-product","3":"status-publish","4":"has-post-thumbnail","6":"product_cat-freelancer","7":"product_cat-lisbon","8":"product_cat-portugal","9":"desktop-align-left","10":"tablet-align-left","11":"mobile-align-left","13":"first","14":"instock","15":"shipping-taxable","16":"product-type-simple"},"_links":{"self":[{"href":"https:\/\/poccky.com\/index.php\/wp-json\/wp\/v2\/product\/83172","targetHints":{"allow":["GET"]}}],"collection":[{"href":"https:\/\/poccky.com\/index.php\/wp-json\/wp\/v2\/product"}],"about":[{"href":"https:\/\/poccky.com\/index.php\/wp-json\/wp\/v2\/types\/product"}],"replies":[{"embeddable":true,"href":"https:\/\/poccky.com\/index.php\/wp-json\/wp\/v2\/comments?post=83172"}],"wp:featuredmedia":[{"embeddable":true,"href":"https:\/\/poccky.com\/index.php\/wp-json\/wp\/v2\/media\/68479"}],"wp:attachment":[{"href":"https:\/\/poccky.com\/index.php\/wp-json\/wp\/v2\/media?parent=83172"}],"wp:term":[{"taxonomy":"product_brand","embeddable":true,"href":"https:\/\/poccky.com\/index.php\/wp-json\/wp\/v2\/product_brand?post=83172"},{"taxonomy":"product_cat","embeddable":true,"href":"https:\/\/poccky.com\/index.php\/wp-json\/wp\/v2\/product_cat?post=83172"},{"taxonomy":"product_tag","embeddable":true,"href":"https:\/\/poccky.com\/index.php\/wp-json\/wp\/v2\/product_tag?post=83172"}],"curies":[{"name":"wp","href":"https:\/\/api.w.org\/{rel}","templated":true}]}}