{"id":64928,"date":"2023-10-14T04:52:31","date_gmt":"2023-10-14T04:52:31","guid":{"rendered":"https:\/\/poccky.com\/?post_type=product&#038;p=64928"},"modified":"2023-10-14T04:52:53","modified_gmt":"2023-10-14T04:52:53","slug":"antonia-german-in-berlin","status":"publish","type":"product","link":"https:\/\/poccky.com\/index.php\/product\/antonia-german-in-berlin\/","title":{"rendered":"Antonia   German  &#8211;  in Berlin"},"content":{"rendered":"","protected":false},"excerpt":{"rendered":"<p>Hallo Leute.<br \/>\nMein Name ist Antonia und ich bin zum ersten Mal in Deutschland. Ich bin junges. sauberes und sch\u00f6nes englisches M\u00e4dchen.<br \/>\n## Ich bin eine unabh\u00e4ngige Frau. die \u00fcber einen beneidenswerten K\u00f6rper verf\u00fcgt. der seri\u00f6sen Herren einen qualitativ hochwertigen Service bietet. und das Vergn\u00fcgen wird der Superlative sein.<br \/>\n## Ich garantiere. dass Sie die ganze Zeit. die Sie mit mir verbringen. nur Vergn\u00fcgen f\u00fchlen werden. Sinnlichkeit. Liebe alle zusammen. ein Finale mit einer unvorstellbaren Explosion bilden#.<br \/>\nIch spiele sehr gerne mit Liebkosungen und vielen K\u00fcssen. daher dreht sich f\u00fcr mich alles um Vergn\u00fcgen.<br \/>\nAls wahre G\u00f6ttin des Sex kann ich dir s Age &#8211; n. mein Lieber. dass ich dich in diesen zusammen verbrachten Momenten zum gl\u00fccklichsten Mann machen werde.<br \/>\nIch liebe es wirklich# Langsamer hei\u00dfer Sex auch mit Kuscheln. Ber\u00fchren. Lecken meiner s\u00fc\u00dfen Muschi usw.<br \/>\nIch mag es. Liebe zu machen und dich zu den gl\u00fccklichsten M\u00e4nnern dieser Welt zu machen. Mein K\u00f6rper ist nach einem langen Arbeitstag genau die richtige Behandlung.<br \/>\nIch w\u00fcrde euch gerne treffen und viel Spa\u00df und Sex haben. Ich freue mich darauf. Sie kennenzulernen ####<br \/>\nBitte. wenn ich nicht ans Telefon gehe. bin ich besch\u00e4ftigt und schreibe mir bitte \u00fcber WhatsApp den besten Weg. um mich zu erreichen. und ich melde mich wieder bei Ihnen. Ich danke Ihnen f\u00fcr die Annahme.<br \/>\nK\u00fcsse##<br \/>\nDeine Antonia ## ####you can also contact me on Whatsapp or TelegramOrientation &#8211; Heterosexual Height &#8211; 161 cm \/ 5#3#  Ethinicity  &#8211; White Bust &#8211; Medium Age &#8211; 25 Shaved &#8211; Yes Smokes &#8211; #No Hair color &#8211; Black Nationality &#8211; German Gender &#8211; Female City &#8211; Berlin<br \/>\nGermany  Contact  44 7535 606353<\/p>\n","protected":false},"featured_media":58800,"comment_status":"open","ping_status":"closed","template":"","meta":{"site-sidebar-layout":"default","site-content-layout":"","ast-site-content-layout":"","site-content-style":"default","site-sidebar-style":"default","ast-global-header-display":"","ast-banner-title-visibility":"","ast-main-header-display":"","ast-hfb-above-header-display":"","ast-hfb-below-header-display":"","ast-hfb-mobile-header-display":"","site-post-title":"","ast-breadcrumbs-content":"","ast-featured-img":"","footer-sml-layout":"","theme-transparent-header-meta":"","adv-header-id-meta":"","stick-header-meta":"","header-above-stick-meta":"","header-main-stick-meta":"","header-below-stick-meta":"","astra-migrate-meta-layouts":"default","ast-page-background-enabled":"default","ast-page-background-meta":{"desktop":{"background-color":"var(--ast-global-color-4)","background-image":"","background-repeat":"repeat","background-position":"center center","background-size":"auto","background-attachment":"scroll","background-type":"","background-media":"","overlay-type":"","overlay-color":"","overlay-opacity":"","overlay-gradient":""},"tablet":{"background-color":"","background-image":"","background-repeat":"repeat","background-position":"center center","background-size":"auto","background-attachment":"scroll","background-type":"","background-media":"","overlay-type":"","overlay-color":"","overlay-opacity":"","overlay-gradient":""},"mobile":{"background-color":"","background-image":"","background-repeat":"repeat","background-position":"center center","background-size":"auto","background-attachment":"scroll","background-type":"","background-media":"","overlay-type":"","overlay-color":"","overlay-opacity":"","overlay-gradient":""}},"ast-content-background-meta":{"desktop":{"background-color":"var(--ast-global-color-5)","background-image":"","background-repeat":"repeat","background-position":"center center","background-size":"auto","background-attachment":"scroll","background-type":"","background-media":"","overlay-type":"","overlay-color":"","overlay-opacity":"","overlay-gradient":""},"tablet":{"background-color":"var(--ast-global-color-5)","background-image":"","background-repeat":"repeat","background-position":"center center","background-size":"auto","background-attachment":"scroll","background-type":"","background-media":"","overlay-type":"","overlay-color":"","overlay-opacity":"","overlay-gradient":""},"mobile":{"background-color":"var(--ast-global-color-5)","background-image":"","background-repeat":"repeat","background-position":"center center","background-size":"auto","background-attachment":"scroll","background-type":"","background-media":"","overlay-type":"","overlay-color":"","overlay-opacity":"","overlay-gradient":""}}},"product_brand":[],"product_cat":[996,188,811],"product_tag":[],"class_list":{"0":"post-64928","1":"product","2":"type-product","3":"status-publish","4":"has-post-thumbnail","6":"product_cat-berlin","7":"product_cat-freelancer","8":"product_cat-germany","9":"desktop-align-left","10":"tablet-align-left","11":"mobile-align-left","13":"first","14":"instock","15":"shipping-taxable","16":"product-type-simple"},"_links":{"self":[{"href":"https:\/\/poccky.com\/index.php\/wp-json\/wp\/v2\/product\/64928","targetHints":{"allow":["GET"]}}],"collection":[{"href":"https:\/\/poccky.com\/index.php\/wp-json\/wp\/v2\/product"}],"about":[{"href":"https:\/\/poccky.com\/index.php\/wp-json\/wp\/v2\/types\/product"}],"replies":[{"embeddable":true,"href":"https:\/\/poccky.com\/index.php\/wp-json\/wp\/v2\/comments?post=64928"}],"wp:featuredmedia":[{"embeddable":true,"href":"https:\/\/poccky.com\/index.php\/wp-json\/wp\/v2\/media\/58800"}],"wp:attachment":[{"href":"https:\/\/poccky.com\/index.php\/wp-json\/wp\/v2\/media?parent=64928"}],"wp:term":[{"taxonomy":"product_brand","embeddable":true,"href":"https:\/\/poccky.com\/index.php\/wp-json\/wp\/v2\/product_brand?post=64928"},{"taxonomy":"product_cat","embeddable":true,"href":"https:\/\/poccky.com\/index.php\/wp-json\/wp\/v2\/product_cat?post=64928"},{"taxonomy":"product_tag","embeddable":true,"href":"https:\/\/poccky.com\/index.php\/wp-json\/wp\/v2\/product_tag?post=64928"}],"curies":[{"name":"wp","href":"https:\/\/api.w.org\/{rel}","templated":true}]}}