{"id":64560,"date":"2023-10-14T02:47:50","date_gmt":"2023-10-14T02:47:50","guid":{"rendered":"https:\/\/poccky.com\/?post_type=product&#038;p=64560"},"modified":"2023-10-14T02:47:52","modified_gmt":"2023-10-14T02:47:52","slug":"daniela-french-in-amiens","status":"publish","type":"product","link":"https:\/\/poccky.com\/index.php\/product\/daniela-french-in-amiens\/","title":{"rendered":"Daniela \u2013 French  &#8211;  in Amiens"},"content":{"rendered":"","protected":false},"excerpt":{"rendered":"<p>I am new hereMes Amours. je suis Daniela. je suis une belle Escorte blond tr\u00e8s charmante. Une belle tigresse. chaud et sensuelle. J\u2019invite les gentlemans avenir passer un moment inoubliable en ma compagnie. un moment intime et relaxant. Je re\u00e7ois dans ma gar\u00e7onni\u00e8re chemin\u00e9e et je me d\u00e9place. Je cherche toujours \u00e0 plaire et \u00e0 ne jamais d\u00e9cevoir ! Une fois que vous me rencontrerez et passerez du temps. vous supplierez de revenir pour plus! Mes photos sont 100% r\u00e9elles et r\u00e9centes.<br \/>\nDispo uniquement sur telegram et Viber sur mon num\u00e9ro <\/p>\n<p>Mon Telegram:  Ladys_Danie<\/p>\n<p>Si je ne vous r\u00e9pond pas de suite. merci d&#8217;\u00eatre compr\u00e9hensif et de ne pas insister. je suis certainement occup\u00e9e. je vous recontacterai au plus vite.<br \/>\nP.S : Merci d&#8217;\u00e9viter mes romans lors de vos mess Age &#8211; s et d&#8217;aller droit au but.<br \/>\nMerciyou can also contact me on Whatsapp or TelegramOrientation &#8211; Heterosexual Height &#8211; 169 cm \/ 5?7?  Ethinicity  &#8211; Asian Bust &#8211; Medium Age &#8211; 26 Shaved &#8211; Partially Smokes &#8211; ?No Hair color &#8211; Blonde Nationality &#8211; French Gender &#8211; Female City &#8211; Amiens<br \/>\nFrance330780991626<\/p>\n","protected":false},"featured_media":59429,"comment_status":"open","ping_status":"closed","template":"","meta":{"site-sidebar-layout":"default","site-content-layout":"","ast-site-content-layout":"","site-content-style":"default","site-sidebar-style":"default","ast-global-header-display":"","ast-banner-title-visibility":"","ast-main-header-display":"","ast-hfb-above-header-display":"","ast-hfb-below-header-display":"","ast-hfb-mobile-header-display":"","site-post-title":"","ast-breadcrumbs-content":"","ast-featured-img":"","footer-sml-layout":"","theme-transparent-header-meta":"","adv-header-id-meta":"","stick-header-meta":"","header-above-stick-meta":"","header-main-stick-meta":"","header-below-stick-meta":"","astra-migrate-meta-layouts":"default","ast-page-background-enabled":"default","ast-page-background-meta":{"desktop":{"background-color":"var(--ast-global-color-4)","background-image":"","background-repeat":"repeat","background-position":"center center","background-size":"auto","background-attachment":"scroll","background-type":"","background-media":"","overlay-type":"","overlay-color":"","overlay-opacity":"","overlay-gradient":""},"tablet":{"background-color":"","background-image":"","background-repeat":"repeat","background-position":"center center","background-size":"auto","background-attachment":"scroll","background-type":"","background-media":"","overlay-type":"","overlay-color":"","overlay-opacity":"","overlay-gradient":""},"mobile":{"background-color":"","background-image":"","background-repeat":"repeat","background-position":"center center","background-size":"auto","background-attachment":"scroll","background-type":"","background-media":"","overlay-type":"","overlay-color":"","overlay-opacity":"","overlay-gradient":""}},"ast-content-background-meta":{"desktop":{"background-color":"var(--ast-global-color-5)","background-image":"","background-repeat":"repeat","background-position":"center center","background-size":"auto","background-attachment":"scroll","background-type":"","background-media":"","overlay-type":"","overlay-color":"","overlay-opacity":"","overlay-gradient":""},"tablet":{"background-color":"var(--ast-global-color-5)","background-image":"","background-repeat":"repeat","background-position":"center center","background-size":"auto","background-attachment":"scroll","background-type":"","background-media":"","overlay-type":"","overlay-color":"","overlay-opacity":"","overlay-gradient":""},"mobile":{"background-color":"var(--ast-global-color-5)","background-image":"","background-repeat":"repeat","background-position":"center center","background-size":"auto","background-attachment":"scroll","background-type":"","background-media":"","overlay-type":"","overlay-color":"","overlay-opacity":"","overlay-gradient":""}}},"product_brand":[],"product_cat":[986,244,188],"product_tag":[],"class_list":{"0":"post-64560","1":"product","2":"type-product","3":"status-publish","4":"has-post-thumbnail","6":"product_cat-amiens","7":"product_cat-france","8":"product_cat-freelancer","9":"desktop-align-left","10":"tablet-align-left","11":"mobile-align-left","13":"first","14":"instock","15":"shipping-taxable","16":"product-type-simple"},"_links":{"self":[{"href":"https:\/\/poccky.com\/index.php\/wp-json\/wp\/v2\/product\/64560","targetHints":{"allow":["GET"]}}],"collection":[{"href":"https:\/\/poccky.com\/index.php\/wp-json\/wp\/v2\/product"}],"about":[{"href":"https:\/\/poccky.com\/index.php\/wp-json\/wp\/v2\/types\/product"}],"replies":[{"embeddable":true,"href":"https:\/\/poccky.com\/index.php\/wp-json\/wp\/v2\/comments?post=64560"}],"wp:featuredmedia":[{"embeddable":true,"href":"https:\/\/poccky.com\/index.php\/wp-json\/wp\/v2\/media\/59429"}],"wp:attachment":[{"href":"https:\/\/poccky.com\/index.php\/wp-json\/wp\/v2\/media?parent=64560"}],"wp:term":[{"taxonomy":"product_brand","embeddable":true,"href":"https:\/\/poccky.com\/index.php\/wp-json\/wp\/v2\/product_brand?post=64560"},{"taxonomy":"product_cat","embeddable":true,"href":"https:\/\/poccky.com\/index.php\/wp-json\/wp\/v2\/product_cat?post=64560"},{"taxonomy":"product_tag","embeddable":true,"href":"https:\/\/poccky.com\/index.php\/wp-json\/wp\/v2\/product_tag?post=64560"}],"curies":[{"name":"wp","href":"https:\/\/api.w.org\/{rel}","templated":true}]}}