{"id":49209,"date":"2023-10-11T02:44:32","date_gmt":"2023-10-11T02:44:32","guid":{"rendered":"https:\/\/poccky.com\/?post_type=product&#038;p=49209"},"modified":"2023-10-11T02:44:34","modified_gmt":"2023-10-11T02:44:34","slug":"kasandra-3","status":"publish","type":"product","link":"https:\/\/poccky.com\/index.php\/product\/kasandra-3\/","title":{"rendered":"Kasandra"},"content":{"rendered":"","protected":false},"excerpt":{"rendered":"<p>Ven a conocerme no te arrepentir\u00e1s. Tengo sorpresas para ti.\u00a0cuento. Con lugar. s\u00faper discreto.\u00a0\u00a0<br \/>\nescr\u00edbeme al whatsapp 786 881 7460\u00a0<br \/>\n\u00a0<br \/>\nLa mayor\u00eda de los fetichistas son bienvenidos` solo preg\u00fantame. Yo no juzgo se\u00f1ores. JUEGO DE JUGUETES y SOLICITUD DE VESTIMENTA disponibles para EXTRA  FECHAS PARA CENA` HORAS M\u00daLTIPLES` NOCHES Y FMTY SON MEJORES  y venta de videos al mejor precio Se abren los 3 hoyos\u00a0 \u00a0 Diversi\u00f3n y venta solo de mis videos calientes \u00a0 Tambi\u00e9n estoy disponible para llamadas a domicilio ya domicilio\u00a0 CONF\u00cdA EN M\u00cd TE DOY LO MEJOR<br \/>\nDiversi\u00f3n durante la noche\u00a0 Sin prisas\u00a0 Sin polic\u00eda\u00a0 Sin juego\u00a0 Sin tonter\u00edas<br \/>\nSolo mensaje de texto o correo electr\u00f3nico<br \/>\nDebes estar verificado o no podr\u00e9 verte` sin excepciones. Nunca comprometer\u00e9 mi seguridad ni la suya por ning\u00fan motivo.Las donaciones deben dejarse a la vista al inicio de nuestra cita. . No habr\u00e1 discusi\u00f3n sobre mi donaci\u00f3n.<\/p>\n<p>        Service of Kasandra<br \/>\nSexy latina<br \/>\n(786) 881-7460<br \/>\nMiami Beach` US<\/p>\n","protected":false},"featured_media":45397,"comment_status":"open","ping_status":"closed","template":"","meta":{"site-sidebar-layout":"default","site-content-layout":"","ast-site-content-layout":"","site-content-style":"default","site-sidebar-style":"default","ast-global-header-display":"","ast-banner-title-visibility":"","ast-main-header-display":"","ast-hfb-above-header-display":"","ast-hfb-below-header-display":"","ast-hfb-mobile-header-display":"","site-post-title":"","ast-breadcrumbs-content":"","ast-featured-img":"","footer-sml-layout":"","theme-transparent-header-meta":"","adv-header-id-meta":"","stick-header-meta":"","header-above-stick-meta":"","header-main-stick-meta":"","header-below-stick-meta":"","astra-migrate-meta-layouts":"default","ast-page-background-enabled":"default","ast-page-background-meta":{"desktop":{"background-color":"var(--ast-global-color-4)","background-image":"","background-repeat":"repeat","background-position":"center center","background-size":"auto","background-attachment":"scroll","background-type":"","background-media":"","overlay-type":"","overlay-color":"","overlay-opacity":"","overlay-gradient":""},"tablet":{"background-color":"","background-image":"","background-repeat":"repeat","background-position":"center center","background-size":"auto","background-attachment":"scroll","background-type":"","background-media":"","overlay-type":"","overlay-color":"","overlay-opacity":"","overlay-gradient":""},"mobile":{"background-color":"","background-image":"","background-repeat":"repeat","background-position":"center center","background-size":"auto","background-attachment":"scroll","background-type":"","background-media":"","overlay-type":"","overlay-color":"","overlay-opacity":"","overlay-gradient":""}},"ast-content-background-meta":{"desktop":{"background-color":"var(--ast-global-color-5)","background-image":"","background-repeat":"repeat","background-position":"center center","background-size":"auto","background-attachment":"scroll","background-type":"","background-media":"","overlay-type":"","overlay-color":"","overlay-opacity":"","overlay-gradient":""},"tablet":{"background-color":"var(--ast-global-color-5)","background-image":"","background-repeat":"repeat","background-position":"center center","background-size":"auto","background-attachment":"scroll","background-type":"","background-media":"","overlay-type":"","overlay-color":"","overlay-opacity":"","overlay-gradient":""},"mobile":{"background-color":"var(--ast-global-color-5)","background-image":"","background-repeat":"repeat","background-position":"center center","background-size":"auto","background-attachment":"scroll","background-type":"","background-media":"","overlay-type":"","overlay-color":"","overlay-opacity":"","overlay-gradient":""}}},"product_brand":[],"product_cat":[188,616,448],"product_tag":[],"class_list":{"0":"post-49209","1":"product","2":"type-product","3":"status-publish","4":"has-post-thumbnail","6":"product_cat-freelancer","7":"product_cat-miami-beach","8":"product_cat-us","9":"desktop-align-left","10":"tablet-align-left","11":"mobile-align-left","13":"first","14":"instock","15":"shipping-taxable","16":"product-type-simple"},"_links":{"self":[{"href":"https:\/\/poccky.com\/index.php\/wp-json\/wp\/v2\/product\/49209","targetHints":{"allow":["GET"]}}],"collection":[{"href":"https:\/\/poccky.com\/index.php\/wp-json\/wp\/v2\/product"}],"about":[{"href":"https:\/\/poccky.com\/index.php\/wp-json\/wp\/v2\/types\/product"}],"replies":[{"embeddable":true,"href":"https:\/\/poccky.com\/index.php\/wp-json\/wp\/v2\/comments?post=49209"}],"wp:featuredmedia":[{"embeddable":true,"href":"https:\/\/poccky.com\/index.php\/wp-json\/wp\/v2\/media\/45397"}],"wp:attachment":[{"href":"https:\/\/poccky.com\/index.php\/wp-json\/wp\/v2\/media?parent=49209"}],"wp:term":[{"taxonomy":"product_brand","embeddable":true,"href":"https:\/\/poccky.com\/index.php\/wp-json\/wp\/v2\/product_brand?post=49209"},{"taxonomy":"product_cat","embeddable":true,"href":"https:\/\/poccky.com\/index.php\/wp-json\/wp\/v2\/product_cat?post=49209"},{"taxonomy":"product_tag","embeddable":true,"href":"https:\/\/poccky.com\/index.php\/wp-json\/wp\/v2\/product_tag?post=49209"}],"curies":[{"name":"wp","href":"https:\/\/api.w.org\/{rel}","templated":true}]}}