{"id":353237,"date":"2023-11-09T04:25:35","date_gmt":"2023-11-09T04:25:35","guid":{"rendered":"https:\/\/poccky.com\/?post_type=product&#038;p=353237"},"modified":"2023-11-09T04:25:47","modified_gmt":"2023-11-09T04:25:47","slug":"tate-3","status":"publish","type":"product","link":"https:\/\/poccky.com\/index.php\/product\/tate-3\/","title":{"rendered":"Tate"},"content":{"rendered":"","protected":false},"excerpt":{"rendered":"<p>Je m&#8217;appelle Stella. je suis de Russie. je rends service \u00e0 des messieurs qui d\u00e9sirent GFE ou PSE<\/p>\n<p>Je cherche des gentilshommes respectueux qui appr\u00e9cient l&#8217;art de la compagnie sensuelle et \u00e9rotique. Je m&#8217;efforce d&#8217;avoir un temps fach\u00e9 et relaxant. Je suis un donneur par natur et j&#8217;aimerai absolument vous donner une satisfaction et une attention compl\u00e8tes. Jamais pr\u00e9cipit\u00e9 ou m\u00e9canique. je suis certainement ici pour vous traiter comme un roi. Je vais vous donner une affection sexy absolue et une sensualit\u00e9 tendre. Ce sera encore l&#8217;exp\u00e9rience d&#8217;accompagnement la plus sensuelle!<br \/>\nJe me sens confiant \u00e0 propos de mon corps et j&#8217;esp\u00e8re que vous appr\u00e9cierez mes jolies jeunes et mon joli cul. . . Ma comp\u00e9tence de la gorge de l&#8217;action sera s\u00fbrement un gagnant aussi!<\/p>\n<p>Malgr\u00e9 ma natur sexuelle passionn\u00e9e et audacieuse. ma personnalit\u00e9 est tr\u00e8s douce et chaleureuse<\/p>\n<p>MA ORGASMS SONT TOUJOURS GENUIENS! Je tiens autant de plaisir de toi aussi<br \/>\nBESOINS LES PLUS GRANDS<\/p>\n<p>Uniquement pour les messieurs \ud83d\ude09 ne perdez pas de temps mon et votre My details Below mentioned<\/p>\n<p>                Nationality:<br \/>\n                Russian <\/p>\n<p>                Languages:<br \/>\n                English<\/p>\n<p>                Height:<br \/>\n                168<\/p>\n<p>                Hair:<br \/>\n                long blondeCompanionship rates:<\/p>\n<p>                  full night rate<br \/>\n                  250 EUR<\/p>\n","protected":false},"featured_media":179761,"comment_status":"open","ping_status":"closed","template":"","meta":{"site-sidebar-layout":"default","site-content-layout":"","ast-site-content-layout":"","site-content-style":"default","site-sidebar-style":"default","ast-global-header-display":"","ast-banner-title-visibility":"","ast-main-header-display":"","ast-hfb-above-header-display":"","ast-hfb-below-header-display":"","ast-hfb-mobile-header-display":"","site-post-title":"","ast-breadcrumbs-content":"","ast-featured-img":"","footer-sml-layout":"","theme-transparent-header-meta":"","adv-header-id-meta":"","stick-header-meta":"","header-above-stick-meta":"","header-main-stick-meta":"","header-below-stick-meta":"","astra-migrate-meta-layouts":"default","ast-page-background-enabled":"default","ast-page-background-meta":{"desktop":{"background-color":"var(--ast-global-color-4)","background-image":"","background-repeat":"repeat","background-position":"center center","background-size":"auto","background-attachment":"scroll","background-type":"","background-media":"","overlay-type":"","overlay-color":"","overlay-opacity":"","overlay-gradient":""},"tablet":{"background-color":"","background-image":"","background-repeat":"repeat","background-position":"center center","background-size":"auto","background-attachment":"scroll","background-type":"","background-media":"","overlay-type":"","overlay-color":"","overlay-opacity":"","overlay-gradient":""},"mobile":{"background-color":"","background-image":"","background-repeat":"repeat","background-position":"center center","background-size":"auto","background-attachment":"scroll","background-type":"","background-media":"","overlay-type":"","overlay-color":"","overlay-opacity":"","overlay-gradient":""}},"ast-content-background-meta":{"desktop":{"background-color":"var(--ast-global-color-5)","background-image":"","background-repeat":"repeat","background-position":"center center","background-size":"auto","background-attachment":"scroll","background-type":"","background-media":"","overlay-type":"","overlay-color":"","overlay-opacity":"","overlay-gradient":""},"tablet":{"background-color":"var(--ast-global-color-5)","background-image":"","background-repeat":"repeat","background-position":"center center","background-size":"auto","background-attachment":"scroll","background-type":"","background-media":"","overlay-type":"","overlay-color":"","overlay-opacity":"","overlay-gradient":""},"mobile":{"background-color":"var(--ast-global-color-5)","background-image":"","background-repeat":"repeat","background-position":"center center","background-size":"auto","background-attachment":"scroll","background-type":"","background-media":"","overlay-type":"","overlay-color":"","overlay-opacity":"","overlay-gradient":""}}},"product_brand":[],"product_cat":[244,188,1118],"product_tag":[],"class_list":{"0":"post-353237","1":"product","2":"type-product","3":"status-publish","4":"has-post-thumbnail","6":"product_cat-france","7":"product_cat-freelancer","8":"product_cat-paris","9":"desktop-align-left","10":"tablet-align-left","11":"mobile-align-left","13":"first","14":"instock","15":"shipping-taxable","16":"product-type-simple"},"_links":{"self":[{"href":"https:\/\/poccky.com\/index.php\/wp-json\/wp\/v2\/product\/353237","targetHints":{"allow":["GET"]}}],"collection":[{"href":"https:\/\/poccky.com\/index.php\/wp-json\/wp\/v2\/product"}],"about":[{"href":"https:\/\/poccky.com\/index.php\/wp-json\/wp\/v2\/types\/product"}],"replies":[{"embeddable":true,"href":"https:\/\/poccky.com\/index.php\/wp-json\/wp\/v2\/comments?post=353237"}],"wp:featuredmedia":[{"embeddable":true,"href":"https:\/\/poccky.com\/index.php\/wp-json\/wp\/v2\/media\/179761"}],"wp:attachment":[{"href":"https:\/\/poccky.com\/index.php\/wp-json\/wp\/v2\/media?parent=353237"}],"wp:term":[{"taxonomy":"product_brand","embeddable":true,"href":"https:\/\/poccky.com\/index.php\/wp-json\/wp\/v2\/product_brand?post=353237"},{"taxonomy":"product_cat","embeddable":true,"href":"https:\/\/poccky.com\/index.php\/wp-json\/wp\/v2\/product_cat?post=353237"},{"taxonomy":"product_tag","embeddable":true,"href":"https:\/\/poccky.com\/index.php\/wp-json\/wp\/v2\/product_tag?post=353237"}],"curies":[{"name":"wp","href":"https:\/\/api.w.org\/{rel}","templated":true}]}}