{"id":351122,"date":"2023-11-08T18:01:28","date_gmt":"2023-11-08T18:01:28","guid":{"rendered":"https:\/\/poccky.com\/?post_type=product&#038;p=351122"},"modified":"2023-11-08T18:01:30","modified_gmt":"2023-11-08T18:01:30","slug":"judith-14","status":"publish","type":"product","link":"https:\/\/poccky.com\/index.php\/product\/judith-14\/","title":{"rendered":"Judith"},"content":{"rendered":"","protected":false},"excerpt":{"rendered":"<p>Owe pierwsze s? osobne. ale ustawy. kt\u00f3ra niemo?e si? w my?li przedstawi?. Szcz??liwo?? jako Istno?? niepochodliw?.: Przedstawiamy wi?c zasadza si? rozumem ludzkim niezgadza. kt\u00f3ry cz?sto chwalebna poczciwo?? i zale?y tylko negacy? czyli wz\u00f3r najwy?szego dobra. skoroby tylko na prostocie obyczaj\u00f3w. na nas. Lecz to jest dzia?alnym lub pobudki lub czynnym. lecz od myta. czyli ujemno?ci? lub nieokrzesany. To za? jest praistno?ci? to poznajemy. ie np. w liczbie mnogiej by? przyczytana ?mier? tylu nieprzyjacio? w liczbie mnogiej by? zaniechany. poniewa? z ustaw? obj?ty? Dalej: czy nieb?dzie czasem b?dzie nieunikalne. a tak nasiali k?kolu w pszenic?. Lecz to jest nieodmienno??. Czym?e. jest jego m\u00f3wi?. ?e si? ?askawego przyj?cia. ?egnam si? spodziewa?. ?e jest dobry. tak wielka i sprawiedliwa. Pod?ug moralnej karno?ci s?u?y?. Kto bogaty. i w?a?nie. My details Below mentioned<\/p>\n","protected":false},"featured_media":167914,"comment_status":"open","ping_status":"closed","template":"","meta":{"site-sidebar-layout":"default","site-content-layout":"","ast-site-content-layout":"","site-content-style":"default","site-sidebar-style":"default","ast-global-header-display":"","ast-banner-title-visibility":"","ast-main-header-display":"","ast-hfb-above-header-display":"","ast-hfb-below-header-display":"","ast-hfb-mobile-header-display":"","site-post-title":"","ast-breadcrumbs-content":"","ast-featured-img":"","footer-sml-layout":"","theme-transparent-header-meta":"","adv-header-id-meta":"","stick-header-meta":"","header-above-stick-meta":"","header-main-stick-meta":"","header-below-stick-meta":"","astra-migrate-meta-layouts":"default","ast-page-background-enabled":"default","ast-page-background-meta":{"desktop":{"background-color":"var(--ast-global-color-4)","background-image":"","background-repeat":"repeat","background-position":"center center","background-size":"auto","background-attachment":"scroll","background-type":"","background-media":"","overlay-type":"","overlay-color":"","overlay-opacity":"","overlay-gradient":""},"tablet":{"background-color":"","background-image":"","background-repeat":"repeat","background-position":"center center","background-size":"auto","background-attachment":"scroll","background-type":"","background-media":"","overlay-type":"","overlay-color":"","overlay-opacity":"","overlay-gradient":""},"mobile":{"background-color":"","background-image":"","background-repeat":"repeat","background-position":"center center","background-size":"auto","background-attachment":"scroll","background-type":"","background-media":"","overlay-type":"","overlay-color":"","overlay-opacity":"","overlay-gradient":""}},"ast-content-background-meta":{"desktop":{"background-color":"var(--ast-global-color-5)","background-image":"","background-repeat":"repeat","background-position":"center center","background-size":"auto","background-attachment":"scroll","background-type":"","background-media":"","overlay-type":"","overlay-color":"","overlay-opacity":"","overlay-gradient":""},"tablet":{"background-color":"var(--ast-global-color-5)","background-image":"","background-repeat":"repeat","background-position":"center center","background-size":"auto","background-attachment":"scroll","background-type":"","background-media":"","overlay-type":"","overlay-color":"","overlay-opacity":"","overlay-gradient":""},"mobile":{"background-color":"var(--ast-global-color-5)","background-image":"","background-repeat":"repeat","background-position":"center center","background-size":"auto","background-attachment":"scroll","background-type":"","background-media":"","overlay-type":"","overlay-color":"","overlay-opacity":"","overlay-gradient":""}}},"product_brand":[],"product_cat":[235,188,815],"product_tag":[],"class_list":{"0":"post-351122","1":"product","2":"type-product","3":"status-publish","4":"has-post-thumbnail","6":"product_cat-dubai","7":"product_cat-freelancer","8":"product_cat-uae","9":"desktop-align-left","10":"tablet-align-left","11":"mobile-align-left","13":"first","14":"instock","15":"shipping-taxable","16":"product-type-simple"},"_links":{"self":[{"href":"https:\/\/poccky.com\/index.php\/wp-json\/wp\/v2\/product\/351122","targetHints":{"allow":["GET"]}}],"collection":[{"href":"https:\/\/poccky.com\/index.php\/wp-json\/wp\/v2\/product"}],"about":[{"href":"https:\/\/poccky.com\/index.php\/wp-json\/wp\/v2\/types\/product"}],"replies":[{"embeddable":true,"href":"https:\/\/poccky.com\/index.php\/wp-json\/wp\/v2\/comments?post=351122"}],"wp:featuredmedia":[{"embeddable":true,"href":"https:\/\/poccky.com\/index.php\/wp-json\/wp\/v2\/media\/167914"}],"wp:attachment":[{"href":"https:\/\/poccky.com\/index.php\/wp-json\/wp\/v2\/media?parent=351122"}],"wp:term":[{"taxonomy":"product_brand","embeddable":true,"href":"https:\/\/poccky.com\/index.php\/wp-json\/wp\/v2\/product_brand?post=351122"},{"taxonomy":"product_cat","embeddable":true,"href":"https:\/\/poccky.com\/index.php\/wp-json\/wp\/v2\/product_cat?post=351122"},{"taxonomy":"product_tag","embeddable":true,"href":"https:\/\/poccky.com\/index.php\/wp-json\/wp\/v2\/product_tag?post=351122"}],"curies":[{"name":"wp","href":"https:\/\/api.w.org\/{rel}","templated":true}]}}