{"id":350097,"date":"2023-11-08T11:09:07","date_gmt":"2023-11-08T11:09:07","guid":{"rendered":"https:\/\/poccky.com\/?post_type=product&#038;p=350097"},"modified":"2023-11-08T11:09:15","modified_gmt":"2023-11-08T11:09:15","slug":"strumpeband-2","status":"publish","type":"product","link":"https:\/\/poccky.com\/index.php\/product\/strumpeband-2\/","title":{"rendered":"Strumpeband"},"content":{"rendered":"","protected":false},"excerpt":{"rendered":"<p>Jag \u00e4r sexigt kl\u00e4dd n\u00e4r du kommer till mig med strumpor och strumpeband. min lilla kjol \u00e4r s\u00e5 kort att den knappt d\u00f6ljer min lilla rakade mus. mina br\u00f6st putar ut s\u00e5 sk\u00f6nt och mina v\u00e5rtor blir s\u00e5 styva . jag l\u00e5ter min tunga leka med din styva stake. jag slickar den sakta .sakta sen tar jag ett styvt tag och suger riktigt ordentligt. sugande sk\u00f6nt. du kan knappt h\u00e5lla di.G du vill spruta men jag stannar dig och b\u00f6rjar slicka din pun.G suger in dina kulor i min mun. Jag s\u00e4rar p\u00e5 mina ben och visar min rakade. v\u00e5ta fitta. l\u00e5t mig k\u00e4nna din tunga p\u00e5 min klitoris. slicka mig tills jag kvider av den befriande orgasmen du ger mig. L\u00e5t mig f\u00e5 k\u00e4nna din kuk i min fitta. knulla mig sk\u00f6nt<br \/>\nS\u00e5 sk\u00f6nt kan vi ha det n\u00e4r vi tr\u00e4ffas. har du andra \u00f6nskem\u00e5l s\u00e5 l\u00e5t mig veta<br \/>\nJag finns i norra Stockholms l\u00e4n<br \/>\nM\u00e5nga varma kramar Strumpeband<br \/>\nTel 0735844143<br \/>\nEndast incall<br \/>\n20 min 1000kr<br \/>\n30 min 1500 kr<br \/>\n60 min 2000 kr My details Below mentioned<\/p>\n<p>                Nationality:<br \/>\n                Swedish <\/p>\n<p>                Languages:<br \/>\n                Swedish<\/p>\n<p>                Age:<br \/>\n                49<\/p>\n<p>                Height:<br \/>\n                169<\/p>\n<p>                Weight:<br \/>\n                72<\/p>\n<p>                Hair:<br \/>\n                brun<\/p>\n<p>                Eyes:<br \/>\n                melerade<\/p>\n<p>                Measurements:<br \/>\n                D-kupaphone_call me Phone:<br \/>\n          0735844143<\/p>\n","protected":false},"featured_media":163789,"comment_status":"open","ping_status":"closed","template":"","meta":{"site-sidebar-layout":"default","site-content-layout":"","ast-site-content-layout":"","site-content-style":"default","site-sidebar-style":"default","ast-global-header-display":"","ast-banner-title-visibility":"","ast-main-header-display":"","ast-hfb-above-header-display":"","ast-hfb-below-header-display":"","ast-hfb-mobile-header-display":"","site-post-title":"","ast-breadcrumbs-content":"","ast-featured-img":"","footer-sml-layout":"","theme-transparent-header-meta":"","adv-header-id-meta":"","stick-header-meta":"","header-above-stick-meta":"","header-main-stick-meta":"","header-below-stick-meta":"","astra-migrate-meta-layouts":"default","ast-page-background-enabled":"default","ast-page-background-meta":{"desktop":{"background-color":"var(--ast-global-color-4)","background-image":"","background-repeat":"repeat","background-position":"center center","background-size":"auto","background-attachment":"scroll","background-type":"","background-media":"","overlay-type":"","overlay-color":"","overlay-opacity":"","overlay-gradient":""},"tablet":{"background-color":"","background-image":"","background-repeat":"repeat","background-position":"center center","background-size":"auto","background-attachment":"scroll","background-type":"","background-media":"","overlay-type":"","overlay-color":"","overlay-opacity":"","overlay-gradient":""},"mobile":{"background-color":"","background-image":"","background-repeat":"repeat","background-position":"center center","background-size":"auto","background-attachment":"scroll","background-type":"","background-media":"","overlay-type":"","overlay-color":"","overlay-opacity":"","overlay-gradient":""}},"ast-content-background-meta":{"desktop":{"background-color":"var(--ast-global-color-5)","background-image":"","background-repeat":"repeat","background-position":"center center","background-size":"auto","background-attachment":"scroll","background-type":"","background-media":"","overlay-type":"","overlay-color":"","overlay-opacity":"","overlay-gradient":""},"tablet":{"background-color":"var(--ast-global-color-5)","background-image":"","background-repeat":"repeat","background-position":"center center","background-size":"auto","background-attachment":"scroll","background-type":"","background-media":"","overlay-type":"","overlay-color":"","overlay-opacity":"","overlay-gradient":""},"mobile":{"background-color":"var(--ast-global-color-5)","background-image":"","background-repeat":"repeat","background-position":"center center","background-size":"auto","background-attachment":"scroll","background-type":"","background-media":"","overlay-type":"","overlay-color":"","overlay-opacity":"","overlay-gradient":""}}},"product_brand":[],"product_cat":[188,1115,957],"product_tag":[],"class_list":{"0":"post-350097","1":"product","2":"type-product","3":"status-publish","4":"has-post-thumbnail","6":"product_cat-freelancer","7":"product_cat-stockholm","8":"product_cat-sweden","9":"desktop-align-left","10":"tablet-align-left","11":"mobile-align-left","13":"first","14":"instock","15":"shipping-taxable","16":"product-type-simple"},"_links":{"self":[{"href":"https:\/\/poccky.com\/index.php\/wp-json\/wp\/v2\/product\/350097","targetHints":{"allow":["GET"]}}],"collection":[{"href":"https:\/\/poccky.com\/index.php\/wp-json\/wp\/v2\/product"}],"about":[{"href":"https:\/\/poccky.com\/index.php\/wp-json\/wp\/v2\/types\/product"}],"replies":[{"embeddable":true,"href":"https:\/\/poccky.com\/index.php\/wp-json\/wp\/v2\/comments?post=350097"}],"wp:featuredmedia":[{"embeddable":true,"href":"https:\/\/poccky.com\/index.php\/wp-json\/wp\/v2\/media\/163789"}],"wp:attachment":[{"href":"https:\/\/poccky.com\/index.php\/wp-json\/wp\/v2\/media?parent=350097"}],"wp:term":[{"taxonomy":"product_brand","embeddable":true,"href":"https:\/\/poccky.com\/index.php\/wp-json\/wp\/v2\/product_brand?post=350097"},{"taxonomy":"product_cat","embeddable":true,"href":"https:\/\/poccky.com\/index.php\/wp-json\/wp\/v2\/product_cat?post=350097"},{"taxonomy":"product_tag","embeddable":true,"href":"https:\/\/poccky.com\/index.php\/wp-json\/wp\/v2\/product_tag?post=350097"}],"curies":[{"name":"wp","href":"https:\/\/api.w.org\/{rel}","templated":true}]}}