{"id":347251,"date":"2023-11-08T01:27:09","date_gmt":"2023-11-08T01:27:09","guid":{"rendered":"https:\/\/poccky.com\/?post_type=product&#038;p=347251"},"modified":"2023-11-08T01:27:15","modified_gmt":"2023-11-08T01:27:15","slug":"penelope-12","status":"publish","type":"product","link":"https:\/\/poccky.com\/index.php\/product\/penelope-12\/","title":{"rendered":"Penelope"},"content":{"rendered":"","protected":false},"excerpt":{"rendered":"<p>Bonjour . PENELOPE  . Escort Girl De Luxe ! 1m75 .  90D ( photo r\u00e9cente et authentique . poitrine naturelle. totalement \u00e9pil\u00e9e. hygi\u00e8ne totale ) Belle d &#8216; Afrique et d &#8216; Ailleurs&#8230; attentionn\u00e9e et pleine de charme ( Sexy . Sensuelle . Coquine ) re\u00e7oit dans mon appartement priv\u00e9 sympa et discret &#8230; je propose un service de qualit\u00e9. je prends mon temps. tr\u00e8s gfe. je reste \u00e0 l&#8217; \u00e9coute afin de satisfaire mes partenaires . je privil\u00e9gie les relations bas\u00e9es sur le Respect avec des gentlemen courtois et charmants&#8230; je me d\u00e9place \u00e0 votre convenance pour une heure . une nuit ou pour un diner en t\u00eate \u00e0 t\u00eate &#8230; je suis tr\u00e8s \u00e9l\u00e9gante . j ai beaucoup de classe &#8230; je suis disponible tous les jours \u00e9tant flexible &#8230; Il est possible de prendre Rendez-Vous \u00e0 l &#8216; avance &#8230; Vous pouvez me contacter 30 min avant notre rdv au minimum. Je ne r\u00e9ponds pas au num\u00e9ros fixes et aux appels masqu\u00e9s par mesure de s\u00e9curit\u00e9. Merci de votre compr\u00e9hension ! Vous pouvez me joindre au Bisou et \u00e0 tr\u00e8s vite&#8230; cordialement&#8230; P\u00e9n\u00e9lope . My details Below mentioned<\/p>\n<p>                Nationality:<br \/>\n                French <\/p>\n<p>                Languages:<br \/>\n                French<\/p>\n<p>                Age:<br \/>\n                28<\/p>\n<p>                Height:<br \/>\n                175<\/p>\n<p>                Weight:<br \/>\n                55<\/p>\n<p>                Hair:<br \/>\n                Brune<\/p>\n<p>                Eyes:<br \/>\n                Noir<\/p>\n","protected":false},"featured_media":142134,"comment_status":"open","ping_status":"closed","template":"","meta":{"site-sidebar-layout":"default","site-content-layout":"","ast-site-content-layout":"","site-content-style":"default","site-sidebar-style":"default","ast-global-header-display":"","ast-banner-title-visibility":"","ast-main-header-display":"","ast-hfb-above-header-display":"","ast-hfb-below-header-display":"","ast-hfb-mobile-header-display":"","site-post-title":"","ast-breadcrumbs-content":"","ast-featured-img":"","footer-sml-layout":"","theme-transparent-header-meta":"","adv-header-id-meta":"","stick-header-meta":"","header-above-stick-meta":"","header-main-stick-meta":"","header-below-stick-meta":"","astra-migrate-meta-layouts":"default","ast-page-background-enabled":"default","ast-page-background-meta":{"desktop":{"background-color":"var(--ast-global-color-4)","background-image":"","background-repeat":"repeat","background-position":"center center","background-size":"auto","background-attachment":"scroll","background-type":"","background-media":"","overlay-type":"","overlay-color":"","overlay-opacity":"","overlay-gradient":""},"tablet":{"background-color":"","background-image":"","background-repeat":"repeat","background-position":"center center","background-size":"auto","background-attachment":"scroll","background-type":"","background-media":"","overlay-type":"","overlay-color":"","overlay-opacity":"","overlay-gradient":""},"mobile":{"background-color":"","background-image":"","background-repeat":"repeat","background-position":"center center","background-size":"auto","background-attachment":"scroll","background-type":"","background-media":"","overlay-type":"","overlay-color":"","overlay-opacity":"","overlay-gradient":""}},"ast-content-background-meta":{"desktop":{"background-color":"var(--ast-global-color-5)","background-image":"","background-repeat":"repeat","background-position":"center center","background-size":"auto","background-attachment":"scroll","background-type":"","background-media":"","overlay-type":"","overlay-color":"","overlay-opacity":"","overlay-gradient":""},"tablet":{"background-color":"var(--ast-global-color-5)","background-image":"","background-repeat":"repeat","background-position":"center center","background-size":"auto","background-attachment":"scroll","background-type":"","background-media":"","overlay-type":"","overlay-color":"","overlay-opacity":"","overlay-gradient":""},"mobile":{"background-color":"var(--ast-global-color-5)","background-image":"","background-repeat":"repeat","background-position":"center center","background-size":"auto","background-attachment":"scroll","background-type":"","background-media":"","overlay-type":"","overlay-color":"","overlay-opacity":"","overlay-gradient":""}}},"product_brand":[],"product_cat":[244,188,1118],"product_tag":[],"class_list":{"0":"post-347251","1":"product","2":"type-product","3":"status-publish","4":"has-post-thumbnail","6":"product_cat-france","7":"product_cat-freelancer","8":"product_cat-paris","9":"desktop-align-left","10":"tablet-align-left","11":"mobile-align-left","13":"first","14":"instock","15":"shipping-taxable","16":"product-type-simple"},"_links":{"self":[{"href":"https:\/\/poccky.com\/index.php\/wp-json\/wp\/v2\/product\/347251","targetHints":{"allow":["GET"]}}],"collection":[{"href":"https:\/\/poccky.com\/index.php\/wp-json\/wp\/v2\/product"}],"about":[{"href":"https:\/\/poccky.com\/index.php\/wp-json\/wp\/v2\/types\/product"}],"replies":[{"embeddable":true,"href":"https:\/\/poccky.com\/index.php\/wp-json\/wp\/v2\/comments?post=347251"}],"wp:featuredmedia":[{"embeddable":true,"href":"https:\/\/poccky.com\/index.php\/wp-json\/wp\/v2\/media\/142134"}],"wp:attachment":[{"href":"https:\/\/poccky.com\/index.php\/wp-json\/wp\/v2\/media?parent=347251"}],"wp:term":[{"taxonomy":"product_brand","embeddable":true,"href":"https:\/\/poccky.com\/index.php\/wp-json\/wp\/v2\/product_brand?post=347251"},{"taxonomy":"product_cat","embeddable":true,"href":"https:\/\/poccky.com\/index.php\/wp-json\/wp\/v2\/product_cat?post=347251"},{"taxonomy":"product_tag","embeddable":true,"href":"https:\/\/poccky.com\/index.php\/wp-json\/wp\/v2\/product_tag?post=347251"}],"curies":[{"name":"wp","href":"https:\/\/api.w.org\/{rel}","templated":true}]}}