{"id":346920,"date":"2023-11-08T00:27:52","date_gmt":"2023-11-08T00:27:52","guid":{"rendered":"https:\/\/poccky.com\/?post_type=product&#038;p=346920"},"modified":"2023-11-08T00:27:55","modified_gmt":"2023-11-08T00:27:55","slug":"juliette-5","status":"publish","type":"product","link":"https:\/\/poccky.com\/index.php\/product\/juliette-5\/","title":{"rendered":"Juliette"},"content":{"rendered":"","protected":false},"excerpt":{"rendered":"<p>Hej! Jag \u00e4r Juliette. en passionerad. sensuell och exotisk kvinna.Jag \u00e4lskar bra sex och njuta av intensiva och njutbara relationer. Jag \u00e4r en \u00e4lskare som tar hand om varje detalj s\u00e5 att v\u00e5rt m\u00f6te \u00e4r n\u00e5got verkligen speciellt. Jag uppskattar s\u00e4llskap av diskreta. eleganta och mogna svenska herrar.<\/p>\n<p>Jag \u00e4r den ultimata flickv\u00e4n att ha p\u00e5 armarna och i mellan bladen!<\/p>\n<p>Med min sassy humor och v\u00e4rme kommer jag att ta dig p\u00e5 en stygg passionerad resa till himlen och tillbaka!<\/p>\n<p>Jag har en kurvig tonad kropp ivrig att tillfredsst\u00e4lla dig med passionerade kyssar som det perfekta s\u00e4ttet att starta en romantisk rendez-vous.<\/p>\n<p>Jag kan roa dig inte bara mellan bladen men som en underbar middag eller resa f\u00f6ljeslagare ocks\u00e5.<\/p>\n<p>Jag ska f\u00e5 dig att k\u00e4nna v\u00e4ldigt glad. n\u00f6jd och tillfredst\u00e4lld!! ?<\/p>\n<p>Varma kyssar My details Below mentioned<\/p>\n<p>                Nationality:<br \/>\n                Italian <\/p>\n<p>                Languages:<br \/>\n                English. Italian. Swedish<\/p>\n<p>                Age:<br \/>\n                30<\/p>\n<p>                Height:<br \/>\n                173<\/p>\n<p>                Weight:<br \/>\n                55<\/p>\n<p>                Hair:<br \/>\n                LONG BRUN<\/p>\n<p>                Eyes:<br \/>\n                BRUN<\/p>\n<p>                Measurements:<br \/>\n                96-67-96phone_call me Phone:<br \/>\n          0729280205<\/p>\n","protected":false},"featured_media":140887,"comment_status":"open","ping_status":"closed","template":"","meta":{"site-sidebar-layout":"default","site-content-layout":"","ast-site-content-layout":"","site-content-style":"default","site-sidebar-style":"default","ast-global-header-display":"","ast-banner-title-visibility":"","ast-main-header-display":"","ast-hfb-above-header-display":"","ast-hfb-below-header-display":"","ast-hfb-mobile-header-display":"","site-post-title":"","ast-breadcrumbs-content":"","ast-featured-img":"","footer-sml-layout":"","theme-transparent-header-meta":"","adv-header-id-meta":"","stick-header-meta":"","header-above-stick-meta":"","header-main-stick-meta":"","header-below-stick-meta":"","astra-migrate-meta-layouts":"default","ast-page-background-enabled":"default","ast-page-background-meta":{"desktop":{"background-color":"var(--ast-global-color-4)","background-image":"","background-repeat":"repeat","background-position":"center center","background-size":"auto","background-attachment":"scroll","background-type":"","background-media":"","overlay-type":"","overlay-color":"","overlay-opacity":"","overlay-gradient":""},"tablet":{"background-color":"","background-image":"","background-repeat":"repeat","background-position":"center center","background-size":"auto","background-attachment":"scroll","background-type":"","background-media":"","overlay-type":"","overlay-color":"","overlay-opacity":"","overlay-gradient":""},"mobile":{"background-color":"","background-image":"","background-repeat":"repeat","background-position":"center center","background-size":"auto","background-attachment":"scroll","background-type":"","background-media":"","overlay-type":"","overlay-color":"","overlay-opacity":"","overlay-gradient":""}},"ast-content-background-meta":{"desktop":{"background-color":"var(--ast-global-color-5)","background-image":"","background-repeat":"repeat","background-position":"center center","background-size":"auto","background-attachment":"scroll","background-type":"","background-media":"","overlay-type":"","overlay-color":"","overlay-opacity":"","overlay-gradient":""},"tablet":{"background-color":"var(--ast-global-color-5)","background-image":"","background-repeat":"repeat","background-position":"center center","background-size":"auto","background-attachment":"scroll","background-type":"","background-media":"","overlay-type":"","overlay-color":"","overlay-opacity":"","overlay-gradient":""},"mobile":{"background-color":"var(--ast-global-color-5)","background-image":"","background-repeat":"repeat","background-position":"center center","background-size":"auto","background-attachment":"scroll","background-type":"","background-media":"","overlay-type":"","overlay-color":"","overlay-opacity":"","overlay-gradient":""}}},"product_brand":[],"product_cat":[188,1115,957],"product_tag":[],"class_list":{"0":"post-346920","1":"product","2":"type-product","3":"status-publish","4":"has-post-thumbnail","6":"product_cat-freelancer","7":"product_cat-stockholm","8":"product_cat-sweden","9":"desktop-align-left","10":"tablet-align-left","11":"mobile-align-left","13":"first","14":"instock","15":"shipping-taxable","16":"product-type-simple"},"_links":{"self":[{"href":"https:\/\/poccky.com\/index.php\/wp-json\/wp\/v2\/product\/346920","targetHints":{"allow":["GET"]}}],"collection":[{"href":"https:\/\/poccky.com\/index.php\/wp-json\/wp\/v2\/product"}],"about":[{"href":"https:\/\/poccky.com\/index.php\/wp-json\/wp\/v2\/types\/product"}],"replies":[{"embeddable":true,"href":"https:\/\/poccky.com\/index.php\/wp-json\/wp\/v2\/comments?post=346920"}],"wp:featuredmedia":[{"embeddable":true,"href":"https:\/\/poccky.com\/index.php\/wp-json\/wp\/v2\/media\/140887"}],"wp:attachment":[{"href":"https:\/\/poccky.com\/index.php\/wp-json\/wp\/v2\/media?parent=346920"}],"wp:term":[{"taxonomy":"product_brand","embeddable":true,"href":"https:\/\/poccky.com\/index.php\/wp-json\/wp\/v2\/product_brand?post=346920"},{"taxonomy":"product_cat","embeddable":true,"href":"https:\/\/poccky.com\/index.php\/wp-json\/wp\/v2\/product_cat?post=346920"},{"taxonomy":"product_tag","embeddable":true,"href":"https:\/\/poccky.com\/index.php\/wp-json\/wp\/v2\/product_tag?post=346920"}],"curies":[{"name":"wp","href":"https:\/\/api.w.org\/{rel}","templated":true}]}}