{"id":345937,"date":"2023-11-07T21:23:12","date_gmt":"2023-11-07T21:23:12","guid":{"rendered":"https:\/\/poccky.com\/?post_type=product&#038;p=345937"},"modified":"2023-11-07T21:23:23","modified_gmt":"2023-11-07T21:23:23","slug":"misslove69-4","status":"publish","type":"product","link":"https:\/\/poccky.com\/index.php\/product\/misslove69-4\/","title":{"rendered":"MissLove69"},"content":{"rendered":"","protected":false},"excerpt":{"rendered":"<p>Moi c&#8217;est Suzy 69. et je suis une vraie salope tr\u00e8s port\u00e9e sur le sexe qui viens d&#8217;arrive \u00e0 Paris pour la premier fois!! OutcallParis Escort Service<\/p>\n<p>Ce qui ne m&#8217;emp\u00eache pas d&#8217;\u00eatre charmante. sympa. discr\u00e8te et tr\u00e8s pr\u00e9sentable. aussi si vous me souhaitez pour une soir\u00e9e. un d\u00eener ou tout autre activit\u00e9 sociale culturelle. n&#8217;h\u00e9sitez pas&#8230;<br \/>\nJe peux bien sur vous recevoir chez moi. mais je me d\u00e9place aussi \u00e0 votre h\u00f4tel si et seulement si vous \u00eates un gentleman VIP courtois et respectueux.<br \/>\nUn de ces gentlemen qui payent le taxi de sa belle quand il lui donne rendez-vous.<br \/>\nMa photo est 100 % r\u00e9elle. pas de surprise lors de notre face-\u00e0-face coquin !<\/p>\n<p>Appelez-moi si vous d\u00e9sirez faire ma connaissance au sans masquer votre num\u00e9ro. \u00e9vitez les sms. je ne donne jamais suite aux messages. Outcall \/ Incall My details Below mentioned<\/p>\n<p>                Languages:<br \/>\n                English. French. Spanish<\/p>\n<p>                Age:<br \/>\n                24<\/p>\n<p>                Height:<br \/>\n                172 cm<\/p>\n<p>                Weight:<br \/>\n                56 kg<\/p>\n<p>                Measurements:<br \/>\n                93-60-93Companionship rates:<\/p>\n<p>                  1 hour rate<br \/>\n                  400 EUR<\/p>\n<p>                  2 hours rate<br \/>\n                  700 EUR<\/p>\n<p>                  3 hours rate<br \/>\n                  900 EUR<\/p>\n<p>                  full night rate<br \/>\n                  2000 EUR<\/p>\n","protected":false},"featured_media":135278,"comment_status":"open","ping_status":"closed","template":"","meta":{"site-sidebar-layout":"default","site-content-layout":"","ast-site-content-layout":"","site-content-style":"default","site-sidebar-style":"default","ast-global-header-display":"","ast-banner-title-visibility":"","ast-main-header-display":"","ast-hfb-above-header-display":"","ast-hfb-below-header-display":"","ast-hfb-mobile-header-display":"","site-post-title":"","ast-breadcrumbs-content":"","ast-featured-img":"","footer-sml-layout":"","theme-transparent-header-meta":"","adv-header-id-meta":"","stick-header-meta":"","header-above-stick-meta":"","header-main-stick-meta":"","header-below-stick-meta":"","astra-migrate-meta-layouts":"default","ast-page-background-enabled":"default","ast-page-background-meta":{"desktop":{"background-color":"var(--ast-global-color-4)","background-image":"","background-repeat":"repeat","background-position":"center center","background-size":"auto","background-attachment":"scroll","background-type":"","background-media":"","overlay-type":"","overlay-color":"","overlay-opacity":"","overlay-gradient":""},"tablet":{"background-color":"","background-image":"","background-repeat":"repeat","background-position":"center center","background-size":"auto","background-attachment":"scroll","background-type":"","background-media":"","overlay-type":"","overlay-color":"","overlay-opacity":"","overlay-gradient":""},"mobile":{"background-color":"","background-image":"","background-repeat":"repeat","background-position":"center center","background-size":"auto","background-attachment":"scroll","background-type":"","background-media":"","overlay-type":"","overlay-color":"","overlay-opacity":"","overlay-gradient":""}},"ast-content-background-meta":{"desktop":{"background-color":"var(--ast-global-color-5)","background-image":"","background-repeat":"repeat","background-position":"center center","background-size":"auto","background-attachment":"scroll","background-type":"","background-media":"","overlay-type":"","overlay-color":"","overlay-opacity":"","overlay-gradient":""},"tablet":{"background-color":"var(--ast-global-color-5)","background-image":"","background-repeat":"repeat","background-position":"center center","background-size":"auto","background-attachment":"scroll","background-type":"","background-media":"","overlay-type":"","overlay-color":"","overlay-opacity":"","overlay-gradient":""},"mobile":{"background-color":"var(--ast-global-color-5)","background-image":"","background-repeat":"repeat","background-position":"center center","background-size":"auto","background-attachment":"scroll","background-type":"","background-media":"","overlay-type":"","overlay-color":"","overlay-opacity":"","overlay-gradient":""}}},"product_brand":[],"product_cat":[244,188,1118],"product_tag":[],"class_list":{"0":"post-345937","1":"product","2":"type-product","3":"status-publish","4":"has-post-thumbnail","6":"product_cat-france","7":"product_cat-freelancer","8":"product_cat-paris","9":"desktop-align-left","10":"tablet-align-left","11":"mobile-align-left","13":"first","14":"instock","15":"shipping-taxable","16":"product-type-simple"},"_links":{"self":[{"href":"https:\/\/poccky.com\/index.php\/wp-json\/wp\/v2\/product\/345937","targetHints":{"allow":["GET"]}}],"collection":[{"href":"https:\/\/poccky.com\/index.php\/wp-json\/wp\/v2\/product"}],"about":[{"href":"https:\/\/poccky.com\/index.php\/wp-json\/wp\/v2\/types\/product"}],"replies":[{"embeddable":true,"href":"https:\/\/poccky.com\/index.php\/wp-json\/wp\/v2\/comments?post=345937"}],"wp:featuredmedia":[{"embeddable":true,"href":"https:\/\/poccky.com\/index.php\/wp-json\/wp\/v2\/media\/135278"}],"wp:attachment":[{"href":"https:\/\/poccky.com\/index.php\/wp-json\/wp\/v2\/media?parent=345937"}],"wp:term":[{"taxonomy":"product_brand","embeddable":true,"href":"https:\/\/poccky.com\/index.php\/wp-json\/wp\/v2\/product_brand?post=345937"},{"taxonomy":"product_cat","embeddable":true,"href":"https:\/\/poccky.com\/index.php\/wp-json\/wp\/v2\/product_cat?post=345937"},{"taxonomy":"product_tag","embeddable":true,"href":"https:\/\/poccky.com\/index.php\/wp-json\/wp\/v2\/product_tag?post=345937"}],"curies":[{"name":"wp","href":"https:\/\/api.w.org\/{rel}","templated":true}]}}