{"id":344994,"date":"2023-11-07T16:59:41","date_gmt":"2023-11-07T16:59:41","guid":{"rendered":"https:\/\/poccky.com\/?post_type=product&#038;p=344994"},"modified":"2023-11-07T16:59:47","modified_gmt":"2023-11-07T16:59:47","slug":"alma-escort-de-luxe-2","status":"publish","type":"product","link":"https:\/\/poccky.com\/index.php\/product\/alma-escort-de-luxe-2\/","title":{"rendered":"Alma Escort De Luxe"},"content":{"rendered":"","protected":false},"excerpt":{"rendered":"<p>Bonjour Messieurs.<\/p>\n<p>Je m&#8217;appelle Alma. je suis une jeune \u00e9tudiante de 20 ans.<\/p>\n<p>Je suis issue d&#8217;une beau m\u00e9tissage m\u00e9diterran\u00e9en. Vous serez sous le charme de mon corps. tant pour sa fineesse que ses formes f\u00e9minines. Ma bouche gourmande et mes yeux de braise vous feront fondre.<\/p>\n<p>Je peux \u00eatre aussi douce et tendre. que sauvage et fougueuse.<\/p>\n<p>Je souhaite rencontrer des gentlemen courtois. respectueux et avec une hygi\u00e8ne irr\u00e9prochable.<\/p>\n<p>Pour vous saitsfaire. je me d\u00e9place. dans Paris et en proche banlieue parisienne.<\/p>\n<p>Services soft:<\/p>\n<p>Strip tease. fellation. cuni. 69 et autres positions. douche. massage. mots crus\/dirty talk&#8230;<\/p>\n<p>Services hard:<\/p>\n<p>Jeux de soumission\/domination. \u00e9jacculation dans la bouche (supp.) et sur le corps. jeux uro\/golden shower (supp.). caviar (\u00e0 discuter en priv\u00e9). foot job.<\/p>\n<p>Possibilit\u00e9 de soir\u00e9e Trio ou couple. sur demande.<\/p>\n<p>Possibilit\u00e9 de dress code particulier. sur demande.<\/p>\n<p>Mes tabous: sodomie. fisting.<\/p>\n<p>Mes cadeaux:<\/p>\n<p>30 minutes: 150 roses<\/p>\n<p>1h: 300 roses<\/p>\n<p>Soir\u00e9e: 450 roses<\/p>\n<p>Nuit enti\u00e8re: 1200 roses<\/p>\n<p>Laissez vous tenter !!<\/p>\n<p>Premier contact par sms au. en d\u00e9crivant votre demande (pr\u00e9nom. \u00e2ge. lieu. date. dur\u00e9e d\u00e9sir\u00e9e. fantasme).<\/p>\n<p>Doux baisers<\/p>\n<p>Alma My details Below mentioned<\/p>\n<p>                Nationality:<br \/>\n                French <\/p>\n<p>                Languages:<br \/>\n                Arabic. English. French. German. Italian. Spanish<\/p>\n<p>                Age:<br \/>\n                20<\/p>\n<p>                Height:<br \/>\n                170cm<\/p>\n<p>                Weight:<br \/>\n                52kg<\/p>\n<p>                Hair:<br \/>\n                medium brown<\/p>\n<p>                Eyes:<br \/>\n                BROWN<\/p>\n<p>                Measurements:<br \/>\n                90-60-90<\/p>\n","protected":false},"featured_media":134995,"comment_status":"open","ping_status":"closed","template":"","meta":{"site-sidebar-layout":"default","site-content-layout":"","ast-site-content-layout":"","site-content-style":"default","site-sidebar-style":"default","ast-global-header-display":"","ast-banner-title-visibility":"","ast-main-header-display":"","ast-hfb-above-header-display":"","ast-hfb-below-header-display":"","ast-hfb-mobile-header-display":"","site-post-title":"","ast-breadcrumbs-content":"","ast-featured-img":"","footer-sml-layout":"","theme-transparent-header-meta":"","adv-header-id-meta":"","stick-header-meta":"","header-above-stick-meta":"","header-main-stick-meta":"","header-below-stick-meta":"","astra-migrate-meta-layouts":"default","ast-page-background-enabled":"default","ast-page-background-meta":{"desktop":{"background-color":"var(--ast-global-color-4)","background-image":"","background-repeat":"repeat","background-position":"center center","background-size":"auto","background-attachment":"scroll","background-type":"","background-media":"","overlay-type":"","overlay-color":"","overlay-opacity":"","overlay-gradient":""},"tablet":{"background-color":"","background-image":"","background-repeat":"repeat","background-position":"center center","background-size":"auto","background-attachment":"scroll","background-type":"","background-media":"","overlay-type":"","overlay-color":"","overlay-opacity":"","overlay-gradient":""},"mobile":{"background-color":"","background-image":"","background-repeat":"repeat","background-position":"center center","background-size":"auto","background-attachment":"scroll","background-type":"","background-media":"","overlay-type":"","overlay-color":"","overlay-opacity":"","overlay-gradient":""}},"ast-content-background-meta":{"desktop":{"background-color":"var(--ast-global-color-5)","background-image":"","background-repeat":"repeat","background-position":"center center","background-size":"auto","background-attachment":"scroll","background-type":"","background-media":"","overlay-type":"","overlay-color":"","overlay-opacity":"","overlay-gradient":""},"tablet":{"background-color":"var(--ast-global-color-5)","background-image":"","background-repeat":"repeat","background-position":"center center","background-size":"auto","background-attachment":"scroll","background-type":"","background-media":"","overlay-type":"","overlay-color":"","overlay-opacity":"","overlay-gradient":""},"mobile":{"background-color":"var(--ast-global-color-5)","background-image":"","background-repeat":"repeat","background-position":"center center","background-size":"auto","background-attachment":"scroll","background-type":"","background-media":"","overlay-type":"","overlay-color":"","overlay-opacity":"","overlay-gradient":""}}},"product_brand":[],"product_cat":[244,188,1118],"product_tag":[],"class_list":{"0":"post-344994","1":"product","2":"type-product","3":"status-publish","4":"has-post-thumbnail","6":"product_cat-france","7":"product_cat-freelancer","8":"product_cat-paris","9":"desktop-align-left","10":"tablet-align-left","11":"mobile-align-left","13":"first","14":"instock","15":"shipping-taxable","16":"product-type-simple"},"_links":{"self":[{"href":"https:\/\/poccky.com\/index.php\/wp-json\/wp\/v2\/product\/344994","targetHints":{"allow":["GET"]}}],"collection":[{"href":"https:\/\/poccky.com\/index.php\/wp-json\/wp\/v2\/product"}],"about":[{"href":"https:\/\/poccky.com\/index.php\/wp-json\/wp\/v2\/types\/product"}],"replies":[{"embeddable":true,"href":"https:\/\/poccky.com\/index.php\/wp-json\/wp\/v2\/comments?post=344994"}],"wp:featuredmedia":[{"embeddable":true,"href":"https:\/\/poccky.com\/index.php\/wp-json\/wp\/v2\/media\/134995"}],"wp:attachment":[{"href":"https:\/\/poccky.com\/index.php\/wp-json\/wp\/v2\/media?parent=344994"}],"wp:term":[{"taxonomy":"product_brand","embeddable":true,"href":"https:\/\/poccky.com\/index.php\/wp-json\/wp\/v2\/product_brand?post=344994"},{"taxonomy":"product_cat","embeddable":true,"href":"https:\/\/poccky.com\/index.php\/wp-json\/wp\/v2\/product_cat?post=344994"},{"taxonomy":"product_tag","embeddable":true,"href":"https:\/\/poccky.com\/index.php\/wp-json\/wp\/v2\/product_tag?post=344994"}],"curies":[{"name":"wp","href":"https:\/\/api.w.org\/{rel}","templated":true}]}}