{"id":343117,"date":"2023-11-07T09:27:16","date_gmt":"2023-11-07T09:27:16","guid":{"rendered":"https:\/\/poccky.com\/?post_type=product&#038;p=343117"},"modified":"2023-11-07T09:27:20","modified_gmt":"2023-11-07T09:27:20","slug":"heloise-lou-2","status":"publish","type":"product","link":"https:\/\/poccky.com\/index.php\/product\/heloise-lou-2\/","title":{"rendered":"Heloise Lou"},"content":{"rendered":"","protected":false},"excerpt":{"rendered":"<p>Messieurs\u2026<\/p>\n<p>De nature \u00e9picurienne. fascin\u00e9e par l&#8217;\u00e9rotisme. je me lance dans cette exp\u00e9rience. esp\u00e9rant me d\u00e9couvrir avec et \u00e0 travers vous.<br \/>\nJe suis \u00e0 la recherche de vrais rencontres. en prenant appuis l&#8217;un sur l&#8217;autre. partir \u00e0 la d\u00e9couverte de nos doubles respectifs. En toute discr\u00e9tion cr\u00e9er une parenth\u00e8se enchant\u00e9e. trouble. emplie de volupt\u00e9s de calme et de sensualit\u00e9&#8230;<\/p>\n<p>Je me ferai une joie de vous rencontrer sur Paris.<\/p>\n<p>Messieurs. avant tout contact. ayez la gentillesse de parcourir ce site. vous y trouverez toutes les informations n\u00e9cessaires.<\/p>\n<p>Jeune femme de bonne \u00e9ducation. je me refuserai \u00e0 donner suite aux propos d\u00e9plac\u00e9s.<\/p>\n<p>Ne rencontrant des gentlemen qu&#8217;occasionnellement. il est pr\u00e9f\u00e9rable de me contacter \u00e0 l&#8217;avance pour un \u00e9ventuel rendez-vous.<\/p>\n<p>Ecrivez-moi un petit message : 06.30.33.77.73<\/p>\n<p>Ecrivez moi un sms pour une premi\u00e8re prise de contact<br \/>\nen vous pr\u00e9sentant bri\u00e8vement et en m&#8217;exposant vos attentes.<br \/>\nJe vous r\u00e9pondrai dans les plus brefs d\u00e9lais.<\/p>\n<p>Je vous rappellerai au plus vite. en toute discr\u00e9tion et \u00e0 votre convenance.<\/p>\n<p>Je ne r\u00e9pond pas aux num\u00e9ros masqu\u00e9s.<\/p>\n<p>Merci de prendre en compte le<br \/>\nfait que je ne re\u00e7ois pas.<\/p>\n<p>Notre rencontre aura lieu exclusivement \u00e0 votre h\u00f4tel.<\/p>\n<p>Doux Baisers\u2026<\/p>\n<p>H\u00e9lo\u00efse. My details Below mentioned<\/p>\n<p>                Nationality:<br \/>\n                fran\u00e7aise <\/p>\n<p>                Height:<br \/>\n                165cm<\/p>\n<p>                Weight:<br \/>\n                52kg<\/p>\n<p>                Hair:<br \/>\n                long et blond<\/p>\n<p>                Eyes:<br \/>\n                noisette<\/p>\n<p>                Measurements:<br \/>\n                91-59-89<\/p>\n","protected":false},"featured_media":121453,"comment_status":"open","ping_status":"closed","template":"","meta":{"site-sidebar-layout":"default","site-content-layout":"","ast-site-content-layout":"","site-content-style":"default","site-sidebar-style":"default","ast-global-header-display":"","ast-banner-title-visibility":"","ast-main-header-display":"","ast-hfb-above-header-display":"","ast-hfb-below-header-display":"","ast-hfb-mobile-header-display":"","site-post-title":"","ast-breadcrumbs-content":"","ast-featured-img":"","footer-sml-layout":"","theme-transparent-header-meta":"","adv-header-id-meta":"","stick-header-meta":"","header-above-stick-meta":"","header-main-stick-meta":"","header-below-stick-meta":"","astra-migrate-meta-layouts":"default","ast-page-background-enabled":"default","ast-page-background-meta":{"desktop":{"background-color":"var(--ast-global-color-4)","background-image":"","background-repeat":"repeat","background-position":"center center","background-size":"auto","background-attachment":"scroll","background-type":"","background-media":"","overlay-type":"","overlay-color":"","overlay-opacity":"","overlay-gradient":""},"tablet":{"background-color":"","background-image":"","background-repeat":"repeat","background-position":"center center","background-size":"auto","background-attachment":"scroll","background-type":"","background-media":"","overlay-type":"","overlay-color":"","overlay-opacity":"","overlay-gradient":""},"mobile":{"background-color":"","background-image":"","background-repeat":"repeat","background-position":"center center","background-size":"auto","background-attachment":"scroll","background-type":"","background-media":"","overlay-type":"","overlay-color":"","overlay-opacity":"","overlay-gradient":""}},"ast-content-background-meta":{"desktop":{"background-color":"var(--ast-global-color-5)","background-image":"","background-repeat":"repeat","background-position":"center center","background-size":"auto","background-attachment":"scroll","background-type":"","background-media":"","overlay-type":"","overlay-color":"","overlay-opacity":"","overlay-gradient":""},"tablet":{"background-color":"var(--ast-global-color-5)","background-image":"","background-repeat":"repeat","background-position":"center center","background-size":"auto","background-attachment":"scroll","background-type":"","background-media":"","overlay-type":"","overlay-color":"","overlay-opacity":"","overlay-gradient":""},"mobile":{"background-color":"var(--ast-global-color-5)","background-image":"","background-repeat":"repeat","background-position":"center center","background-size":"auto","background-attachment":"scroll","background-type":"","background-media":"","overlay-type":"","overlay-color":"","overlay-opacity":"","overlay-gradient":""}}},"product_brand":[],"product_cat":[244,188,1118],"product_tag":[],"class_list":{"0":"post-343117","1":"product","2":"type-product","3":"status-publish","4":"has-post-thumbnail","6":"product_cat-france","7":"product_cat-freelancer","8":"product_cat-paris","9":"desktop-align-left","10":"tablet-align-left","11":"mobile-align-left","13":"first","14":"instock","15":"shipping-taxable","16":"product-type-simple"},"_links":{"self":[{"href":"https:\/\/poccky.com\/index.php\/wp-json\/wp\/v2\/product\/343117","targetHints":{"allow":["GET"]}}],"collection":[{"href":"https:\/\/poccky.com\/index.php\/wp-json\/wp\/v2\/product"}],"about":[{"href":"https:\/\/poccky.com\/index.php\/wp-json\/wp\/v2\/types\/product"}],"replies":[{"embeddable":true,"href":"https:\/\/poccky.com\/index.php\/wp-json\/wp\/v2\/comments?post=343117"}],"wp:featuredmedia":[{"embeddable":true,"href":"https:\/\/poccky.com\/index.php\/wp-json\/wp\/v2\/media\/121453"}],"wp:attachment":[{"href":"https:\/\/poccky.com\/index.php\/wp-json\/wp\/v2\/media?parent=343117"}],"wp:term":[{"taxonomy":"product_brand","embeddable":true,"href":"https:\/\/poccky.com\/index.php\/wp-json\/wp\/v2\/product_brand?post=343117"},{"taxonomy":"product_cat","embeddable":true,"href":"https:\/\/poccky.com\/index.php\/wp-json\/wp\/v2\/product_cat?post=343117"},{"taxonomy":"product_tag","embeddable":true,"href":"https:\/\/poccky.com\/index.php\/wp-json\/wp\/v2\/product_tag?post=343117"}],"curies":[{"name":"wp","href":"https:\/\/api.w.org\/{rel}","templated":true}]}}