{"id":342839,"date":"2023-11-07T08:34:04","date_gmt":"2023-11-07T08:34:04","guid":{"rendered":"https:\/\/poccky.com\/?post_type=product&#038;p=342839"},"modified":"2023-11-07T08:34:13","modified_gmt":"2023-11-07T08:34:13","slug":"jazze-2","status":"publish","type":"product","link":"https:\/\/poccky.com\/index.php\/product\/jazze-2\/","title":{"rendered":"Jazze"},"content":{"rendered":"","protected":false},"excerpt":{"rendered":"<p>JE NE FAIS QUE DES D\u00c9PLACEMENTS.<br \/>\nMERCI DE ME JOINDRE UNIQUEMENT POUR PRENDRE RENDEZ-VOUS.<\/p>\n<p>Je suis une jeune femme \u00e0 la beaut\u00e9 naturelle et raffin\u00e9e avec un visage plus que charmant : des traits fins et harmonieux. une bouche gourmande. un regard d&#8217;une couleur unique. un physique de mod\u00e8le. je suis naturellement grande et fine.<br \/>\nJe suis dot\u00e9e d\u2019un physique atypique : 23 ans. 1m76 de douceur absolue pour 56 kg de bonheur. des jambes interminables. un corps que l\u2019on r\u00eave de toucher et caresser. nu ou v\u00eatu.<\/p>\n<p>J\u2019aime les hommes aimant le raffinement ainsi que le bien-\u00eatre en toute discr\u00e9tion. J\u2019appr\u00e9cie par-dessus tout. les hommes exigeants et s\u00e9lectifs avec qui je pourrais partager confidences et moments complices. avec lesquels il est possible de d\u00e9clencher cette sorte de complicit\u00e9 qui fait qu\u2019une relation devient particuli\u00e8re et unique pour partager un moment sensuel entre adultes consentants. courtois. discrets. d\u00e9contract\u00e9s. g\u00e9n\u00e9reux.<\/p>\n<p>Si vous souhaitez vivre plus qu\u2019un acte sexuel m\u00e9canique avec une jolie jeune femme. et si vous \u00eates \u00e0 la recherche d\u2019une belle rencontre ou la qualit\u00e9 de l\u2019\u00e9change sera proche du naturel. je ferais en sorte que la magie op\u00e8re entre nous. De plus. elle sera d&#8217;une discr\u00e9tion et dans une confidentialit\u00e9 absolue r\u00e9ciproque. Raison pour laquelle mon visage est flout\u00e9 mais n&#8217;ayez crainte. une jolie surprise vous attend.<\/p>\n<p>Encore une chose. j&#8217;ai laiss\u00e9 les photos telles qu&#8217;elles. il y a z\u00e9ro retouche. Vous voyez ces photos. vous me voyez.<\/p>\n<p>Merci d\u2019avoir pris le temps de lire ma description. Vous souhaitez me rencontrer ? J&#8217;en suis plus que ravie votre t\u00e9l\u00e9phone est juste \u00e0 cot\u00e9. il ne vous reste plus qu&#8217;\u00e0 composer dix chiffres magiques. Et j&#8217;apparaitrais comme par miracle \ud83d\ude42<\/p>\n<p>Escort girl ma prestation est classique et de qualit\u00e9. elle convient \u00e0 un homme de bons gouts \u00e0 qui j\u2019offre un service exclusif. My details Below mentioned<\/p>\n<p>                Nationality:<br \/>\n                French <\/p>\n<p>                Languages:<br \/>\n                French English Russian<\/p>\n<p>                Age:<br \/>\n                24<\/p>\n<p>                Height:<br \/>\n                175 cm<\/p>\n<p>                Weight:<br \/>\n                55 kg<\/p>\n<p>                Hair:<br \/>\n                Long black<\/p>\n<p>                Eyes:<br \/>\n                Stunning<\/p>\n<p>                Measurements:<br \/>\n                85\/62\/89<\/p>\n","protected":false},"featured_media":123964,"comment_status":"open","ping_status":"closed","template":"","meta":{"site-sidebar-layout":"default","site-content-layout":"","ast-site-content-layout":"","site-content-style":"default","site-sidebar-style":"default","ast-global-header-display":"","ast-banner-title-visibility":"","ast-main-header-display":"","ast-hfb-above-header-display":"","ast-hfb-below-header-display":"","ast-hfb-mobile-header-display":"","site-post-title":"","ast-breadcrumbs-content":"","ast-featured-img":"","footer-sml-layout":"","theme-transparent-header-meta":"","adv-header-id-meta":"","stick-header-meta":"","header-above-stick-meta":"","header-main-stick-meta":"","header-below-stick-meta":"","astra-migrate-meta-layouts":"default","ast-page-background-enabled":"default","ast-page-background-meta":{"desktop":{"background-color":"var(--ast-global-color-4)","background-image":"","background-repeat":"repeat","background-position":"center center","background-size":"auto","background-attachment":"scroll","background-type":"","background-media":"","overlay-type":"","overlay-color":"","overlay-opacity":"","overlay-gradient":""},"tablet":{"background-color":"","background-image":"","background-repeat":"repeat","background-position":"center center","background-size":"auto","background-attachment":"scroll","background-type":"","background-media":"","overlay-type":"","overlay-color":"","overlay-opacity":"","overlay-gradient":""},"mobile":{"background-color":"","background-image":"","background-repeat":"repeat","background-position":"center center","background-size":"auto","background-attachment":"scroll","background-type":"","background-media":"","overlay-type":"","overlay-color":"","overlay-opacity":"","overlay-gradient":""}},"ast-content-background-meta":{"desktop":{"background-color":"var(--ast-global-color-5)","background-image":"","background-repeat":"repeat","background-position":"center center","background-size":"auto","background-attachment":"scroll","background-type":"","background-media":"","overlay-type":"","overlay-color":"","overlay-opacity":"","overlay-gradient":""},"tablet":{"background-color":"var(--ast-global-color-5)","background-image":"","background-repeat":"repeat","background-position":"center center","background-size":"auto","background-attachment":"scroll","background-type":"","background-media":"","overlay-type":"","overlay-color":"","overlay-opacity":"","overlay-gradient":""},"mobile":{"background-color":"var(--ast-global-color-5)","background-image":"","background-repeat":"repeat","background-position":"center center","background-size":"auto","background-attachment":"scroll","background-type":"","background-media":"","overlay-type":"","overlay-color":"","overlay-opacity":"","overlay-gradient":""}}},"product_brand":[],"product_cat":[244,188,1118],"product_tag":[],"class_list":{"0":"post-342839","1":"product","2":"type-product","3":"status-publish","4":"has-post-thumbnail","6":"product_cat-france","7":"product_cat-freelancer","8":"product_cat-paris","9":"desktop-align-left","10":"tablet-align-left","11":"mobile-align-left","13":"first","14":"instock","15":"shipping-taxable","16":"product-type-simple"},"_links":{"self":[{"href":"https:\/\/poccky.com\/index.php\/wp-json\/wp\/v2\/product\/342839","targetHints":{"allow":["GET"]}}],"collection":[{"href":"https:\/\/poccky.com\/index.php\/wp-json\/wp\/v2\/product"}],"about":[{"href":"https:\/\/poccky.com\/index.php\/wp-json\/wp\/v2\/types\/product"}],"replies":[{"embeddable":true,"href":"https:\/\/poccky.com\/index.php\/wp-json\/wp\/v2\/comments?post=342839"}],"wp:featuredmedia":[{"embeddable":true,"href":"https:\/\/poccky.com\/index.php\/wp-json\/wp\/v2\/media\/123964"}],"wp:attachment":[{"href":"https:\/\/poccky.com\/index.php\/wp-json\/wp\/v2\/media?parent=342839"}],"wp:term":[{"taxonomy":"product_brand","embeddable":true,"href":"https:\/\/poccky.com\/index.php\/wp-json\/wp\/v2\/product_brand?post=342839"},{"taxonomy":"product_cat","embeddable":true,"href":"https:\/\/poccky.com\/index.php\/wp-json\/wp\/v2\/product_cat?post=342839"},{"taxonomy":"product_tag","embeddable":true,"href":"https:\/\/poccky.com\/index.php\/wp-json\/wp\/v2\/product_tag?post=342839"}],"curies":[{"name":"wp","href":"https:\/\/api.w.org\/{rel}","templated":true}]}}