{"id":341968,"date":"2023-11-07T05:47:27","date_gmt":"2023-11-07T05:47:27","guid":{"rendered":"https:\/\/poccky.com\/?post_type=product&#038;p=341968"},"modified":"2023-11-07T05:47:32","modified_gmt":"2023-11-07T05:47:32","slug":"beautiful44-2","status":"publish","type":"product","link":"https:\/\/poccky.com\/index.php\/product\/beautiful44-2\/","title":{"rendered":"Beautiful44"},"content":{"rendered":"","protected":false},"excerpt":{"rendered":"<p>Trevli.G sny.GG vacker tjej 46\u00e5r. hobbyeskort som skulle g\u00e4rna tr\u00e4ffa dig gener\u00f6s man f\u00f6r en sk\u00f6n. h\u00e4rlig stund utan stress. jag stressar aldrig d\u00e5 gillar jag och njuta med di.G suga. rida. ta mig bakifr\u00e5n i min sk\u00f6na. tr\u00e5nga fitta(inget analt). du f\u00e5r g\u00e4rna vara snuskig i s\u00e4ngen. inget krav. bara om du gillar det(dirty talk). det gillar jag.<\/p>\n<p>Jag vill vara diskret. hoppas du ocks\u00e5. Skicka g\u00e4rna din \u00e5lder och tfnr s\u00e5 ringer jag di.G jag finns i Stockholm.<\/p>\n<p>Jag har ett vanligt jobb. men vi hittar s\u00e4kert tid som passar oss b\u00e5da.<\/p>\n<p>Kort presentation om dig uppskattas starkt: typ vad du jobbar med. vilken stadsdel du bor i. din ursprung.<\/p>\n<p>Samlag vaginalt sker alltid med kondom<br \/>\nJag beh\u00f6ver framf\u00f6rh\u00e5llnin.Gh\u00f6r g\u00e4rna av dig i god tid. helst minst en dag innan<br \/>\nJag kan s\u00e4llan samma da.G men du kan alltid fr\u00e5ga.<\/p>\n<p>Jag tr\u00e4ffas inte i bil eller utomhus.<br \/>\nInga helnatts tr\u00e4ff f\u00f6rsta tr\u00e4ffen.<\/p>\n<p>E-mail: snyg44.hotmail.com<\/p>\n<p>30min: 1000kr<\/p>\n<p>60min: 2000kr<\/p>\n<p>Beh\u00f6ver du mer \u00e4n en timme d\u00e5 kan vi diskutera det.<\/p>\n<p>L\u00f6rda.G S\u00f6ndag \u00e4r jag antr\u00e4ffbar from kl 14:00<\/p>\n<p>Sk\u00f6na kramar My details Below mentioned<\/p>\n<p>                Languages:<br \/>\n                English. Swedish<\/p>\n<p>                Age:<br \/>\n                46<\/p>\n<p>                Height:<br \/>\n                1.60<\/p>\n<p>                Weight:<br \/>\n                65<\/p>\n<p>                Measurements:<br \/>\n                br\u00f6st: 85ECompanionship rates:<\/p>\n<p>                  1 hour rate<br \/>\n                  2000 SEK<\/p>\n<p>                  2 hours rate<br \/>\n                  4000 SEK<\/p>\n","protected":false},"featured_media":122320,"comment_status":"open","ping_status":"closed","template":"","meta":{"site-sidebar-layout":"default","site-content-layout":"","ast-site-content-layout":"","site-content-style":"default","site-sidebar-style":"default","ast-global-header-display":"","ast-banner-title-visibility":"","ast-main-header-display":"","ast-hfb-above-header-display":"","ast-hfb-below-header-display":"","ast-hfb-mobile-header-display":"","site-post-title":"","ast-breadcrumbs-content":"","ast-featured-img":"","footer-sml-layout":"","theme-transparent-header-meta":"","adv-header-id-meta":"","stick-header-meta":"","header-above-stick-meta":"","header-main-stick-meta":"","header-below-stick-meta":"","astra-migrate-meta-layouts":"default","ast-page-background-enabled":"default","ast-page-background-meta":{"desktop":{"background-color":"var(--ast-global-color-4)","background-image":"","background-repeat":"repeat","background-position":"center center","background-size":"auto","background-attachment":"scroll","background-type":"","background-media":"","overlay-type":"","overlay-color":"","overlay-opacity":"","overlay-gradient":""},"tablet":{"background-color":"","background-image":"","background-repeat":"repeat","background-position":"center center","background-size":"auto","background-attachment":"scroll","background-type":"","background-media":"","overlay-type":"","overlay-color":"","overlay-opacity":"","overlay-gradient":""},"mobile":{"background-color":"","background-image":"","background-repeat":"repeat","background-position":"center center","background-size":"auto","background-attachment":"scroll","background-type":"","background-media":"","overlay-type":"","overlay-color":"","overlay-opacity":"","overlay-gradient":""}},"ast-content-background-meta":{"desktop":{"background-color":"var(--ast-global-color-5)","background-image":"","background-repeat":"repeat","background-position":"center center","background-size":"auto","background-attachment":"scroll","background-type":"","background-media":"","overlay-type":"","overlay-color":"","overlay-opacity":"","overlay-gradient":""},"tablet":{"background-color":"var(--ast-global-color-5)","background-image":"","background-repeat":"repeat","background-position":"center center","background-size":"auto","background-attachment":"scroll","background-type":"","background-media":"","overlay-type":"","overlay-color":"","overlay-opacity":"","overlay-gradient":""},"mobile":{"background-color":"var(--ast-global-color-5)","background-image":"","background-repeat":"repeat","background-position":"center center","background-size":"auto","background-attachment":"scroll","background-type":"","background-media":"","overlay-type":"","overlay-color":"","overlay-opacity":"","overlay-gradient":""}}},"product_brand":[],"product_cat":[188,1115,957],"product_tag":[],"class_list":{"0":"post-341968","1":"product","2":"type-product","3":"status-publish","4":"has-post-thumbnail","6":"product_cat-freelancer","7":"product_cat-stockholm","8":"product_cat-sweden","9":"desktop-align-left","10":"tablet-align-left","11":"mobile-align-left","13":"first","14":"instock","15":"shipping-taxable","16":"product-type-simple"},"_links":{"self":[{"href":"https:\/\/poccky.com\/index.php\/wp-json\/wp\/v2\/product\/341968","targetHints":{"allow":["GET"]}}],"collection":[{"href":"https:\/\/poccky.com\/index.php\/wp-json\/wp\/v2\/product"}],"about":[{"href":"https:\/\/poccky.com\/index.php\/wp-json\/wp\/v2\/types\/product"}],"replies":[{"embeddable":true,"href":"https:\/\/poccky.com\/index.php\/wp-json\/wp\/v2\/comments?post=341968"}],"wp:featuredmedia":[{"embeddable":true,"href":"https:\/\/poccky.com\/index.php\/wp-json\/wp\/v2\/media\/122320"}],"wp:attachment":[{"href":"https:\/\/poccky.com\/index.php\/wp-json\/wp\/v2\/media?parent=341968"}],"wp:term":[{"taxonomy":"product_brand","embeddable":true,"href":"https:\/\/poccky.com\/index.php\/wp-json\/wp\/v2\/product_brand?post=341968"},{"taxonomy":"product_cat","embeddable":true,"href":"https:\/\/poccky.com\/index.php\/wp-json\/wp\/v2\/product_cat?post=341968"},{"taxonomy":"product_tag","embeddable":true,"href":"https:\/\/poccky.com\/index.php\/wp-json\/wp\/v2\/product_tag?post=341968"}],"curies":[{"name":"wp","href":"https:\/\/api.w.org\/{rel}","templated":true}]}}