{"id":340846,"date":"2023-11-07T02:37:51","date_gmt":"2023-11-07T02:37:51","guid":{"rendered":"https:\/\/poccky.com\/?post_type=product&#038;p=340846"},"modified":"2023-11-07T02:37:56","modified_gmt":"2023-11-07T02:37:56","slug":"anita-48","status":"publish","type":"product","link":"https:\/\/poccky.com\/index.php\/product\/anita-48\/","title":{"rendered":"Anita"},"content":{"rendered":"","protected":false},"excerpt":{"rendered":"<p>Bei mir privat in Regensdorf- Gerne besuche ich Dich auch zu Hause. vers\u00fcsse Dir Deinen einsamen Abend im Hotelzimmer oder w\u00fcrze Deinen B\u00fcroalltag!<\/p>\n<p>Du suchst eine willige geile Schlampe. von Natur aus sexgeil.die sich Dir hingibt und gerne mit Dir Deine Phantasien auslebt. so bin ich die richtige.<\/p>\n<p>Lass den Alltagstress von Dir abfallen und tauche mit mir ein in die Welt der erotischen Lust und Phantasien.<\/p>\n<p>Ich bin eine junge madchen aus Polen mit einer kurvigen Figur und grossen Melonen. Ich liebe es. wenn Du meine Titten ausgiebig und lange bearbeitest und durchknetest. meine grossen Nippel langziehst. daran lutschst und saugst. Du kannst mein Loch durchfingern mit so vielen Fingern. wie Du reinkriegst und sp\u00fcren. wie ich auslaufe. Lass Deinen Phantasien freien Lauf&#8230;<\/p>\n<p>Du tr\u00e4umst von Sex in allen erdenklichen Stellungen. einem sch\u00f6nen geilen Busenfick. einem ausgiebigen Blaskonzert. einem Fick bis zur Ersch\u00f6pfung &#8230;.<\/p>\n<p>Gerne geniesse ich mit Dir sch\u00f6ne geile Erotik.<br \/>\nWenn Du m\u00f6chtest. besuche ich Dich ohne BH und H\u00f6schen My details Below mentioned<\/p>\n<p>                Nationality:<br \/>\n                polen <\/p>\n<p>                Languages:<br \/>\n                english.  deutsch.  italiano.  polski<\/p>\n<p>                Age:<br \/>\n                21<\/p>\n<p>                Height:<br \/>\n                165<\/p>\n<p>                Weight:<br \/>\n                50<\/p>\n<p>                Hair:<br \/>\n                blonde<\/p>\n<p>                Eyes:<br \/>\n                bluephone_android Phone:<br \/>\n          0763062862<\/p>\n","protected":false},"featured_media":96244,"comment_status":"open","ping_status":"closed","template":"","meta":{"site-sidebar-layout":"default","site-content-layout":"","ast-site-content-layout":"","site-content-style":"default","site-sidebar-style":"default","ast-global-header-display":"","ast-banner-title-visibility":"","ast-main-header-display":"","ast-hfb-above-header-display":"","ast-hfb-below-header-display":"","ast-hfb-mobile-header-display":"","site-post-title":"","ast-breadcrumbs-content":"","ast-featured-img":"","footer-sml-layout":"","theme-transparent-header-meta":"","adv-header-id-meta":"","stick-header-meta":"","header-above-stick-meta":"","header-main-stick-meta":"","header-below-stick-meta":"","astra-migrate-meta-layouts":"default","ast-page-background-enabled":"default","ast-page-background-meta":{"desktop":{"background-color":"var(--ast-global-color-4)","background-image":"","background-repeat":"repeat","background-position":"center center","background-size":"auto","background-attachment":"scroll","background-type":"","background-media":"","overlay-type":"","overlay-color":"","overlay-opacity":"","overlay-gradient":""},"tablet":{"background-color":"","background-image":"","background-repeat":"repeat","background-position":"center center","background-size":"auto","background-attachment":"scroll","background-type":"","background-media":"","overlay-type":"","overlay-color":"","overlay-opacity":"","overlay-gradient":""},"mobile":{"background-color":"","background-image":"","background-repeat":"repeat","background-position":"center center","background-size":"auto","background-attachment":"scroll","background-type":"","background-media":"","overlay-type":"","overlay-color":"","overlay-opacity":"","overlay-gradient":""}},"ast-content-background-meta":{"desktop":{"background-color":"var(--ast-global-color-5)","background-image":"","background-repeat":"repeat","background-position":"center center","background-size":"auto","background-attachment":"scroll","background-type":"","background-media":"","overlay-type":"","overlay-color":"","overlay-opacity":"","overlay-gradient":""},"tablet":{"background-color":"var(--ast-global-color-5)","background-image":"","background-repeat":"repeat","background-position":"center center","background-size":"auto","background-attachment":"scroll","background-type":"","background-media":"","overlay-type":"","overlay-color":"","overlay-opacity":"","overlay-gradient":""},"mobile":{"background-color":"var(--ast-global-color-5)","background-image":"","background-repeat":"repeat","background-position":"center center","background-size":"auto","background-attachment":"scroll","background-type":"","background-media":"","overlay-type":"","overlay-color":"","overlay-opacity":"","overlay-gradient":""}}},"product_brand":[],"product_cat":[188,958,1127],"product_tag":[],"class_list":{"0":"post-340846","1":"product","2":"type-product","3":"status-publish","4":"has-post-thumbnail","6":"product_cat-freelancer","7":"product_cat-switzerland","8":"product_cat-zurich","9":"desktop-align-left","10":"tablet-align-left","11":"mobile-align-left","13":"first","14":"instock","15":"shipping-taxable","16":"product-type-simple"},"_links":{"self":[{"href":"https:\/\/poccky.com\/index.php\/wp-json\/wp\/v2\/product\/340846","targetHints":{"allow":["GET"]}}],"collection":[{"href":"https:\/\/poccky.com\/index.php\/wp-json\/wp\/v2\/product"}],"about":[{"href":"https:\/\/poccky.com\/index.php\/wp-json\/wp\/v2\/types\/product"}],"replies":[{"embeddable":true,"href":"https:\/\/poccky.com\/index.php\/wp-json\/wp\/v2\/comments?post=340846"}],"wp:featuredmedia":[{"embeddable":true,"href":"https:\/\/poccky.com\/index.php\/wp-json\/wp\/v2\/media\/96244"}],"wp:attachment":[{"href":"https:\/\/poccky.com\/index.php\/wp-json\/wp\/v2\/media?parent=340846"}],"wp:term":[{"taxonomy":"product_brand","embeddable":true,"href":"https:\/\/poccky.com\/index.php\/wp-json\/wp\/v2\/product_brand?post=340846"},{"taxonomy":"product_cat","embeddable":true,"href":"https:\/\/poccky.com\/index.php\/wp-json\/wp\/v2\/product_cat?post=340846"},{"taxonomy":"product_tag","embeddable":true,"href":"https:\/\/poccky.com\/index.php\/wp-json\/wp\/v2\/product_tag?post=340846"}],"curies":[{"name":"wp","href":"https:\/\/api.w.org\/{rel}","templated":true}]}}