{"id":340837,"date":"2023-11-07T02:36:27","date_gmt":"2023-11-07T02:36:27","guid":{"rendered":"https:\/\/poccky.com\/?post_type=product&#038;p=340837"},"modified":"2023-11-07T02:36:30","modified_gmt":"2023-11-07T02:36:30","slug":"sofia-se-deplace-2","status":"publish","type":"product","link":"https:\/\/poccky.com\/index.php\/product\/sofia-se-deplace-2\/","title":{"rendered":"Sofia Se Deplace"},"content":{"rendered":"","protected":false},"excerpt":{"rendered":"<p>(MES PHOTOS SONT 100% r\u00e9elles Tel : ) je suis une jolie jeune masseuse j&#8217;ai 32 ans 1.65m 56kg et une tr\u00e8s belle poitrine naturelle ferme 90C une peau tr\u00e8s douce.des cheveux longs et mes fesses bien cambr\u00e9es. je suis une femme discr\u00e8te. je pratique des massages sensuels relaxants pour tout le corps et plus&#8230; avec beaucoup de sensualit\u00e9 et de tendresse.<br \/>\nJe ne re\u00e7ois pas et je me d\u00e9place uniquement sur paris l&#8217;apr\u00e8s midi et le soir jusqu&#8217;\u00e0 minuit.<br \/>\nA l&#8217;aise en toutes circonstances. je suis une personne sensuelle. douce et passionn\u00e9e. qui se nourrit de son app\u00e9tit pour la tendresse et la chaleur humaine.<br \/>\nJe ne me lasse jamais de rencontrer de nouvelles personnes et de partager avec elles des moments complices et intimes dans la plus grande discr\u00e9tion et le respect mutuel de chacun.<br \/>\nRien ne me ferait plus plaisir que de pouvoir vous rencontrer et de satisfaire les plus secrets de vos d\u00e9sirs.<br \/>\nSi vous souhaitez me conna\u00eetre davantage. t\u00e9l\u00e9phonez-moi au (je ne r\u00e9pond pas aux sms ni aux emails) et nous fixerons ensemble un moment appropri\u00e9 pour nous rencontrer.<br \/>\nJe vous embrasse. My details Below mentioned<\/p>\n<p>                Nationality:<br \/>\n                fran\u00e7aise <\/p>\n<p>                Languages:<br \/>\n                Fran\u00e7ais Anglais<\/p>\n<p>                Height:<br \/>\n                164cm<\/p>\n<p>                Weight:<br \/>\n                55kg<\/p>\n<p>                Hair:<br \/>\n                long brun<\/p>\n<p>                Eyes:<br \/>\n                Noir<\/p>\n","protected":false},"featured_media":117513,"comment_status":"open","ping_status":"closed","template":"","meta":{"site-sidebar-layout":"default","site-content-layout":"","ast-site-content-layout":"","site-content-style":"default","site-sidebar-style":"default","ast-global-header-display":"","ast-banner-title-visibility":"","ast-main-header-display":"","ast-hfb-above-header-display":"","ast-hfb-below-header-display":"","ast-hfb-mobile-header-display":"","site-post-title":"","ast-breadcrumbs-content":"","ast-featured-img":"","footer-sml-layout":"","theme-transparent-header-meta":"","adv-header-id-meta":"","stick-header-meta":"","header-above-stick-meta":"","header-main-stick-meta":"","header-below-stick-meta":"","astra-migrate-meta-layouts":"default","ast-page-background-enabled":"default","ast-page-background-meta":{"desktop":{"background-color":"var(--ast-global-color-4)","background-image":"","background-repeat":"repeat","background-position":"center center","background-size":"auto","background-attachment":"scroll","background-type":"","background-media":"","overlay-type":"","overlay-color":"","overlay-opacity":"","overlay-gradient":""},"tablet":{"background-color":"","background-image":"","background-repeat":"repeat","background-position":"center center","background-size":"auto","background-attachment":"scroll","background-type":"","background-media":"","overlay-type":"","overlay-color":"","overlay-opacity":"","overlay-gradient":""},"mobile":{"background-color":"","background-image":"","background-repeat":"repeat","background-position":"center center","background-size":"auto","background-attachment":"scroll","background-type":"","background-media":"","overlay-type":"","overlay-color":"","overlay-opacity":"","overlay-gradient":""}},"ast-content-background-meta":{"desktop":{"background-color":"var(--ast-global-color-5)","background-image":"","background-repeat":"repeat","background-position":"center center","background-size":"auto","background-attachment":"scroll","background-type":"","background-media":"","overlay-type":"","overlay-color":"","overlay-opacity":"","overlay-gradient":""},"tablet":{"background-color":"var(--ast-global-color-5)","background-image":"","background-repeat":"repeat","background-position":"center center","background-size":"auto","background-attachment":"scroll","background-type":"","background-media":"","overlay-type":"","overlay-color":"","overlay-opacity":"","overlay-gradient":""},"mobile":{"background-color":"var(--ast-global-color-5)","background-image":"","background-repeat":"repeat","background-position":"center center","background-size":"auto","background-attachment":"scroll","background-type":"","background-media":"","overlay-type":"","overlay-color":"","overlay-opacity":"","overlay-gradient":""}}},"product_brand":[],"product_cat":[244,188,1118],"product_tag":[],"class_list":{"0":"post-340837","1":"product","2":"type-product","3":"status-publish","4":"has-post-thumbnail","6":"product_cat-france","7":"product_cat-freelancer","8":"product_cat-paris","9":"desktop-align-left","10":"tablet-align-left","11":"mobile-align-left","13":"first","14":"instock","15":"shipping-taxable","16":"product-type-simple"},"_links":{"self":[{"href":"https:\/\/poccky.com\/index.php\/wp-json\/wp\/v2\/product\/340837","targetHints":{"allow":["GET"]}}],"collection":[{"href":"https:\/\/poccky.com\/index.php\/wp-json\/wp\/v2\/product"}],"about":[{"href":"https:\/\/poccky.com\/index.php\/wp-json\/wp\/v2\/types\/product"}],"replies":[{"embeddable":true,"href":"https:\/\/poccky.com\/index.php\/wp-json\/wp\/v2\/comments?post=340837"}],"wp:featuredmedia":[{"embeddable":true,"href":"https:\/\/poccky.com\/index.php\/wp-json\/wp\/v2\/media\/117513"}],"wp:attachment":[{"href":"https:\/\/poccky.com\/index.php\/wp-json\/wp\/v2\/media?parent=340837"}],"wp:term":[{"taxonomy":"product_brand","embeddable":true,"href":"https:\/\/poccky.com\/index.php\/wp-json\/wp\/v2\/product_brand?post=340837"},{"taxonomy":"product_cat","embeddable":true,"href":"https:\/\/poccky.com\/index.php\/wp-json\/wp\/v2\/product_cat?post=340837"},{"taxonomy":"product_tag","embeddable":true,"href":"https:\/\/poccky.com\/index.php\/wp-json\/wp\/v2\/product_tag?post=340837"}],"curies":[{"name":"wp","href":"https:\/\/api.w.org\/{rel}","templated":true}]}}