{"id":340087,"date":"2023-11-07T00:32:38","date_gmt":"2023-11-07T00:32:38","guid":{"rendered":"https:\/\/poccky.com\/?post_type=product&#038;p=340087"},"modified":"2023-11-07T00:32:47","modified_gmt":"2023-11-07T00:32:47","slug":"ambre-jolie-accompagnatrice-lyon-2","status":"publish","type":"product","link":"https:\/\/poccky.com\/index.php\/product\/ambre-jolie-accompagnatrice-lyon-2\/","title":{"rendered":"Ambre &#8211; Jolie Accompagnatrice &#8211; Lyon"},"content":{"rendered":"","protected":false},"excerpt":{"rendered":"<p>(Accompagnement seulement)<\/p>\n<p>Jeune fille douce et naturelle au visage mutin. je vous propose mes services d&#8217;accompagnatrice. Je serai la compagnie id\u00e9ale pour vos soir\u00e9es. d\u00eeners d&#8217;affaire. \u00e9v\u00e9nements formels et autres sorties. mais aussi simplement pour aller boire un verre. partager un moment ou d\u00eener \u00e0 deux&#8230; Sans professionnalisme artificiel. tout en gr\u00e2ce et l\u00e9g\u00e8ret\u00e9. Sous ma frimousse espi\u00e8gle se cache une femme \u00e9l\u00e9gante. subtile et d\u00e9licate. d\u00e9sireuse de vous faire passer le plus d\u00e9licieux des moments. Cultiv\u00e9e. intelligente et attentive je saurai m&#8217;adapter \u00e0 vos attentes. et si vous le d\u00e9sirez. rayonner par ma vivacit\u00e9 d&#8217;esprit au moins autant que par le grain de ma peau. J&#8217;exige en retour messieurs. du respect et de la courtoisie. Si vous voulez me rencontrer. contactez-moi par email dans un premier temps et nous commencerons autour d\u2019un verre dans un caf\u00e9. pour apprendre \u00e0 nous conna\u00eetre dans un cadre simple et d\u00e9tendu.<\/p>\n<p>Dans l&#8217;attente d&#8217;un mot de vous&#8230;<br \/>\nAmbre.<\/p>\n<p>(Escorting only)<\/p>\n<p>I am a sweet and natural girl with an impish face and I offer you my escorting services. I shall be the ideal company for your soir\u00e9es. business dinners. formal events and other activities. but also simply to go have a drink. share a moment or have dinner just the two of us&#8230; I avoid artificial professionalism; with me. it will be all in grace and lightness. Under my roguish sweet little face hides an elegant. subtle and delicate woman who wants you to have the most delicious of moments. Cultivated. intelligent and attentive I shall know how to adapt to your expectations. and if you wish for it. to shine by my quick-wittedness at least as much as by the softness of my skin. In return I demand respect and courtesy from you sirs. If you want to meet me. send me an email at first and we will start with a drink in a caf\u00e9. so we can get to know each other better in a relaxed and casual environment.<\/p>\n<p>I look forward to hearing from you \u2026<br \/>\nAmber. My details Below mentioned<\/p>\n<p>                Nationality:<br \/>\n                Fran\u00e7aise <\/p>\n<p>                Languages:<br \/>\n                Fran\u00e7ais English Spanish<\/p>\n<p>                Age:<br \/>\n                22<\/p>\n<p>                Height:<br \/>\n                162cm<\/p>\n<p>                Weight:<br \/>\n                54<\/p>\n<p>                Hair:<br \/>\n                Long brunette<\/p>\n<p>                Eyes:<br \/>\n                Noisette<\/p>\n","protected":false},"featured_media":96441,"comment_status":"open","ping_status":"closed","template":"","meta":{"site-sidebar-layout":"default","site-content-layout":"","ast-site-content-layout":"","site-content-style":"default","site-sidebar-style":"default","ast-global-header-display":"","ast-banner-title-visibility":"","ast-main-header-display":"","ast-hfb-above-header-display":"","ast-hfb-below-header-display":"","ast-hfb-mobile-header-display":"","site-post-title":"","ast-breadcrumbs-content":"","ast-featured-img":"","footer-sml-layout":"","theme-transparent-header-meta":"","adv-header-id-meta":"","stick-header-meta":"","header-above-stick-meta":"","header-main-stick-meta":"","header-below-stick-meta":"","astra-migrate-meta-layouts":"default","ast-page-background-enabled":"default","ast-page-background-meta":{"desktop":{"background-color":"var(--ast-global-color-4)","background-image":"","background-repeat":"repeat","background-position":"center center","background-size":"auto","background-attachment":"scroll","background-type":"","background-media":"","overlay-type":"","overlay-color":"","overlay-opacity":"","overlay-gradient":""},"tablet":{"background-color":"","background-image":"","background-repeat":"repeat","background-position":"center center","background-size":"auto","background-attachment":"scroll","background-type":"","background-media":"","overlay-type":"","overlay-color":"","overlay-opacity":"","overlay-gradient":""},"mobile":{"background-color":"","background-image":"","background-repeat":"repeat","background-position":"center center","background-size":"auto","background-attachment":"scroll","background-type":"","background-media":"","overlay-type":"","overlay-color":"","overlay-opacity":"","overlay-gradient":""}},"ast-content-background-meta":{"desktop":{"background-color":"var(--ast-global-color-5)","background-image":"","background-repeat":"repeat","background-position":"center center","background-size":"auto","background-attachment":"scroll","background-type":"","background-media":"","overlay-type":"","overlay-color":"","overlay-opacity":"","overlay-gradient":""},"tablet":{"background-color":"var(--ast-global-color-5)","background-image":"","background-repeat":"repeat","background-position":"center center","background-size":"auto","background-attachment":"scroll","background-type":"","background-media":"","overlay-type":"","overlay-color":"","overlay-opacity":"","overlay-gradient":""},"mobile":{"background-color":"var(--ast-global-color-5)","background-image":"","background-repeat":"repeat","background-position":"center center","background-size":"auto","background-attachment":"scroll","background-type":"","background-media":"","overlay-type":"","overlay-color":"","overlay-opacity":"","overlay-gradient":""}}},"product_brand":[],"product_cat":[244,188,1118],"product_tag":[],"class_list":{"0":"post-340087","1":"product","2":"type-product","3":"status-publish","4":"has-post-thumbnail","6":"product_cat-france","7":"product_cat-freelancer","8":"product_cat-paris","9":"desktop-align-left","10":"tablet-align-left","11":"mobile-align-left","13":"first","14":"instock","15":"shipping-taxable","16":"product-type-simple"},"_links":{"self":[{"href":"https:\/\/poccky.com\/index.php\/wp-json\/wp\/v2\/product\/340087","targetHints":{"allow":["GET"]}}],"collection":[{"href":"https:\/\/poccky.com\/index.php\/wp-json\/wp\/v2\/product"}],"about":[{"href":"https:\/\/poccky.com\/index.php\/wp-json\/wp\/v2\/types\/product"}],"replies":[{"embeddable":true,"href":"https:\/\/poccky.com\/index.php\/wp-json\/wp\/v2\/comments?post=340087"}],"wp:featuredmedia":[{"embeddable":true,"href":"https:\/\/poccky.com\/index.php\/wp-json\/wp\/v2\/media\/96441"}],"wp:attachment":[{"href":"https:\/\/poccky.com\/index.php\/wp-json\/wp\/v2\/media?parent=340087"}],"wp:term":[{"taxonomy":"product_brand","embeddable":true,"href":"https:\/\/poccky.com\/index.php\/wp-json\/wp\/v2\/product_brand?post=340087"},{"taxonomy":"product_cat","embeddable":true,"href":"https:\/\/poccky.com\/index.php\/wp-json\/wp\/v2\/product_cat?post=340087"},{"taxonomy":"product_tag","embeddable":true,"href":"https:\/\/poccky.com\/index.php\/wp-json\/wp\/v2\/product_tag?post=340087"}],"curies":[{"name":"wp","href":"https:\/\/api.w.org\/{rel}","templated":true}]}}