{"id":338759,"date":"2023-11-06T20:29:46","date_gmt":"2023-11-06T20:29:46","guid":{"rendered":"https:\/\/poccky.com\/?post_type=product&#038;p=338759"},"modified":"2023-11-06T20:29:57","modified_gmt":"2023-11-06T20:29:57","slug":"lola-69","status":"publish","type":"product","link":"https:\/\/poccky.com\/index.php\/product\/lola-69\/","title":{"rendered":"Lola"},"content":{"rendered":"","protected":false},"excerpt":{"rendered":"<p>3479 Views last 30 days<br \/>\nLOLA<\/p>\n<p>NicoletaMilena<br \/>\nInformationContactServicesRatesTravel Plan<br \/>\n+47-99894110 &#8211; +47-99894110<br \/>\nOslo (Oslo &#8211; Norway)<br \/>\nIndependent escort<br \/>\nI am your best choice for Escort girls Oslo! Sensual. friendly. able and loving fun. My English is not very good. but I hope that we can understand each other. in bed besides there is only one language&#8230; Language of Love! May we practice together? Exchange of experiences? Call me for a very special time&#8230; Teach me something new!! Kiss&#8230; from Lola Escort girls Oslo: contact Lola now! Jeg er din beste valget! Sensuell. vennli.G dyktig og kj\u00e6rlig moro. Min engelsk er ikke veldig bra. men jeg h\u00e5per at vi kan forst\u00e5 hverandre. i sengen foruten det bare er ett spr\u00e5k &#8230;. Language of Love! Kan vi \u00f8ve sammen? Utveksling av erfaringer? Ring meg for en veldig spesiell tid &#8230; L\u00e6r meg noe nytt! Kiss &#8230; fra LOLA Eskorte jenter Oslo : ta kontakt Lola n\u00e5! My details Below mentioned<\/p>\n<p>                Nationality:<br \/>\n                framce <\/p>\n<p>                Languages:<br \/>\n                english<\/p>\n<p>                Age:<br \/>\n                25<\/p>\n<p>                Height:<br \/>\n                160<\/p>\n<p>                Weight:<br \/>\n                50<\/p>\n<p>                Hair:<br \/>\n                blond<\/p>\n<p>                Eyes:<br \/>\n                bluephone_android Phone:<br \/>\n          48671894<\/p>\n","protected":false},"featured_media":92633,"comment_status":"open","ping_status":"closed","template":"","meta":{"site-sidebar-layout":"default","site-content-layout":"","ast-site-content-layout":"","site-content-style":"default","site-sidebar-style":"default","ast-global-header-display":"","ast-banner-title-visibility":"","ast-main-header-display":"","ast-hfb-above-header-display":"","ast-hfb-below-header-display":"","ast-hfb-mobile-header-display":"","site-post-title":"","ast-breadcrumbs-content":"","ast-featured-img":"","footer-sml-layout":"","theme-transparent-header-meta":"","adv-header-id-meta":"","stick-header-meta":"","header-above-stick-meta":"","header-main-stick-meta":"","header-below-stick-meta":"","astra-migrate-meta-layouts":"default","ast-page-background-enabled":"default","ast-page-background-meta":{"desktop":{"background-color":"var(--ast-global-color-4)","background-image":"","background-repeat":"repeat","background-position":"center center","background-size":"auto","background-attachment":"scroll","background-type":"","background-media":"","overlay-type":"","overlay-color":"","overlay-opacity":"","overlay-gradient":""},"tablet":{"background-color":"","background-image":"","background-repeat":"repeat","background-position":"center center","background-size":"auto","background-attachment":"scroll","background-type":"","background-media":"","overlay-type":"","overlay-color":"","overlay-opacity":"","overlay-gradient":""},"mobile":{"background-color":"","background-image":"","background-repeat":"repeat","background-position":"center center","background-size":"auto","background-attachment":"scroll","background-type":"","background-media":"","overlay-type":"","overlay-color":"","overlay-opacity":"","overlay-gradient":""}},"ast-content-background-meta":{"desktop":{"background-color":"var(--ast-global-color-5)","background-image":"","background-repeat":"repeat","background-position":"center center","background-size":"auto","background-attachment":"scroll","background-type":"","background-media":"","overlay-type":"","overlay-color":"","overlay-opacity":"","overlay-gradient":""},"tablet":{"background-color":"var(--ast-global-color-5)","background-image":"","background-repeat":"repeat","background-position":"center center","background-size":"auto","background-attachment":"scroll","background-type":"","background-media":"","overlay-type":"","overlay-color":"","overlay-opacity":"","overlay-gradient":""},"mobile":{"background-color":"var(--ast-global-color-5)","background-image":"","background-repeat":"repeat","background-position":"center center","background-size":"auto","background-attachment":"scroll","background-type":"","background-media":"","overlay-type":"","overlay-color":"","overlay-opacity":"","overlay-gradient":""}}},"product_brand":[],"product_cat":[188,803,804],"product_tag":[],"class_list":{"0":"post-338759","1":"product","2":"type-product","3":"status-publish","4":"has-post-thumbnail","6":"product_cat-freelancer","7":"product_cat-norway","8":"product_cat-oslo","9":"desktop-align-left","10":"tablet-align-left","11":"mobile-align-left","13":"first","14":"instock","15":"shipping-taxable","16":"product-type-simple"},"_links":{"self":[{"href":"https:\/\/poccky.com\/index.php\/wp-json\/wp\/v2\/product\/338759","targetHints":{"allow":["GET"]}}],"collection":[{"href":"https:\/\/poccky.com\/index.php\/wp-json\/wp\/v2\/product"}],"about":[{"href":"https:\/\/poccky.com\/index.php\/wp-json\/wp\/v2\/types\/product"}],"replies":[{"embeddable":true,"href":"https:\/\/poccky.com\/index.php\/wp-json\/wp\/v2\/comments?post=338759"}],"wp:featuredmedia":[{"embeddable":true,"href":"https:\/\/poccky.com\/index.php\/wp-json\/wp\/v2\/media\/92633"}],"wp:attachment":[{"href":"https:\/\/poccky.com\/index.php\/wp-json\/wp\/v2\/media?parent=338759"}],"wp:term":[{"taxonomy":"product_brand","embeddable":true,"href":"https:\/\/poccky.com\/index.php\/wp-json\/wp\/v2\/product_brand?post=338759"},{"taxonomy":"product_cat","embeddable":true,"href":"https:\/\/poccky.com\/index.php\/wp-json\/wp\/v2\/product_cat?post=338759"},{"taxonomy":"product_tag","embeddable":true,"href":"https:\/\/poccky.com\/index.php\/wp-json\/wp\/v2\/product_tag?post=338759"}],"curies":[{"name":"wp","href":"https:\/\/api.w.org\/{rel}","templated":true}]}}