{"id":338678,"date":"2023-11-06T20:14:11","date_gmt":"2023-11-06T20:14:11","guid":{"rendered":"https:\/\/poccky.com\/?post_type=product&#038;p=338678"},"modified":"2023-11-06T20:14:13","modified_gmt":"2023-11-06T20:14:13","slug":"amanda2014-2","status":"publish","type":"product","link":"https:\/\/poccky.com\/index.php\/product\/amanda2014-2\/","title":{"rendered":"Amanda2014"},"content":{"rendered":"","protected":false},"excerpt":{"rendered":"<p>Hejsan!<\/p>\n<p>Jag \u00e4r i min tidiga tjugo\u00e5rs\u00e5ldern. sofistikerad. sexi.G sportig och snygg svensk-amerikanska oberoende VIP -modell i Stockholm. bara f\u00f6r en man som tycker om konfidentiell n\u00f6je och avkoppling. Om du letar efter den d\u00e4r passionerade upplevelse med en kvinna. som \u00e4r n\u00e5got speciellt. jag \u00e4r h\u00e4r. En kvav kombination av sk\u00f6nhet och hj\u00e4rna med en k\u00e4rlek till alla spontana s\u00e4kerna. Jag \u00e4r verklig och sexig som \u00e4r mina bilder. \u00c4r du den man som \u00e4r vild p\u00e5 hj\u00e4rta med ett lekfullt sinne och en kropp full av om\u00e4ttliga beg\u00e4r bara l\u00e4ngtan f\u00f6r tillfredsst\u00e4llelse ?<\/p>\n<p>Jag \u00e4r en brunett tjej med ett s\u00f6tt ansikte och en vacker figur. Jag har silkeslen vit hud och mitt m\u00f6rkt h\u00e5r \u00e4r l\u00e5ng och gl\u00e4nsande. Mina glittrande stora bruna sovrum \u00f6gon och sensuell ber\u00f6ring l\u00e4mnar du l\u00e4ngtar efter mer om och om igen. Jag har vackra. fasta naturliga c &#8211; kupa br\u00f6st och jag m\u00e4ter 166\/53. Jag \u00e4r v\u00e4lsignad med en glad. \u00e4rlig och genuin anda av livet . Min kropp \u00e4r smal. tonad och naturligt kurviga och min natur \u00e4r h\u00e4rligt bubblig . leende och s\u00e4llskaplig. Jag \u00e4r r\u00f6kfri. jag anv\u00e4nder inte andra berusningsmedel heller. och jag har inga tatueringar eller piercingar. Jag \u00e4r ofta beskrivs som l\u00e4ttsam och varmhj\u00e4rtad &#8211; Jag bara \u00e4lskar att tr\u00e4ffa nya intressanta m\u00e4nniskor och f\u00e5 dem att k\u00e4nna sig bekv\u00e4m och avslappnad i mitt f\u00f6retag . My details Below mentioned<\/p>\n<p>                Nationality:<br \/>\n                Swedish-American <\/p>\n<p>                Languages:<br \/>\n                Svenska.  English<\/p>\n<p>                Age:<br \/>\n                21<\/p>\n<p>                Height:<br \/>\n                166cm<\/p>\n<p>                Weight:<br \/>\n                53kg<\/p>\n<p>                Hair:<br \/>\n                Long dark brown<\/p>\n<p>                Eyes:<br \/>\n                Brown<\/p>\n","protected":false},"featured_media":103393,"comment_status":"open","ping_status":"closed","template":"","meta":{"site-sidebar-layout":"default","site-content-layout":"","ast-site-content-layout":"","site-content-style":"default","site-sidebar-style":"default","ast-global-header-display":"","ast-banner-title-visibility":"","ast-main-header-display":"","ast-hfb-above-header-display":"","ast-hfb-below-header-display":"","ast-hfb-mobile-header-display":"","site-post-title":"","ast-breadcrumbs-content":"","ast-featured-img":"","footer-sml-layout":"","theme-transparent-header-meta":"","adv-header-id-meta":"","stick-header-meta":"","header-above-stick-meta":"","header-main-stick-meta":"","header-below-stick-meta":"","astra-migrate-meta-layouts":"default","ast-page-background-enabled":"default","ast-page-background-meta":{"desktop":{"background-color":"var(--ast-global-color-4)","background-image":"","background-repeat":"repeat","background-position":"center center","background-size":"auto","background-attachment":"scroll","background-type":"","background-media":"","overlay-type":"","overlay-color":"","overlay-opacity":"","overlay-gradient":""},"tablet":{"background-color":"","background-image":"","background-repeat":"repeat","background-position":"center center","background-size":"auto","background-attachment":"scroll","background-type":"","background-media":"","overlay-type":"","overlay-color":"","overlay-opacity":"","overlay-gradient":""},"mobile":{"background-color":"","background-image":"","background-repeat":"repeat","background-position":"center center","background-size":"auto","background-attachment":"scroll","background-type":"","background-media":"","overlay-type":"","overlay-color":"","overlay-opacity":"","overlay-gradient":""}},"ast-content-background-meta":{"desktop":{"background-color":"var(--ast-global-color-5)","background-image":"","background-repeat":"repeat","background-position":"center center","background-size":"auto","background-attachment":"scroll","background-type":"","background-media":"","overlay-type":"","overlay-color":"","overlay-opacity":"","overlay-gradient":""},"tablet":{"background-color":"var(--ast-global-color-5)","background-image":"","background-repeat":"repeat","background-position":"center center","background-size":"auto","background-attachment":"scroll","background-type":"","background-media":"","overlay-type":"","overlay-color":"","overlay-opacity":"","overlay-gradient":""},"mobile":{"background-color":"var(--ast-global-color-5)","background-image":"","background-repeat":"repeat","background-position":"center center","background-size":"auto","background-attachment":"scroll","background-type":"","background-media":"","overlay-type":"","overlay-color":"","overlay-opacity":"","overlay-gradient":""}}},"product_brand":[],"product_cat":[188,1115,957],"product_tag":[],"class_list":{"0":"post-338678","1":"product","2":"type-product","3":"status-publish","4":"has-post-thumbnail","6":"product_cat-freelancer","7":"product_cat-stockholm","8":"product_cat-sweden","9":"desktop-align-left","10":"tablet-align-left","11":"mobile-align-left","13":"first","14":"instock","15":"shipping-taxable","16":"product-type-simple"},"_links":{"self":[{"href":"https:\/\/poccky.com\/index.php\/wp-json\/wp\/v2\/product\/338678","targetHints":{"allow":["GET"]}}],"collection":[{"href":"https:\/\/poccky.com\/index.php\/wp-json\/wp\/v2\/product"}],"about":[{"href":"https:\/\/poccky.com\/index.php\/wp-json\/wp\/v2\/types\/product"}],"replies":[{"embeddable":true,"href":"https:\/\/poccky.com\/index.php\/wp-json\/wp\/v2\/comments?post=338678"}],"wp:featuredmedia":[{"embeddable":true,"href":"https:\/\/poccky.com\/index.php\/wp-json\/wp\/v2\/media\/103393"}],"wp:attachment":[{"href":"https:\/\/poccky.com\/index.php\/wp-json\/wp\/v2\/media?parent=338678"}],"wp:term":[{"taxonomy":"product_brand","embeddable":true,"href":"https:\/\/poccky.com\/index.php\/wp-json\/wp\/v2\/product_brand?post=338678"},{"taxonomy":"product_cat","embeddable":true,"href":"https:\/\/poccky.com\/index.php\/wp-json\/wp\/v2\/product_cat?post=338678"},{"taxonomy":"product_tag","embeddable":true,"href":"https:\/\/poccky.com\/index.php\/wp-json\/wp\/v2\/product_tag?post=338678"}],"curies":[{"name":"wp","href":"https:\/\/api.w.org\/{rel}","templated":true}]}}