{"id":338648,"date":"2023-11-06T20:07:35","date_gmt":"2023-11-06T20:07:35","guid":{"rendered":"https:\/\/poccky.com\/?post_type=product&#038;p=338648"},"modified":"2023-11-06T20:08:02","modified_gmt":"2023-11-06T20:08:02","slug":"jos-phine-2","status":"publish","type":"product","link":"https:\/\/poccky.com\/index.php\/product\/jos-phine-2\/","title":{"rendered":"Jos -Phine"},"content":{"rendered":"","protected":false},"excerpt":{"rendered":"<p>Bonjour .je m&#8217;appelle Jos\u00e9phine. Jolie femme bronz\u00e9e. la quarantaine tr\u00e8s active et de tr\u00e8s bonne \u00e9ducation et de bon niveau social. j&#8217;ai \u00e9tudi\u00e9 le fran\u00e7ais et ai \u00e9galement \u00e9t\u00e9 mod\u00e8le en Europe.<\/p>\n<p>J&#8217;aime particuli\u00e8rement la bonne cuisine qu&#8217;elle soit fran\u00e7aise. Italienne ou autre. le bon vin et avec de temps \u00e0 autre un bon cigare.Je voyage r\u00e9guli\u00e8rement en Europe \u00e0 Paris. Bruxelles. Cannes. Monaco. Milan. Gen\u00e8ve. Lisbonne.<\/p>\n<p>Pour vous. je peux me d\u00e9placer\/vous rencontrer \u00e0 Cannes &#8230;<\/p>\n<p>Vous comprendrez que je ne puis me d\u00e9voiler DAVANTAGE ici compte tenu de mes activit\u00e9s compl\u00e9mentaires.<\/p>\n<p>R\u00e9sidence habituel: Barcelone<\/p>\n<p>A Barcelone je me d\u00e9place uniquement. r\u00e9guli\u00e8rement sur Paris je vous re\u00e7ois dans un agr\u00e9able appartement dans le 7 \u00e8me arrondissement.<\/p>\n<p>O\u00f9 nous passerons une heure ou plusieurs heures en total discr\u00e9tions et luxure. Je me d\u00e9place uniquement a votre h\u00f4tel. My details Below mentioned<\/p>\n<p>                Nationality:<br \/>\n                Spanish <\/p>\n<p>                Languages:<br \/>\n                French.  spanish.  english.  italian.  portugues.<\/p>\n<p>                Age:<br \/>\n                45<\/p>\n<p>                Height:<br \/>\n                167<\/p>\n<p>                Weight:<br \/>\n                54<\/p>\n<p>                Hair:<br \/>\n                Brunette<\/p>\n<p>                Eyes:<br \/>\n                Brown<\/p>\n<p>                Measurements:<br \/>\n                95-65-99phone_android Phone:<br \/>\n          0033753931424<\/p>\n","protected":false},"featured_media":0,"comment_status":"open","ping_status":"closed","template":"","meta":{"site-sidebar-layout":"default","site-content-layout":"","ast-site-content-layout":"","site-content-style":"default","site-sidebar-style":"default","ast-global-header-display":"","ast-banner-title-visibility":"","ast-main-header-display":"","ast-hfb-above-header-display":"","ast-hfb-below-header-display":"","ast-hfb-mobile-header-display":"","site-post-title":"","ast-breadcrumbs-content":"","ast-featured-img":"","footer-sml-layout":"","theme-transparent-header-meta":"","adv-header-id-meta":"","stick-header-meta":"","header-above-stick-meta":"","header-main-stick-meta":"","header-below-stick-meta":"","astra-migrate-meta-layouts":"default","ast-page-background-enabled":"default","ast-page-background-meta":{"desktop":{"background-color":"var(--ast-global-color-4)","background-image":"","background-repeat":"repeat","background-position":"center center","background-size":"auto","background-attachment":"scroll","background-type":"","background-media":"","overlay-type":"","overlay-color":"","overlay-opacity":"","overlay-gradient":""},"tablet":{"background-color":"","background-image":"","background-repeat":"repeat","background-position":"center center","background-size":"auto","background-attachment":"scroll","background-type":"","background-media":"","overlay-type":"","overlay-color":"","overlay-opacity":"","overlay-gradient":""},"mobile":{"background-color":"","background-image":"","background-repeat":"repeat","background-position":"center center","background-size":"auto","background-attachment":"scroll","background-type":"","background-media":"","overlay-type":"","overlay-color":"","overlay-opacity":"","overlay-gradient":""}},"ast-content-background-meta":{"desktop":{"background-color":"var(--ast-global-color-5)","background-image":"","background-repeat":"repeat","background-position":"center center","background-size":"auto","background-attachment":"scroll","background-type":"","background-media":"","overlay-type":"","overlay-color":"","overlay-opacity":"","overlay-gradient":""},"tablet":{"background-color":"var(--ast-global-color-5)","background-image":"","background-repeat":"repeat","background-position":"center center","background-size":"auto","background-attachment":"scroll","background-type":"","background-media":"","overlay-type":"","overlay-color":"","overlay-opacity":"","overlay-gradient":""},"mobile":{"background-color":"var(--ast-global-color-5)","background-image":"","background-repeat":"repeat","background-position":"center center","background-size":"auto","background-attachment":"scroll","background-type":"","background-media":"","overlay-type":"","overlay-color":"","overlay-opacity":"","overlay-gradient":""}}},"product_brand":[],"product_cat":[188,958,1127],"product_tag":[],"class_list":{"0":"post-338648","1":"product","2":"type-product","3":"status-publish","5":"product_cat-freelancer","6":"product_cat-switzerland","7":"product_cat-zurich","8":"desktop-align-left","9":"tablet-align-left","10":"mobile-align-left","12":"first","13":"instock","14":"shipping-taxable","15":"product-type-simple"},"_links":{"self":[{"href":"https:\/\/poccky.com\/index.php\/wp-json\/wp\/v2\/product\/338648","targetHints":{"allow":["GET"]}}],"collection":[{"href":"https:\/\/poccky.com\/index.php\/wp-json\/wp\/v2\/product"}],"about":[{"href":"https:\/\/poccky.com\/index.php\/wp-json\/wp\/v2\/types\/product"}],"replies":[{"embeddable":true,"href":"https:\/\/poccky.com\/index.php\/wp-json\/wp\/v2\/comments?post=338648"}],"wp:attachment":[{"href":"https:\/\/poccky.com\/index.php\/wp-json\/wp\/v2\/media?parent=338648"}],"wp:term":[{"taxonomy":"product_brand","embeddable":true,"href":"https:\/\/poccky.com\/index.php\/wp-json\/wp\/v2\/product_brand?post=338648"},{"taxonomy":"product_cat","embeddable":true,"href":"https:\/\/poccky.com\/index.php\/wp-json\/wp\/v2\/product_cat?post=338648"},{"taxonomy":"product_tag","embeddable":true,"href":"https:\/\/poccky.com\/index.php\/wp-json\/wp\/v2\/product_tag?post=338648"}],"curies":[{"name":"wp","href":"https:\/\/api.w.org\/{rel}","templated":true}]}}