{"id":338296,"date":"2023-11-06T14:27:36","date_gmt":"2023-11-06T14:27:36","guid":{"rendered":"https:\/\/poccky.com\/?post_type=product&#038;p=338296"},"modified":"2023-11-06T14:27:44","modified_gmt":"2023-11-06T14:27:44","slug":"vip-escort-evren-2","status":"publish","type":"product","link":"https:\/\/poccky.com\/index.php\/product\/vip-escort-evren-2\/","title":{"rendered":"VIP ESCORT EVREN"},"content":{"rendered":"","protected":false},"excerpt":{"rendered":"<p>MERHABA EL?TE BEYLER.<br \/>\n25 Ya??nda.<br \/>\n\u00c7ekici .ne?eli ve g\u00fczel.<br \/>\nBak?ml? ve her zaman i\u00e7in ??k bir bayan?m\u2026<br \/>\nHijyen ve temizlik benim i\u00e7in \u00e7ok \u00f6nemlidir \u2026<br \/>\nANAL ?L??K? YOKTUR\u2026<br \/>\nCONDOM KULLANMAK ?ARTTIR\u2026<br \/>\n?L?SK?LER?MDE MEMNUN?YET VE G?ZL?L?K OLMAZSA OLMAZIMDIR\u2026<br \/>\n?EH?RDI?I SEYAHAT ENGEL?M YOKTUR&#8230;<br \/>\nEN KISA G\u00d6R\u00dc?ME S\u00dcRES? 2 SAATTEN BA?LAMAKTADIR&#8230;<br \/>\n2 SAATL?K E?L?K \u00dcCRET?M 600 TL. 3 SAATL?K 800TL. gecelik ise 1300 TL \u2019D?R\u2026.<br \/>\n\u00dcCRET?M SAB?TT?R PAZARLIK ETMEY?N?Z\u2026<br \/>\n5 YILDIZLI OTEL DI?INDA B?R MEKAN TEKL?F? ?STEM?YORUM\u2026<br \/>\nB?R G\u00dcN \u00d6NCEDEN RANDEVU ALMALISINIZ&#8230;<br \/>\nC?DD? OLANLAR KEND?LER?N? TANITAN (?EH?R. MESLEK. TELEFON NUMARASI. UYGUN OLDUGU G\u00dcN VB. B?G?LER) MA?L ATSIN D\u00d6N\u00dc? YAPILACAKTIR\u2026<br \/>\nNOT: B?LG?LER? D?KKATL? OKUYUN PAZARLIK YAPMAYIN VE TEKRAR SORU SORMAYIN\u2026<br \/>\nmail:prenses482010.hotmail.com My details Below mentioned<\/p>\n<p>                Nationality:<br \/>\n                TURK?SH <\/p>\n<p>                Age:<br \/>\n                25<\/p>\n<p>                Height:<br \/>\n                1.68<\/p>\n<p>                Weight:<br \/>\n                52<\/p>\n<p>                Hair:<br \/>\n                BLONDY<\/p>\n<p>                Eyes:<br \/>\n                HAZEL<\/p>\n<p>                Measurements:<br \/>\n                90 60 85<\/p>\n","protected":false},"featured_media":104063,"comment_status":"open","ping_status":"closed","template":"","meta":{"site-sidebar-layout":"default","site-content-layout":"","ast-site-content-layout":"","site-content-style":"default","site-sidebar-style":"default","ast-global-header-display":"","ast-banner-title-visibility":"","ast-main-header-display":"","ast-hfb-above-header-display":"","ast-hfb-below-header-display":"","ast-hfb-mobile-header-display":"","site-post-title":"","ast-breadcrumbs-content":"","ast-featured-img":"","footer-sml-layout":"","theme-transparent-header-meta":"","adv-header-id-meta":"","stick-header-meta":"","header-above-stick-meta":"","header-main-stick-meta":"","header-below-stick-meta":"","astra-migrate-meta-layouts":"default","ast-page-background-enabled":"default","ast-page-background-meta":{"desktop":{"background-color":"var(--ast-global-color-4)","background-image":"","background-repeat":"repeat","background-position":"center center","background-size":"auto","background-attachment":"scroll","background-type":"","background-media":"","overlay-type":"","overlay-color":"","overlay-opacity":"","overlay-gradient":""},"tablet":{"background-color":"","background-image":"","background-repeat":"repeat","background-position":"center center","background-size":"auto","background-attachment":"scroll","background-type":"","background-media":"","overlay-type":"","overlay-color":"","overlay-opacity":"","overlay-gradient":""},"mobile":{"background-color":"","background-image":"","background-repeat":"repeat","background-position":"center center","background-size":"auto","background-attachment":"scroll","background-type":"","background-media":"","overlay-type":"","overlay-color":"","overlay-opacity":"","overlay-gradient":""}},"ast-content-background-meta":{"desktop":{"background-color":"var(--ast-global-color-5)","background-image":"","background-repeat":"repeat","background-position":"center center","background-size":"auto","background-attachment":"scroll","background-type":"","background-media":"","overlay-type":"","overlay-color":"","overlay-opacity":"","overlay-gradient":""},"tablet":{"background-color":"var(--ast-global-color-5)","background-image":"","background-repeat":"repeat","background-position":"center center","background-size":"auto","background-attachment":"scroll","background-type":"","background-media":"","overlay-type":"","overlay-color":"","overlay-opacity":"","overlay-gradient":""},"mobile":{"background-color":"var(--ast-global-color-5)","background-image":"","background-repeat":"repeat","background-position":"center center","background-size":"auto","background-attachment":"scroll","background-type":"","background-media":"","overlay-type":"","overlay-color":"","overlay-opacity":"","overlay-gradient":""}}},"product_brand":[],"product_cat":[188,1113,243],"product_tag":[],"class_list":{"0":"post-338296","1":"product","2":"type-product","3":"status-publish","4":"has-post-thumbnail","6":"product_cat-freelancer","7":"product_cat-istanbul","8":"product_cat-turky","9":"desktop-align-left","10":"tablet-align-left","11":"mobile-align-left","13":"first","14":"instock","15":"shipping-taxable","16":"product-type-simple"},"_links":{"self":[{"href":"https:\/\/poccky.com\/index.php\/wp-json\/wp\/v2\/product\/338296","targetHints":{"allow":["GET"]}}],"collection":[{"href":"https:\/\/poccky.com\/index.php\/wp-json\/wp\/v2\/product"}],"about":[{"href":"https:\/\/poccky.com\/index.php\/wp-json\/wp\/v2\/types\/product"}],"replies":[{"embeddable":true,"href":"https:\/\/poccky.com\/index.php\/wp-json\/wp\/v2\/comments?post=338296"}],"wp:featuredmedia":[{"embeddable":true,"href":"https:\/\/poccky.com\/index.php\/wp-json\/wp\/v2\/media\/104063"}],"wp:attachment":[{"href":"https:\/\/poccky.com\/index.php\/wp-json\/wp\/v2\/media?parent=338296"}],"wp:term":[{"taxonomy":"product_brand","embeddable":true,"href":"https:\/\/poccky.com\/index.php\/wp-json\/wp\/v2\/product_brand?post=338296"},{"taxonomy":"product_cat","embeddable":true,"href":"https:\/\/poccky.com\/index.php\/wp-json\/wp\/v2\/product_cat?post=338296"},{"taxonomy":"product_tag","embeddable":true,"href":"https:\/\/poccky.com\/index.php\/wp-json\/wp\/v2\/product_tag?post=338296"}],"curies":[{"name":"wp","href":"https:\/\/api.w.org\/{rel}","templated":true}]}}