{"id":338160,"date":"2023-11-06T13:56:43","date_gmt":"2023-11-06T13:56:43","guid":{"rendered":"https:\/\/poccky.com\/?post_type=product&#038;p=338160"},"modified":"2023-11-06T13:56:53","modified_gmt":"2023-11-06T13:56:53","slug":"ashleylove-2","status":"publish","type":"product","link":"https:\/\/poccky.com\/index.php\/product\/ashleylove-2\/","title":{"rendered":"ASHLEYLOVE"},"content":{"rendered":"","protected":false},"excerpt":{"rendered":"<p>I am a very friendly brunette Parisian escort. I\u2019ve got beautiful curvy body and amazing sparkling blue eyes . I am friendly. very easy going and can get along with all sorts of personalities. I puts you at ease right away with my conversational skills and playful attitude. I am happily offers all services (with preserv\u2026). I am adorable young Parisian escort girl who will make sure to make each moment pleasurable. memorable and unique. Don&#8217;t hesitate to call me. I will be glad to help you arrange our date anywhere you want.. I will come out elegantly dressed for an outcall to your hotel or private residence<br \/>\nJe vous offrirai un authentique moment de sensualit\u00e9 d\u2019exotisme et de plaisir Je r\u00e9aliserai vos r\u00eaves je serai \u00e0 l\u2019\u00e9coute de vos d\u00e9sirs Je voudrais rencontrer de vrais gentlemen. Des hommes qui ont appris l\u2019art de faire l\u2019amour \u00e0 une femme. Des hommes qui savent appr\u00e9cier les escortes haut de gamme Pour un instant une heure une soir\u00e9e\u2026 ce rendez-vous sera inoubliable<br \/>\nJe suis tr\u00e8s coquine attentif \u00e0 tous les plaisirs intenses mon massage tr\u00e8s relaxant \u00e9rotique peau douce et parfum\u00e9e.J `aime aussi \u00e9treintes ma ch\u00e9rie ..jaime prendre mon temps Pour ceux qui aiment\u2026 bien s\u00fbr Toutes mes photos sont r\u00e9elles<br \/>\nEn attendant votre appel je vous fais de gros bisous<br \/>\n&#8212;&#8212;&#8212;&#8212;&#8212;&#8212;&#8212; My details Below mentioned<\/p>\n<p>                Nationality:<br \/>\n                French <\/p>\n<p>                Languages:<br \/>\n                English. French<\/p>\n<p>                Age:<br \/>\n                25<\/p>\n<p>                Height:<br \/>\n                167<\/p>\n<p>                Weight:<br \/>\n                56<\/p>\n<p>                Hair:<br \/>\n                BRUNETTE<\/p>\n<p>                Eyes:<br \/>\n                BLUE<\/p>\n<p>                Measurements:<br \/>\n                90-60-90<\/p>\n","protected":false},"featured_media":92133,"comment_status":"open","ping_status":"closed","template":"","meta":{"site-sidebar-layout":"default","site-content-layout":"","ast-site-content-layout":"","site-content-style":"default","site-sidebar-style":"default","ast-global-header-display":"","ast-banner-title-visibility":"","ast-main-header-display":"","ast-hfb-above-header-display":"","ast-hfb-below-header-display":"","ast-hfb-mobile-header-display":"","site-post-title":"","ast-breadcrumbs-content":"","ast-featured-img":"","footer-sml-layout":"","theme-transparent-header-meta":"","adv-header-id-meta":"","stick-header-meta":"","header-above-stick-meta":"","header-main-stick-meta":"","header-below-stick-meta":"","astra-migrate-meta-layouts":"default","ast-page-background-enabled":"default","ast-page-background-meta":{"desktop":{"background-color":"var(--ast-global-color-4)","background-image":"","background-repeat":"repeat","background-position":"center center","background-size":"auto","background-attachment":"scroll","background-type":"","background-media":"","overlay-type":"","overlay-color":"","overlay-opacity":"","overlay-gradient":""},"tablet":{"background-color":"","background-image":"","background-repeat":"repeat","background-position":"center center","background-size":"auto","background-attachment":"scroll","background-type":"","background-media":"","overlay-type":"","overlay-color":"","overlay-opacity":"","overlay-gradient":""},"mobile":{"background-color":"","background-image":"","background-repeat":"repeat","background-position":"center center","background-size":"auto","background-attachment":"scroll","background-type":"","background-media":"","overlay-type":"","overlay-color":"","overlay-opacity":"","overlay-gradient":""}},"ast-content-background-meta":{"desktop":{"background-color":"var(--ast-global-color-5)","background-image":"","background-repeat":"repeat","background-position":"center center","background-size":"auto","background-attachment":"scroll","background-type":"","background-media":"","overlay-type":"","overlay-color":"","overlay-opacity":"","overlay-gradient":""},"tablet":{"background-color":"var(--ast-global-color-5)","background-image":"","background-repeat":"repeat","background-position":"center center","background-size":"auto","background-attachment":"scroll","background-type":"","background-media":"","overlay-type":"","overlay-color":"","overlay-opacity":"","overlay-gradient":""},"mobile":{"background-color":"var(--ast-global-color-5)","background-image":"","background-repeat":"repeat","background-position":"center center","background-size":"auto","background-attachment":"scroll","background-type":"","background-media":"","overlay-type":"","overlay-color":"","overlay-opacity":"","overlay-gradient":""}}},"product_brand":[],"product_cat":[244,188,1118],"product_tag":[],"class_list":{"0":"post-338160","1":"product","2":"type-product","3":"status-publish","4":"has-post-thumbnail","6":"product_cat-france","7":"product_cat-freelancer","8":"product_cat-paris","9":"desktop-align-left","10":"tablet-align-left","11":"mobile-align-left","13":"first","14":"instock","15":"shipping-taxable","16":"product-type-simple"},"_links":{"self":[{"href":"https:\/\/poccky.com\/index.php\/wp-json\/wp\/v2\/product\/338160","targetHints":{"allow":["GET"]}}],"collection":[{"href":"https:\/\/poccky.com\/index.php\/wp-json\/wp\/v2\/product"}],"about":[{"href":"https:\/\/poccky.com\/index.php\/wp-json\/wp\/v2\/types\/product"}],"replies":[{"embeddable":true,"href":"https:\/\/poccky.com\/index.php\/wp-json\/wp\/v2\/comments?post=338160"}],"wp:featuredmedia":[{"embeddable":true,"href":"https:\/\/poccky.com\/index.php\/wp-json\/wp\/v2\/media\/92133"}],"wp:attachment":[{"href":"https:\/\/poccky.com\/index.php\/wp-json\/wp\/v2\/media?parent=338160"}],"wp:term":[{"taxonomy":"product_brand","embeddable":true,"href":"https:\/\/poccky.com\/index.php\/wp-json\/wp\/v2\/product_brand?post=338160"},{"taxonomy":"product_cat","embeddable":true,"href":"https:\/\/poccky.com\/index.php\/wp-json\/wp\/v2\/product_cat?post=338160"},{"taxonomy":"product_tag","embeddable":true,"href":"https:\/\/poccky.com\/index.php\/wp-json\/wp\/v2\/product_tag?post=338160"}],"curies":[{"name":"wp","href":"https:\/\/api.w.org\/{rel}","templated":true}]}}