{"id":337870,"date":"2023-11-06T12:55:02","date_gmt":"2023-11-06T12:55:02","guid":{"rendered":"https:\/\/poccky.com\/?post_type=product&#038;p=337870"},"modified":"2023-11-06T12:55:15","modified_gmt":"2023-11-06T12:55:15","slug":"lea-escort-paris-2","status":"publish","type":"product","link":"https:\/\/poccky.com\/index.php\/product\/lea-escort-paris-2\/","title":{"rendered":"LEA ESCORT PARIS"},"content":{"rendered":"","protected":false},"excerpt":{"rendered":"<p>Chers Gentlemen.<\/p>\n<p>Merci de lire mon annonce jusqu&#8217;au bout.<\/p>\n<p>Je suis une jeune femme de 28 ans. fran\u00e7aise. tendre. sensuelle et classe. a la peau plus douce qu&#8217;un b\u00e9b\u00e9 et a la chevelure rousse.<br \/>\nV\u00e9ritable GFE. je saurai \u00eatre votre accompagnatrice id\u00e9ale pour vos sorties( d\u00eeners.spectacles. affaires) ou pour des moments plus intimes et sensuels.<br \/>\nJe privil\u00e9gie avant tout les rencontres de qualit\u00e9 bas\u00e9es sur le respect. l&#8217;\u00e9l\u00e9gance et la courtoisie.<br \/>\nJe suis une d\u00e9esse de l&#8217;amour o\u00f9 le partage. le plaisir et l&#8217;\u00e9coute seront les ma\u00eetres mots de nos rencontres chaleureuses.<br \/>\nJe n&#8217;accepte que les hommes distingu\u00e9s et respectueux entre 30 et 65 ans.<br \/>\nJe me d\u00e9place a votre h\u00f4tel ou a votre domicile sur Paris et tr\u00e8s proche banlieue.<br \/>\nJE NE RE\u00c7OIS PAS!!<br \/>\nPour un premier contact. merci de bien vouloir m&#8217;\u00e9crire UNIQUEMENT par mail.<br \/>\nLea75p.gmail.com<br \/>\nMerci de bien vouloir vous pr\u00e9senter en pr\u00e9cisant votre \u00e2ge et vos attentes.<br \/>\nPAS DE SMS NI APPELS PRIVES<br \/>\nPar souci d&#8217;organisation. du fait de mon autre activit\u00e9. ayez la gentillesse de me contacter le matin pour le soir ou mieux encore la veille pour le lendemain.<br \/>\nMes photos sont tr\u00e8s r\u00e9centes et r\u00e9elles sans retouche.<br \/>\nPour toute demande de perversion ou de brutalit\u00e9. MERCI DE VOUS ABSTENIR!<br \/>\nA tr\u00e8s vite pour des moments inoubliables.<br \/>\nLEA<\/p>\n<p>1h 300\u20ac<br \/>\n1h30 400\u20ac<br \/>\n2h 500\u20ac<br \/>\n3h 750\u20ac<br \/>\nNuit 1500\u20ac My details Below mentioned<\/p>\n<p>                Nationality:<br \/>\n                FRANCAISE <\/p>\n<p>                Languages:<br \/>\n                French<\/p>\n<p>                Age:<br \/>\n                28<\/p>\n<p>                Height:<br \/>\n                174<\/p>\n<p>                Weight:<br \/>\n                60<\/p>\n<p>                Hair:<br \/>\n                Roux<\/p>\n<p>                Eyes:<br \/>\n                Marron<\/p>\n<p>                Measurements:<br \/>\n                85-65-95<\/p>\n","protected":false},"featured_media":104456,"comment_status":"open","ping_status":"closed","template":"","meta":{"site-sidebar-layout":"default","site-content-layout":"","ast-site-content-layout":"","site-content-style":"default","site-sidebar-style":"default","ast-global-header-display":"","ast-banner-title-visibility":"","ast-main-header-display":"","ast-hfb-above-header-display":"","ast-hfb-below-header-display":"","ast-hfb-mobile-header-display":"","site-post-title":"","ast-breadcrumbs-content":"","ast-featured-img":"","footer-sml-layout":"","theme-transparent-header-meta":"","adv-header-id-meta":"","stick-header-meta":"","header-above-stick-meta":"","header-main-stick-meta":"","header-below-stick-meta":"","astra-migrate-meta-layouts":"default","ast-page-background-enabled":"default","ast-page-background-meta":{"desktop":{"background-color":"var(--ast-global-color-4)","background-image":"","background-repeat":"repeat","background-position":"center center","background-size":"auto","background-attachment":"scroll","background-type":"","background-media":"","overlay-type":"","overlay-color":"","overlay-opacity":"","overlay-gradient":""},"tablet":{"background-color":"","background-image":"","background-repeat":"repeat","background-position":"center center","background-size":"auto","background-attachment":"scroll","background-type":"","background-media":"","overlay-type":"","overlay-color":"","overlay-opacity":"","overlay-gradient":""},"mobile":{"background-color":"","background-image":"","background-repeat":"repeat","background-position":"center center","background-size":"auto","background-attachment":"scroll","background-type":"","background-media":"","overlay-type":"","overlay-color":"","overlay-opacity":"","overlay-gradient":""}},"ast-content-background-meta":{"desktop":{"background-color":"var(--ast-global-color-5)","background-image":"","background-repeat":"repeat","background-position":"center center","background-size":"auto","background-attachment":"scroll","background-type":"","background-media":"","overlay-type":"","overlay-color":"","overlay-opacity":"","overlay-gradient":""},"tablet":{"background-color":"var(--ast-global-color-5)","background-image":"","background-repeat":"repeat","background-position":"center center","background-size":"auto","background-attachment":"scroll","background-type":"","background-media":"","overlay-type":"","overlay-color":"","overlay-opacity":"","overlay-gradient":""},"mobile":{"background-color":"var(--ast-global-color-5)","background-image":"","background-repeat":"repeat","background-position":"center center","background-size":"auto","background-attachment":"scroll","background-type":"","background-media":"","overlay-type":"","overlay-color":"","overlay-opacity":"","overlay-gradient":""}}},"product_brand":[],"product_cat":[244,188,1118],"product_tag":[],"class_list":{"0":"post-337870","1":"product","2":"type-product","3":"status-publish","4":"has-post-thumbnail","6":"product_cat-france","7":"product_cat-freelancer","8":"product_cat-paris","9":"desktop-align-left","10":"tablet-align-left","11":"mobile-align-left","13":"first","14":"instock","15":"shipping-taxable","16":"product-type-simple"},"_links":{"self":[{"href":"https:\/\/poccky.com\/index.php\/wp-json\/wp\/v2\/product\/337870","targetHints":{"allow":["GET"]}}],"collection":[{"href":"https:\/\/poccky.com\/index.php\/wp-json\/wp\/v2\/product"}],"about":[{"href":"https:\/\/poccky.com\/index.php\/wp-json\/wp\/v2\/types\/product"}],"replies":[{"embeddable":true,"href":"https:\/\/poccky.com\/index.php\/wp-json\/wp\/v2\/comments?post=337870"}],"wp:featuredmedia":[{"embeddable":true,"href":"https:\/\/poccky.com\/index.php\/wp-json\/wp\/v2\/media\/104456"}],"wp:attachment":[{"href":"https:\/\/poccky.com\/index.php\/wp-json\/wp\/v2\/media?parent=337870"}],"wp:term":[{"taxonomy":"product_brand","embeddable":true,"href":"https:\/\/poccky.com\/index.php\/wp-json\/wp\/v2\/product_brand?post=337870"},{"taxonomy":"product_cat","embeddable":true,"href":"https:\/\/poccky.com\/index.php\/wp-json\/wp\/v2\/product_cat?post=337870"},{"taxonomy":"product_tag","embeddable":true,"href":"https:\/\/poccky.com\/index.php\/wp-json\/wp\/v2\/product_tag?post=337870"}],"curies":[{"name":"wp","href":"https:\/\/api.w.org\/{rel}","templated":true}]}}