{"id":337405,"date":"2023-11-06T11:23:38","date_gmt":"2023-11-06T11:23:38","guid":{"rendered":"https:\/\/poccky.com\/?post_type=product&#038;p=337405"},"modified":"2023-11-06T11:23:48","modified_gmt":"2023-11-06T11:23:48","slug":"dayana-15","status":"publish","type":"product","link":"https:\/\/poccky.com\/index.php\/product\/dayana-15\/","title":{"rendered":"Dayana"},"content":{"rendered":"","protected":false},"excerpt":{"rendered":"<p>SEXY! SEXY! SEXY! SEXY! SEXY! SEXY!<\/p>\n<p>Cher gentleman.<\/p>\n<p>Vous recherchez la compagnie d&#8217;une belle jeune femme qui vous apporte de la tendresse. de l&#8217;\u00e9coute et de l&#8217;attention?<br \/>\nJe m&#8217;appelle DAYANA. une \u00e9l\u00e9gante escorte occasionnelle. cheveux brun. d&#8217;origine europ\u00e9enne. j&#8217;ai de 20 ans. naturelle et c\u00e2line. J&#8217;ai les yeux clairs. au regard passionn\u00e9. un super joli visage ang\u00e9lique et un sourire ravageur&#8230; Une femme sexy. f\u00e9minine sans \u00eatre vulgaire.<\/p>\n<p>Je suis dot\u00e9e d&#8217;une sensualit\u00e9 \u00e0 fleur de peau et vais vous faire chavirer en un instant! Je vais vous \u00e9tonner non seulement par ma douceur. ma gentillesse et mon sens de l&#8217;humour. mais \u00e9galement par ma fougue et mon temp\u00e9rament de feu dans l&#8217;intimit\u00e9.<\/p>\n<p>Je suis attentionn\u00e9e et \u00e0 l&#8217;\u00e9coute de tous vos d\u00e9sirs Messieurs!!<\/p>\n<p>Je serais \u00eatre votre petite amie le temps d&#8217;un instant (Girlfriend experience: GFE)<br \/>\nJ&#8217;esp\u00e8re \u00e0 bient\u00f4t pour un moment inoubliable entre nous.<\/p>\n<p>Je vous embrasse tendrement &#8230;<\/p>\n<p>Mademoiselle DAYANA My details Below mentioned<\/p>\n<p>                Nationality:<br \/>\n                Spain <\/p>\n<p>                Languages:<br \/>\n                Spanish.  english.  fran\u00e7ais <\/p>\n<p>                Age:<br \/>\n                20<\/p>\n<p>                Height:<br \/>\n                167<\/p>\n<p>                Weight:<br \/>\n                54<\/p>\n<p>                Hair:<br \/>\n                Long<\/p>\n<p>                Eyes:<br \/>\n                Vert<\/p>\n","protected":false},"featured_media":104251,"comment_status":"open","ping_status":"closed","template":"","meta":{"site-sidebar-layout":"default","site-content-layout":"","ast-site-content-layout":"","site-content-style":"default","site-sidebar-style":"default","ast-global-header-display":"","ast-banner-title-visibility":"","ast-main-header-display":"","ast-hfb-above-header-display":"","ast-hfb-below-header-display":"","ast-hfb-mobile-header-display":"","site-post-title":"","ast-breadcrumbs-content":"","ast-featured-img":"","footer-sml-layout":"","theme-transparent-header-meta":"","adv-header-id-meta":"","stick-header-meta":"","header-above-stick-meta":"","header-main-stick-meta":"","header-below-stick-meta":"","astra-migrate-meta-layouts":"default","ast-page-background-enabled":"default","ast-page-background-meta":{"desktop":{"background-color":"var(--ast-global-color-4)","background-image":"","background-repeat":"repeat","background-position":"center center","background-size":"auto","background-attachment":"scroll","background-type":"","background-media":"","overlay-type":"","overlay-color":"","overlay-opacity":"","overlay-gradient":""},"tablet":{"background-color":"","background-image":"","background-repeat":"repeat","background-position":"center center","background-size":"auto","background-attachment":"scroll","background-type":"","background-media":"","overlay-type":"","overlay-color":"","overlay-opacity":"","overlay-gradient":""},"mobile":{"background-color":"","background-image":"","background-repeat":"repeat","background-position":"center center","background-size":"auto","background-attachment":"scroll","background-type":"","background-media":"","overlay-type":"","overlay-color":"","overlay-opacity":"","overlay-gradient":""}},"ast-content-background-meta":{"desktop":{"background-color":"var(--ast-global-color-5)","background-image":"","background-repeat":"repeat","background-position":"center center","background-size":"auto","background-attachment":"scroll","background-type":"","background-media":"","overlay-type":"","overlay-color":"","overlay-opacity":"","overlay-gradient":""},"tablet":{"background-color":"var(--ast-global-color-5)","background-image":"","background-repeat":"repeat","background-position":"center center","background-size":"auto","background-attachment":"scroll","background-type":"","background-media":"","overlay-type":"","overlay-color":"","overlay-opacity":"","overlay-gradient":""},"mobile":{"background-color":"var(--ast-global-color-5)","background-image":"","background-repeat":"repeat","background-position":"center center","background-size":"auto","background-attachment":"scroll","background-type":"","background-media":"","overlay-type":"","overlay-color":"","overlay-opacity":"","overlay-gradient":""}}},"product_brand":[],"product_cat":[244,188,1118],"product_tag":[],"class_list":{"0":"post-337405","1":"product","2":"type-product","3":"status-publish","4":"has-post-thumbnail","6":"product_cat-france","7":"product_cat-freelancer","8":"product_cat-paris","9":"desktop-align-left","10":"tablet-align-left","11":"mobile-align-left","13":"first","14":"instock","15":"shipping-taxable","16":"product-type-simple"},"_links":{"self":[{"href":"https:\/\/poccky.com\/index.php\/wp-json\/wp\/v2\/product\/337405","targetHints":{"allow":["GET"]}}],"collection":[{"href":"https:\/\/poccky.com\/index.php\/wp-json\/wp\/v2\/product"}],"about":[{"href":"https:\/\/poccky.com\/index.php\/wp-json\/wp\/v2\/types\/product"}],"replies":[{"embeddable":true,"href":"https:\/\/poccky.com\/index.php\/wp-json\/wp\/v2\/comments?post=337405"}],"wp:featuredmedia":[{"embeddable":true,"href":"https:\/\/poccky.com\/index.php\/wp-json\/wp\/v2\/media\/104251"}],"wp:attachment":[{"href":"https:\/\/poccky.com\/index.php\/wp-json\/wp\/v2\/media?parent=337405"}],"wp:term":[{"taxonomy":"product_brand","embeddable":true,"href":"https:\/\/poccky.com\/index.php\/wp-json\/wp\/v2\/product_brand?post=337405"},{"taxonomy":"product_cat","embeddable":true,"href":"https:\/\/poccky.com\/index.php\/wp-json\/wp\/v2\/product_cat?post=337405"},{"taxonomy":"product_tag","embeddable":true,"href":"https:\/\/poccky.com\/index.php\/wp-json\/wp\/v2\/product_tag?post=337405"}],"curies":[{"name":"wp","href":"https:\/\/api.w.org\/{rel}","templated":true}]}}