{"id":336871,"date":"2023-11-06T09:41:05","date_gmt":"2023-11-06T09:41:05","guid":{"rendered":"https:\/\/poccky.com\/?post_type=product&#038;p=336871"},"modified":"2023-11-06T09:41:12","modified_gmt":"2023-11-06T09:41:12","slug":"madame-sylvie-2","status":"publish","type":"product","link":"https:\/\/poccky.com\/index.php\/product\/madame-sylvie-2\/","title":{"rendered":"Madame Sylvie"},"content":{"rendered":"","protected":false},"excerpt":{"rendered":"<p>Et voila: eine neue High Class Lady bei Madame Bell\u00e1. Wir freuen uns sehr \u00fcber diese temperamentvolle Unterst\u00fctzung aus Marbella. Sylvie ist Personal Trainerin und pendelt zwischen Deutschland und Spanien. Sie liebt es ihr Clientel in Form zu bringen und immer wieder zu animieren und zu begleiten. Durch ihr Traveling bleibt ihr leider  wenig Zeit f\u00fcr eine leidenschaftliche Beziehun.G dabei versp\u00fcrt sie eine unglaubliche sexuelle Energie . welche auch gerne in die bizarre Erotik entgleiten darf. Im Escort-Service m\u00f6chte Sylvie  den charmanten Gentleman kennenlernen und besondere Begegnungen erleben. Sie liebt gute Gespr\u00e4che. Humor und Stil. My details Below mentioned<\/p>\n<p>                Nationality:<br \/>\n                Spanisch <\/p>\n<p>                Languages:<br \/>\n                deutsch.  englisch.  spanisch<\/p>\n<p>                Age:<br \/>\n                30<\/p>\n<p>                Height:<br \/>\n                162 cm<\/p>\n<p>                Weight:<br \/>\n                48 kg<\/p>\n<p>                Hair:<br \/>\n                lan.G dunkelblond<\/p>\n<p>                Eyes:<br \/>\n                braun<\/p>\n<p>                Measurements:<br \/>\n                87-60-90phone_android Phone:<br \/>\n          4917687414234<\/p>\n","protected":false},"featured_media":98893,"comment_status":"open","ping_status":"closed","template":"","meta":{"site-sidebar-layout":"default","site-content-layout":"","ast-site-content-layout":"","site-content-style":"default","site-sidebar-style":"default","ast-global-header-display":"","ast-banner-title-visibility":"","ast-main-header-display":"","ast-hfb-above-header-display":"","ast-hfb-below-header-display":"","ast-hfb-mobile-header-display":"","site-post-title":"","ast-breadcrumbs-content":"","ast-featured-img":"","footer-sml-layout":"","theme-transparent-header-meta":"","adv-header-id-meta":"","stick-header-meta":"","header-above-stick-meta":"","header-main-stick-meta":"","header-below-stick-meta":"","astra-migrate-meta-layouts":"default","ast-page-background-enabled":"default","ast-page-background-meta":{"desktop":{"background-color":"var(--ast-global-color-4)","background-image":"","background-repeat":"repeat","background-position":"center center","background-size":"auto","background-attachment":"scroll","background-type":"","background-media":"","overlay-type":"","overlay-color":"","overlay-opacity":"","overlay-gradient":""},"tablet":{"background-color":"","background-image":"","background-repeat":"repeat","background-position":"center center","background-size":"auto","background-attachment":"scroll","background-type":"","background-media":"","overlay-type":"","overlay-color":"","overlay-opacity":"","overlay-gradient":""},"mobile":{"background-color":"","background-image":"","background-repeat":"repeat","background-position":"center center","background-size":"auto","background-attachment":"scroll","background-type":"","background-media":"","overlay-type":"","overlay-color":"","overlay-opacity":"","overlay-gradient":""}},"ast-content-background-meta":{"desktop":{"background-color":"var(--ast-global-color-5)","background-image":"","background-repeat":"repeat","background-position":"center center","background-size":"auto","background-attachment":"scroll","background-type":"","background-media":"","overlay-type":"","overlay-color":"","overlay-opacity":"","overlay-gradient":""},"tablet":{"background-color":"var(--ast-global-color-5)","background-image":"","background-repeat":"repeat","background-position":"center center","background-size":"auto","background-attachment":"scroll","background-type":"","background-media":"","overlay-type":"","overlay-color":"","overlay-opacity":"","overlay-gradient":""},"mobile":{"background-color":"var(--ast-global-color-5)","background-image":"","background-repeat":"repeat","background-position":"center center","background-size":"auto","background-attachment":"scroll","background-type":"","background-media":"","overlay-type":"","overlay-color":"","overlay-opacity":"","overlay-gradient":""}}},"product_brand":[],"product_cat":[996,188,811],"product_tag":[],"class_list":{"0":"post-336871","1":"product","2":"type-product","3":"status-publish","4":"has-post-thumbnail","6":"product_cat-berlin","7":"product_cat-freelancer","8":"product_cat-germany","9":"desktop-align-left","10":"tablet-align-left","11":"mobile-align-left","13":"first","14":"instock","15":"shipping-taxable","16":"product-type-simple"},"_links":{"self":[{"href":"https:\/\/poccky.com\/index.php\/wp-json\/wp\/v2\/product\/336871","targetHints":{"allow":["GET"]}}],"collection":[{"href":"https:\/\/poccky.com\/index.php\/wp-json\/wp\/v2\/product"}],"about":[{"href":"https:\/\/poccky.com\/index.php\/wp-json\/wp\/v2\/types\/product"}],"replies":[{"embeddable":true,"href":"https:\/\/poccky.com\/index.php\/wp-json\/wp\/v2\/comments?post=336871"}],"wp:featuredmedia":[{"embeddable":true,"href":"https:\/\/poccky.com\/index.php\/wp-json\/wp\/v2\/media\/98893"}],"wp:attachment":[{"href":"https:\/\/poccky.com\/index.php\/wp-json\/wp\/v2\/media?parent=336871"}],"wp:term":[{"taxonomy":"product_brand","embeddable":true,"href":"https:\/\/poccky.com\/index.php\/wp-json\/wp\/v2\/product_brand?post=336871"},{"taxonomy":"product_cat","embeddable":true,"href":"https:\/\/poccky.com\/index.php\/wp-json\/wp\/v2\/product_cat?post=336871"},{"taxonomy":"product_tag","embeddable":true,"href":"https:\/\/poccky.com\/index.php\/wp-json\/wp\/v2\/product_tag?post=336871"}],"curies":[{"name":"wp","href":"https:\/\/api.w.org\/{rel}","templated":true}]}}