{"id":326862,"date":"2023-11-04T03:59:04","date_gmt":"2023-11-04T03:59:04","guid":{"rendered":"https:\/\/poccky.com\/?post_type=product&#038;p=326862"},"modified":"2023-11-04T03:59:06","modified_gmt":"2023-11-04T03:59:06","slug":"superflexible-roleplay","status":"publish","type":"product","link":"https:\/\/poccky.com\/index.php\/product\/superflexible-roleplay\/","title":{"rendered":"SUPERFLEXIBLE ROLEPLAY"},"content":{"rendered":"","protected":false},"excerpt":{"rendered":"<p>Voluptuous and SUPER FLEXIBLE Fitness Model ONLY 20 years old Independent escort Escort. I&#8217;m 170 cm tall with a CURVY BODY 93Cx65x95 stunning figure. green eyes and costumes RolePlay (secretary. schoolgirl. nurse. teacher. mistress). My photos are FRESH! I can easily send you SELFIE!<\/p>\n<p>I&#8217;m INCALL and OUTCALL (minimum 2 hours or longer)!<\/p>\n<p>My gift:<\/p>\n<p>1 shot 30min 180<\/p>\n<p>1 hour 250<\/p>\n<p>2 hours 500<\/p>\n<p>Dinner (6 hours) 1000<\/p>\n<p>Night 12 hours 1500<\/p>\n<p>CIM INCLUDED<\/p>\n<p>A+ service 100 extra<\/p>\n<p>Text me on WhatsApp:<\/p>\n<p>CONFIDENTIALITY IS GUARANTEED!<\/p>\n<p>Voluptueux et SUPER FLEXIBLE Fitness Mod\u00e8le SEULEMENT 20 ans Escorte ind\u00e9pendante Escort. Je mesure 170 cm de haut avec une silhouette \u00e9poustouflante 93Cx65x95 CURVY BODY. des yeux verts et des costumes RolePlay (secr\u00e9taire. \u00e9coli\u00e8re. infirmi\u00e8re. prof. ma\u00eetresse). Mes photos sont FRAICHES! Je peux facilement vous envoyer SELFIE!<\/p>\n<p>Je suis INCALL et OUTCALL (minimum 2 heures ou plus)!<\/p>\n<p>Mes tarifs:<\/p>\n<p>1 tir 30min 180<\/p>\n<p>1 heure 250<\/p>\n<p>2 heures 500<\/p>\n<p>D\u00eener (6 heures) 1000<\/p>\n<p>Nuit 12 heures 1500<\/p>\n<p>CIM INCLUS<\/p>\n<p>Un service + 100 suppl\u00e9mentaire<\/p>\n<p>Services:<\/p>\n<p>A + service +100 suppl\u00e9mentaire<\/p>\n<p>VIP escorte massage<\/p>\n<p>Classique<\/p>\n<p>Deep French Kiss avec la langue<\/p>\n<p>Avalez +50 extra<\/p>\n<p>Jeu de r\u00f4le<\/p>\n<p>Domination de\u00a0 l\u00e9g\u00e8re<\/p>\n<p>Domination dure +50 extra<\/p>\n<p>DFK<\/p>\n<p>DT<\/p>\n<p>COF<\/p>\n<p>COB<\/p>\n<p>CIM INCLUS<\/p>\n<p>Striptease<\/p>\n<p>Envoyez-moi un SMS sur WhatsApp:\u00a0<\/p>\n<p>LA CONFIDENTIALIT\u00c9 EST GARANTIE! My details Below mentioned<\/p>\n<p>                Nationality:<br \/>\n                Lithuanian <\/p>\n<p>                Languages:<br \/>\n                English. French<\/p>\n<p>                Age:<br \/>\n                20<\/p>\n<p>                Height:<br \/>\n                170cm<\/p>\n<p>                Weight:<br \/>\n                51<\/p>\n<p>                Hair:<br \/>\n                Natural Long Blonde<\/p>\n<p>                Eyes:<br \/>\n                Green<\/p>\n<p>                Measurements:<br \/>\n                93x56x98Companionship rates:<\/p>\n<p>                  1 hour rate<br \/>\n                  250 EUR<\/p>\n<p>                  2 hours rate<br \/>\n                  500 EUR<\/p>\n<p>                  3 hours rate<br \/>\n                  750 EUR<\/p>\n<p>                  full night rate<br \/>\n                  1500 EUR<\/p>\n","protected":false},"featured_media":277068,"comment_status":"open","ping_status":"closed","template":"","meta":{"site-sidebar-layout":"default","site-content-layout":"","ast-site-content-layout":"","site-content-style":"default","site-sidebar-style":"default","ast-global-header-display":"","ast-banner-title-visibility":"","ast-main-header-display":"","ast-hfb-above-header-display":"","ast-hfb-below-header-display":"","ast-hfb-mobile-header-display":"","site-post-title":"","ast-breadcrumbs-content":"","ast-featured-img":"","footer-sml-layout":"","theme-transparent-header-meta":"","adv-header-id-meta":"","stick-header-meta":"","header-above-stick-meta":"","header-main-stick-meta":"","header-below-stick-meta":"","astra-migrate-meta-layouts":"default","ast-page-background-enabled":"default","ast-page-background-meta":{"desktop":{"background-color":"var(--ast-global-color-4)","background-image":"","background-repeat":"repeat","background-position":"center center","background-size":"auto","background-attachment":"scroll","background-type":"","background-media":"","overlay-type":"","overlay-color":"","overlay-opacity":"","overlay-gradient":""},"tablet":{"background-color":"","background-image":"","background-repeat":"repeat","background-position":"center center","background-size":"auto","background-attachment":"scroll","background-type":"","background-media":"","overlay-type":"","overlay-color":"","overlay-opacity":"","overlay-gradient":""},"mobile":{"background-color":"","background-image":"","background-repeat":"repeat","background-position":"center center","background-size":"auto","background-attachment":"scroll","background-type":"","background-media":"","overlay-type":"","overlay-color":"","overlay-opacity":"","overlay-gradient":""}},"ast-content-background-meta":{"desktop":{"background-color":"var(--ast-global-color-5)","background-image":"","background-repeat":"repeat","background-position":"center center","background-size":"auto","background-attachment":"scroll","background-type":"","background-media":"","overlay-type":"","overlay-color":"","overlay-opacity":"","overlay-gradient":""},"tablet":{"background-color":"var(--ast-global-color-5)","background-image":"","background-repeat":"repeat","background-position":"center center","background-size":"auto","background-attachment":"scroll","background-type":"","background-media":"","overlay-type":"","overlay-color":"","overlay-opacity":"","overlay-gradient":""},"mobile":{"background-color":"var(--ast-global-color-5)","background-image":"","background-repeat":"repeat","background-position":"center center","background-size":"auto","background-attachment":"scroll","background-type":"","background-media":"","overlay-type":"","overlay-color":"","overlay-opacity":"","overlay-gradient":""}}},"product_brand":[],"product_cat":[244,188,1118],"product_tag":[],"class_list":{"0":"post-326862","1":"product","2":"type-product","3":"status-publish","4":"has-post-thumbnail","6":"product_cat-france","7":"product_cat-freelancer","8":"product_cat-paris","9":"desktop-align-left","10":"tablet-align-left","11":"mobile-align-left","13":"first","14":"instock","15":"shipping-taxable","16":"product-type-simple"},"_links":{"self":[{"href":"https:\/\/poccky.com\/index.php\/wp-json\/wp\/v2\/product\/326862","targetHints":{"allow":["GET"]}}],"collection":[{"href":"https:\/\/poccky.com\/index.php\/wp-json\/wp\/v2\/product"}],"about":[{"href":"https:\/\/poccky.com\/index.php\/wp-json\/wp\/v2\/types\/product"}],"replies":[{"embeddable":true,"href":"https:\/\/poccky.com\/index.php\/wp-json\/wp\/v2\/comments?post=326862"}],"wp:featuredmedia":[{"embeddable":true,"href":"https:\/\/poccky.com\/index.php\/wp-json\/wp\/v2\/media\/277068"}],"wp:attachment":[{"href":"https:\/\/poccky.com\/index.php\/wp-json\/wp\/v2\/media?parent=326862"}],"wp:term":[{"taxonomy":"product_brand","embeddable":true,"href":"https:\/\/poccky.com\/index.php\/wp-json\/wp\/v2\/product_brand?post=326862"},{"taxonomy":"product_cat","embeddable":true,"href":"https:\/\/poccky.com\/index.php\/wp-json\/wp\/v2\/product_cat?post=326862"},{"taxonomy":"product_tag","embeddable":true,"href":"https:\/\/poccky.com\/index.php\/wp-json\/wp\/v2\/product_tag?post=326862"}],"curies":[{"name":"wp","href":"https:\/\/api.w.org\/{rel}","templated":true}]}}