{"id":324228,"date":"2023-11-03T20:46:37","date_gmt":"2023-11-03T20:46:37","guid":{"rendered":"https:\/\/poccky.com\/?post_type=product&#038;p=324228"},"modified":"2023-11-03T20:46:44","modified_gmt":"2023-11-03T20:46:44","slug":"alice-hellen","status":"publish","type":"product","link":"https:\/\/poccky.com\/index.php\/product\/alice-hellen\/","title":{"rendered":"Alice Hellen"},"content":{"rendered":"","protected":false},"excerpt":{"rendered":"<p>Je suis une v\u00e9ritable girl. ce qui veut dire que je porte la plus grande attention \u00e0 chacun ?Chaque rendez vous est unique et je fais tout mon possible ( dans le respect et la limite des services que je vous propose ) Pour moi il est important que vous vous souveniez de moi. ?J&#8217;aime vous revoir r\u00e9guli\u00e8rement de fa\u00e7on \u00e0 cr\u00e9er la complicit\u00e9 qui peut exister entre un homme et son amie?Vous pouvez me contacter des 10H DU MATIN Si je ne vous r\u00e9pond pas imm\u00e9diatement c&#8217;est que je suis occup\u00e9e. Je ne r\u00e9ponds jamais quand je suis occup\u00e9e. Mais rassurez vous et soyez patient je r\u00e9ponds toujours. c&#8217;est la moindre des politesses. On me dit tr\u00e8s jolie. avec une forte personnalit\u00e9. tr\u00e8s intelligente. p\u00e9tillante. enjou\u00e9e . Pour les raisons que je viens d&#8217;\u00e9voquer. le feeling est tr\u00e8s important.?appeler moiServices: Full sensual body massage. GFE.  HJ. BJ. DT. OWO. 69. Dirty Talk. Toys. Striptease. Role play. Lingerie. Fetish. Foot Fetish. Face sittin.G Light domination. COB  . TOUTES LES POSITIONS  Par exemple: 69.  branlette espagnole. cavali\u00e8re. missionaire etc..??Massage prost. +50        ??No A+ My details Below mentioned<\/p>\n<p>                Nationality:<br \/>\n                Greek <\/p>\n<p>                Languages:<br \/>\n                English. French<\/p>\n<p>                Age:<br \/>\n                24<\/p>\n<p>                Height:<br \/>\n                161<\/p>\n<p>                Weight:<br \/>\n                49<\/p>\n<p>                Hair:<br \/>\n                long brune<\/p>\n<p>                Eyes:<br \/>\n                brun<\/p>\n<p>                Measurements:<br \/>\n                90-60-90Companionship rates:<\/p>\n<p>                  1 hour rate<br \/>\n                  250 EUR<\/p>\n","protected":false},"featured_media":279538,"comment_status":"open","ping_status":"closed","template":"","meta":{"site-sidebar-layout":"default","site-content-layout":"","ast-site-content-layout":"","site-content-style":"default","site-sidebar-style":"default","ast-global-header-display":"","ast-banner-title-visibility":"","ast-main-header-display":"","ast-hfb-above-header-display":"","ast-hfb-below-header-display":"","ast-hfb-mobile-header-display":"","site-post-title":"","ast-breadcrumbs-content":"","ast-featured-img":"","footer-sml-layout":"","theme-transparent-header-meta":"","adv-header-id-meta":"","stick-header-meta":"","header-above-stick-meta":"","header-main-stick-meta":"","header-below-stick-meta":"","astra-migrate-meta-layouts":"default","ast-page-background-enabled":"default","ast-page-background-meta":{"desktop":{"background-color":"var(--ast-global-color-4)","background-image":"","background-repeat":"repeat","background-position":"center center","background-size":"auto","background-attachment":"scroll","background-type":"","background-media":"","overlay-type":"","overlay-color":"","overlay-opacity":"","overlay-gradient":""},"tablet":{"background-color":"","background-image":"","background-repeat":"repeat","background-position":"center center","background-size":"auto","background-attachment":"scroll","background-type":"","background-media":"","overlay-type":"","overlay-color":"","overlay-opacity":"","overlay-gradient":""},"mobile":{"background-color":"","background-image":"","background-repeat":"repeat","background-position":"center center","background-size":"auto","background-attachment":"scroll","background-type":"","background-media":"","overlay-type":"","overlay-color":"","overlay-opacity":"","overlay-gradient":""}},"ast-content-background-meta":{"desktop":{"background-color":"var(--ast-global-color-5)","background-image":"","background-repeat":"repeat","background-position":"center center","background-size":"auto","background-attachment":"scroll","background-type":"","background-media":"","overlay-type":"","overlay-color":"","overlay-opacity":"","overlay-gradient":""},"tablet":{"background-color":"var(--ast-global-color-5)","background-image":"","background-repeat":"repeat","background-position":"center center","background-size":"auto","background-attachment":"scroll","background-type":"","background-media":"","overlay-type":"","overlay-color":"","overlay-opacity":"","overlay-gradient":""},"mobile":{"background-color":"var(--ast-global-color-5)","background-image":"","background-repeat":"repeat","background-position":"center center","background-size":"auto","background-attachment":"scroll","background-type":"","background-media":"","overlay-type":"","overlay-color":"","overlay-opacity":"","overlay-gradient":""}}},"product_brand":[],"product_cat":[244,188,1118],"product_tag":[],"class_list":{"0":"post-324228","1":"product","2":"type-product","3":"status-publish","4":"has-post-thumbnail","6":"product_cat-france","7":"product_cat-freelancer","8":"product_cat-paris","9":"desktop-align-left","10":"tablet-align-left","11":"mobile-align-left","13":"first","14":"instock","15":"shipping-taxable","16":"product-type-simple"},"_links":{"self":[{"href":"https:\/\/poccky.com\/index.php\/wp-json\/wp\/v2\/product\/324228","targetHints":{"allow":["GET"]}}],"collection":[{"href":"https:\/\/poccky.com\/index.php\/wp-json\/wp\/v2\/product"}],"about":[{"href":"https:\/\/poccky.com\/index.php\/wp-json\/wp\/v2\/types\/product"}],"replies":[{"embeddable":true,"href":"https:\/\/poccky.com\/index.php\/wp-json\/wp\/v2\/comments?post=324228"}],"wp:featuredmedia":[{"embeddable":true,"href":"https:\/\/poccky.com\/index.php\/wp-json\/wp\/v2\/media\/279538"}],"wp:attachment":[{"href":"https:\/\/poccky.com\/index.php\/wp-json\/wp\/v2\/media?parent=324228"}],"wp:term":[{"taxonomy":"product_brand","embeddable":true,"href":"https:\/\/poccky.com\/index.php\/wp-json\/wp\/v2\/product_brand?post=324228"},{"taxonomy":"product_cat","embeddable":true,"href":"https:\/\/poccky.com\/index.php\/wp-json\/wp\/v2\/product_cat?post=324228"},{"taxonomy":"product_tag","embeddable":true,"href":"https:\/\/poccky.com\/index.php\/wp-json\/wp\/v2\/product_tag?post=324228"}],"curies":[{"name":"wp","href":"https:\/\/api.w.org\/{rel}","templated":true}]}}