{"id":324054,"date":"2023-11-03T20:15:04","date_gmt":"2023-11-03T20:15:04","guid":{"rendered":"https:\/\/poccky.com\/?post_type=product&#038;p=324054"},"modified":"2023-11-03T20:15:06","modified_gmt":"2023-11-03T20:15:06","slug":"carl-s-eskort-stockholm","status":"publish","type":"product","link":"https:\/\/poccky.com\/index.php\/product\/carl-s-eskort-stockholm\/","title":{"rendered":"Carl S Eskort Stockholm"},"content":{"rendered":"","protected":false},"excerpt":{"rendered":"<p>\u00c4r du en kvinna som s\u00f6ker en aktiv och seri\u00f6s eskort?<\/p>\n<p>D\u00e5 skall du prova mi.G jag \u00e4r en l\u00e5ng och v\u00e4lbyggd svensk kille p\u00e5 44 \u00e5r. Jag \u00e4r &#8220;stor&#8221; p\u00e5 r\u00e4tt st\u00e4llen och erbjuder intima sk\u00f6na tr\u00e4ffar p\u00e5 ett diskret s\u00e4tt. Jag \u00e4r tillg\u00e4nglig f\u00f6r s\u00e5v\u00e4l incalls som outcalls. \u00c4r du redo? H\u00f6r av dig.<\/p>\n<p>Vad jag erbjuder samt garanterar?<\/p>\n<p>Jag ger dig exakt det som du vill ha. inget mindre men kanske lite mer \ud83d\ude09 Jag reser g\u00e4rna en bit ifall du bor lite l\u00e4ngre bort. Jag garanterar diskretion samt stil och finess i alla l\u00e4gen.<\/p>\n<p>http:\/\/carls4you.escortbook.com\/ My details Below mentioned<\/p>\n<p>                Nationality:<br \/>\n                Swedish <\/p>\n<p>                Languages:<br \/>\n                English. Swedish<\/p>\n<p>                Age:<br \/>\n                44<\/p>\n<p>                Height:<br \/>\n                187<\/p>\n<p>                Weight:<br \/>\n                99<\/p>\n<p>                Hair:<br \/>\n                Mix<\/p>\n<p>                Eyes:<br \/>\n                Mixphone_android Phone:<br \/>\n          0762597249<\/p>\n","protected":false},"featured_media":266747,"comment_status":"open","ping_status":"closed","template":"","meta":{"site-sidebar-layout":"default","site-content-layout":"","ast-site-content-layout":"","site-content-style":"default","site-sidebar-style":"default","ast-global-header-display":"","ast-banner-title-visibility":"","ast-main-header-display":"","ast-hfb-above-header-display":"","ast-hfb-below-header-display":"","ast-hfb-mobile-header-display":"","site-post-title":"","ast-breadcrumbs-content":"","ast-featured-img":"","footer-sml-layout":"","theme-transparent-header-meta":"","adv-header-id-meta":"","stick-header-meta":"","header-above-stick-meta":"","header-main-stick-meta":"","header-below-stick-meta":"","astra-migrate-meta-layouts":"default","ast-page-background-enabled":"default","ast-page-background-meta":{"desktop":{"background-color":"var(--ast-global-color-4)","background-image":"","background-repeat":"repeat","background-position":"center center","background-size":"auto","background-attachment":"scroll","background-type":"","background-media":"","overlay-type":"","overlay-color":"","overlay-opacity":"","overlay-gradient":""},"tablet":{"background-color":"","background-image":"","background-repeat":"repeat","background-position":"center center","background-size":"auto","background-attachment":"scroll","background-type":"","background-media":"","overlay-type":"","overlay-color":"","overlay-opacity":"","overlay-gradient":""},"mobile":{"background-color":"","background-image":"","background-repeat":"repeat","background-position":"center center","background-size":"auto","background-attachment":"scroll","background-type":"","background-media":"","overlay-type":"","overlay-color":"","overlay-opacity":"","overlay-gradient":""}},"ast-content-background-meta":{"desktop":{"background-color":"var(--ast-global-color-5)","background-image":"","background-repeat":"repeat","background-position":"center center","background-size":"auto","background-attachment":"scroll","background-type":"","background-media":"","overlay-type":"","overlay-color":"","overlay-opacity":"","overlay-gradient":""},"tablet":{"background-color":"var(--ast-global-color-5)","background-image":"","background-repeat":"repeat","background-position":"center center","background-size":"auto","background-attachment":"scroll","background-type":"","background-media":"","overlay-type":"","overlay-color":"","overlay-opacity":"","overlay-gradient":""},"mobile":{"background-color":"var(--ast-global-color-5)","background-image":"","background-repeat":"repeat","background-position":"center center","background-size":"auto","background-attachment":"scroll","background-type":"","background-media":"","overlay-type":"","overlay-color":"","overlay-opacity":"","overlay-gradient":""}}},"product_brand":[],"product_cat":[188,1115,957],"product_tag":[],"class_list":{"0":"post-324054","1":"product","2":"type-product","3":"status-publish","4":"has-post-thumbnail","6":"product_cat-freelancer","7":"product_cat-stockholm","8":"product_cat-sweden","9":"desktop-align-left","10":"tablet-align-left","11":"mobile-align-left","13":"first","14":"instock","15":"shipping-taxable","16":"product-type-simple"},"_links":{"self":[{"href":"https:\/\/poccky.com\/index.php\/wp-json\/wp\/v2\/product\/324054","targetHints":{"allow":["GET"]}}],"collection":[{"href":"https:\/\/poccky.com\/index.php\/wp-json\/wp\/v2\/product"}],"about":[{"href":"https:\/\/poccky.com\/index.php\/wp-json\/wp\/v2\/types\/product"}],"replies":[{"embeddable":true,"href":"https:\/\/poccky.com\/index.php\/wp-json\/wp\/v2\/comments?post=324054"}],"wp:featuredmedia":[{"embeddable":true,"href":"https:\/\/poccky.com\/index.php\/wp-json\/wp\/v2\/media\/266747"}],"wp:attachment":[{"href":"https:\/\/poccky.com\/index.php\/wp-json\/wp\/v2\/media?parent=324054"}],"wp:term":[{"taxonomy":"product_brand","embeddable":true,"href":"https:\/\/poccky.com\/index.php\/wp-json\/wp\/v2\/product_brand?post=324054"},{"taxonomy":"product_cat","embeddable":true,"href":"https:\/\/poccky.com\/index.php\/wp-json\/wp\/v2\/product_cat?post=324054"},{"taxonomy":"product_tag","embeddable":true,"href":"https:\/\/poccky.com\/index.php\/wp-json\/wp\/v2\/product_tag?post=324054"}],"curies":[{"name":"wp","href":"https:\/\/api.w.org\/{rel}","templated":true}]}}