{"id":308901,"date":"2023-10-29T22:13:24","date_gmt":"2023-10-29T22:13:24","guid":{"rendered":"https:\/\/poccky.com\/?post_type=product&#038;p=308901"},"modified":"2023-10-29T22:13:26","modified_gmt":"2023-10-29T22:13:26","slug":"maja","status":"publish","type":"product","link":"https:\/\/poccky.com\/index.php\/product\/maja\/","title":{"rendered":"Maja"},"content":{"rendered":"","protected":false},"excerpt":{"rendered":"<p>Long brown hair. beautiful face and body. long sexy legs.<br \/>\nThese are the eye-catching attributes that sum up many voices of Maja\u2019s customers. She is a High-Class Escort and knows how to fit to any situation you book her for! We\u2019re sure you\u2019ll be surprised!<\/p>\n<p>If you want to know more about Maja. then don\u2019t hesitate to check over to our website and book directly through our booking form.<\/p>\n<p>CAUTION !!<\/p>\n<p>All phone numbers and email addresses will connect you to Mountain Escort Regensburg.<\/p>\n<p>Our escorts wish that we as agency take over the whole booking process.<\/p>\n<p>Lange braune Haare. wundersch\u00f6nes Gesicht und K\u00f6rper. ellenlange sexy Beine.<br \/>\nDas ist der Konsens. den wir von vielen von Majas Kunden bekommen. Sie ist ein High-Class Escort. dass sich auf jede Situation einstellen kann f\u00fcr die sie gebucht wurde. Wir sind sicher Sie werden positiv \u00fcberrascht sein von ihr!<\/p>\n<p>Wenn Sie mehr \u00fcber Maja erfahren wollen. dann z\u00f6gern Sie nicht. besuchen Sie uns auf unserer Webseite und buchen dann direkt \u00fcber unser Buchungsformular.<\/p>\n<p>ACHTUNG !!<\/p>\n<p>Alle Telefonnummern und Emailadressen leiten Sie direkt an Mountain Escort Regensburg weiter.<\/p>\n<p>Unsere Escorts w\u00fcnschen ausdr\u00fccklich. dass wir als Agentur den kompletten Buchungsablauf \u00fcbernehmen. My details Below mentioned<\/p>\n<p>                Languages:<br \/>\n                English. German<\/p>\n<p>                Age:<br \/>\n                31<\/p>\n<p>                Height:<br \/>\n                181<\/p>\n<p>                Weight:<br \/>\n                65<\/p>\n<p>                Hair:<br \/>\n                long brown<\/p>\n<p>                Eyes:<br \/>\n                Gr\u00fcnphone_android Phone:<br \/>\n          01747465932Companionship rates:<\/p>\n<p>                  2 hours rate<br \/>\n                  450 USD<\/p>\n<p>                  3 hours rate<br \/>\n                  550 USD<\/p>\n<p>                  full night rate<br \/>\n                  1250 USD<\/p>\n","protected":false},"featured_media":173733,"comment_status":"open","ping_status":"closed","template":"","meta":{"site-sidebar-layout":"default","site-content-layout":"","ast-site-content-layout":"","site-content-style":"default","site-sidebar-style":"default","ast-global-header-display":"","ast-banner-title-visibility":"","ast-main-header-display":"","ast-hfb-above-header-display":"","ast-hfb-below-header-display":"","ast-hfb-mobile-header-display":"","site-post-title":"","ast-breadcrumbs-content":"","ast-featured-img":"","footer-sml-layout":"","theme-transparent-header-meta":"","adv-header-id-meta":"","stick-header-meta":"","header-above-stick-meta":"","header-main-stick-meta":"","header-below-stick-meta":"","astra-migrate-meta-layouts":"default","ast-page-background-enabled":"default","ast-page-background-meta":{"desktop":{"background-color":"var(--ast-global-color-4)","background-image":"","background-repeat":"repeat","background-position":"center center","background-size":"auto","background-attachment":"scroll","background-type":"","background-media":"","overlay-type":"","overlay-color":"","overlay-opacity":"","overlay-gradient":""},"tablet":{"background-color":"","background-image":"","background-repeat":"repeat","background-position":"center center","background-size":"auto","background-attachment":"scroll","background-type":"","background-media":"","overlay-type":"","overlay-color":"","overlay-opacity":"","overlay-gradient":""},"mobile":{"background-color":"","background-image":"","background-repeat":"repeat","background-position":"center center","background-size":"auto","background-attachment":"scroll","background-type":"","background-media":"","overlay-type":"","overlay-color":"","overlay-opacity":"","overlay-gradient":""}},"ast-content-background-meta":{"desktop":{"background-color":"var(--ast-global-color-5)","background-image":"","background-repeat":"repeat","background-position":"center center","background-size":"auto","background-attachment":"scroll","background-type":"","background-media":"","overlay-type":"","overlay-color":"","overlay-opacity":"","overlay-gradient":""},"tablet":{"background-color":"var(--ast-global-color-5)","background-image":"","background-repeat":"repeat","background-position":"center center","background-size":"auto","background-attachment":"scroll","background-type":"","background-media":"","overlay-type":"","overlay-color":"","overlay-opacity":"","overlay-gradient":""},"mobile":{"background-color":"var(--ast-global-color-5)","background-image":"","background-repeat":"repeat","background-position":"center center","background-size":"auto","background-attachment":"scroll","background-type":"","background-media":"","overlay-type":"","overlay-color":"","overlay-opacity":"","overlay-gradient":""}}},"product_brand":[],"product_cat":[188,958,1127],"product_tag":[],"class_list":{"0":"post-308901","1":"product","2":"type-product","3":"status-publish","4":"has-post-thumbnail","6":"product_cat-freelancer","7":"product_cat-switzerland","8":"product_cat-zurich","9":"desktop-align-left","10":"tablet-align-left","11":"mobile-align-left","13":"first","14":"instock","15":"shipping-taxable","16":"product-type-simple"},"_links":{"self":[{"href":"https:\/\/poccky.com\/index.php\/wp-json\/wp\/v2\/product\/308901","targetHints":{"allow":["GET"]}}],"collection":[{"href":"https:\/\/poccky.com\/index.php\/wp-json\/wp\/v2\/product"}],"about":[{"href":"https:\/\/poccky.com\/index.php\/wp-json\/wp\/v2\/types\/product"}],"replies":[{"embeddable":true,"href":"https:\/\/poccky.com\/index.php\/wp-json\/wp\/v2\/comments?post=308901"}],"wp:featuredmedia":[{"embeddable":true,"href":"https:\/\/poccky.com\/index.php\/wp-json\/wp\/v2\/media\/173733"}],"wp:attachment":[{"href":"https:\/\/poccky.com\/index.php\/wp-json\/wp\/v2\/media?parent=308901"}],"wp:term":[{"taxonomy":"product_brand","embeddable":true,"href":"https:\/\/poccky.com\/index.php\/wp-json\/wp\/v2\/product_brand?post=308901"},{"taxonomy":"product_cat","embeddable":true,"href":"https:\/\/poccky.com\/index.php\/wp-json\/wp\/v2\/product_cat?post=308901"},{"taxonomy":"product_tag","embeddable":true,"href":"https:\/\/poccky.com\/index.php\/wp-json\/wp\/v2\/product_tag?post=308901"}],"curies":[{"name":"wp","href":"https:\/\/api.w.org\/{rel}","templated":true}]}}