{"id":276605,"date":"2023-10-28T23:04:55","date_gmt":"2023-10-28T23:04:55","guid":{"rendered":"https:\/\/poccky.com\/?post_type=product&#038;p=276605"},"modified":"2023-10-28T23:05:04","modified_gmt":"2023-10-28T23:05:04","slug":"carolina-20","status":"publish","type":"product","link":"https:\/\/poccky.com\/index.php\/product\/carolina-20\/","title":{"rendered":"CAROLINA"},"content":{"rendered":"","protected":false},"excerpt":{"rendered":"<p>Belle ex modele de charme de 25ans. avec des mensurations de r\u00eave. 1.76m\/ 62kg 95-68-98. glamour. \u00e9l\u00e9gante. cultiv\u00e9e et d\u2019une grande d\u00e9licatesse. CORRESPONDANT&#8221;image&#8221; exactement \u00e0 la d\u00e9finition d\u2019haut de game..<br \/>\nSensible. romantique et tendre. Avec un regard qui ne vous laissera pas indiff\u00e9rent\u2026<br \/>\nJe n\u2019aime pas \u00eatre seule et j\u2019adore me sentir aim\u00e9e. et de faire de ce servive un veritable plaisir.<br \/>\nJ\u2019aime donner de l&#8217;attention et en recevoir \u00e0 mon tour.<br \/>\nLes petits plaisirs de tous les jours rendent la vie plus belle et plus agr\u00e9able.<br \/>\nSexy et intelligente. poss\u00e9dant beaucoup de charme et de CLASSE&#8221;image&#8221;.vous allez me trouver s\u00e9duisante et \u00e9duqu\u00e9e avec un grand sens de l\u2019humour<br \/>\nNaturelle et spontan\u00e9e. j&#8217;aime la s\u00e9duction et l&#8217;\u00e9rotisme. Mon corps est tr\u00e8s doux. chaud. PARFUM\u00c9&#8221;image&#8221;. d&#8217;une hygi\u00e8ne impeccable.<br \/>\nJ\u2019ai une peau satinee. une bouche amoureuse et gourmande et j\u2019aime que le charme et la seduction soient au rdv.<br \/>\nA VOTRE&#8221;image&#8221; ecoute je vous donnerais toute la tendresse et la sensualite que vous avez toujours recherchee. j\u2019aime prendre mon temps car j\u2019attache beaucoup d\u2019importance au fait d\u2019avoir une vraie relation humaine avec vous.<br \/>\nPendant NOTRE RENCONTRE&#8221;image&#8221;. je ne serais pour vous que plaisir. amour et sensualite.<br \/>\nJe desire etre une experience unique et inoubliable pour vous. tout en me faisant plaisir<\/p>\n<p>Offrir et prendre du plaisir&#8230; My details Below mentioned<\/p>\n<p>                Languages:<br \/>\n                french english<\/p>\n<p>                Age:<br \/>\n                25<\/p>\n<p>                Height:<br \/>\n                1.76<\/p>\n<p>                Weight:<br \/>\n                62<\/p>\n<p>                Hair:<br \/>\n                long blond<\/p>\n<p>                Eyes:<br \/>\n                gris<\/p>\n<p>                Measurements:<br \/>\n                95-68-98<\/p>\n","protected":false},"featured_media":115328,"comment_status":"open","ping_status":"closed","template":"","meta":{"site-sidebar-layout":"default","site-content-layout":"","ast-site-content-layout":"","site-content-style":"default","site-sidebar-style":"default","ast-global-header-display":"","ast-banner-title-visibility":"","ast-main-header-display":"","ast-hfb-above-header-display":"","ast-hfb-below-header-display":"","ast-hfb-mobile-header-display":"","site-post-title":"","ast-breadcrumbs-content":"","ast-featured-img":"","footer-sml-layout":"","theme-transparent-header-meta":"","adv-header-id-meta":"","stick-header-meta":"","header-above-stick-meta":"","header-main-stick-meta":"","header-below-stick-meta":"","astra-migrate-meta-layouts":"default","ast-page-background-enabled":"default","ast-page-background-meta":{"desktop":{"background-color":"var(--ast-global-color-4)","background-image":"","background-repeat":"repeat","background-position":"center center","background-size":"auto","background-attachment":"scroll","background-type":"","background-media":"","overlay-type":"","overlay-color":"","overlay-opacity":"","overlay-gradient":""},"tablet":{"background-color":"","background-image":"","background-repeat":"repeat","background-position":"center center","background-size":"auto","background-attachment":"scroll","background-type":"","background-media":"","overlay-type":"","overlay-color":"","overlay-opacity":"","overlay-gradient":""},"mobile":{"background-color":"","background-image":"","background-repeat":"repeat","background-position":"center center","background-size":"auto","background-attachment":"scroll","background-type":"","background-media":"","overlay-type":"","overlay-color":"","overlay-opacity":"","overlay-gradient":""}},"ast-content-background-meta":{"desktop":{"background-color":"var(--ast-global-color-5)","background-image":"","background-repeat":"repeat","background-position":"center center","background-size":"auto","background-attachment":"scroll","background-type":"","background-media":"","overlay-type":"","overlay-color":"","overlay-opacity":"","overlay-gradient":""},"tablet":{"background-color":"var(--ast-global-color-5)","background-image":"","background-repeat":"repeat","background-position":"center center","background-size":"auto","background-attachment":"scroll","background-type":"","background-media":"","overlay-type":"","overlay-color":"","overlay-opacity":"","overlay-gradient":""},"mobile":{"background-color":"var(--ast-global-color-5)","background-image":"","background-repeat":"repeat","background-position":"center center","background-size":"auto","background-attachment":"scroll","background-type":"","background-media":"","overlay-type":"","overlay-color":"","overlay-opacity":"","overlay-gradient":""}}},"product_brand":[],"product_cat":[244,188,1118],"product_tag":[],"class_list":{"0":"post-276605","1":"product","2":"type-product","3":"status-publish","4":"has-post-thumbnail","6":"product_cat-france","7":"product_cat-freelancer","8":"product_cat-paris","9":"desktop-align-left","10":"tablet-align-left","11":"mobile-align-left","13":"first","14":"instock","15":"shipping-taxable","16":"product-type-simple"},"_links":{"self":[{"href":"https:\/\/poccky.com\/index.php\/wp-json\/wp\/v2\/product\/276605","targetHints":{"allow":["GET"]}}],"collection":[{"href":"https:\/\/poccky.com\/index.php\/wp-json\/wp\/v2\/product"}],"about":[{"href":"https:\/\/poccky.com\/index.php\/wp-json\/wp\/v2\/types\/product"}],"replies":[{"embeddable":true,"href":"https:\/\/poccky.com\/index.php\/wp-json\/wp\/v2\/comments?post=276605"}],"wp:featuredmedia":[{"embeddable":true,"href":"https:\/\/poccky.com\/index.php\/wp-json\/wp\/v2\/media\/115328"}],"wp:attachment":[{"href":"https:\/\/poccky.com\/index.php\/wp-json\/wp\/v2\/media?parent=276605"}],"wp:term":[{"taxonomy":"product_brand","embeddable":true,"href":"https:\/\/poccky.com\/index.php\/wp-json\/wp\/v2\/product_brand?post=276605"},{"taxonomy":"product_cat","embeddable":true,"href":"https:\/\/poccky.com\/index.php\/wp-json\/wp\/v2\/product_cat?post=276605"},{"taxonomy":"product_tag","embeddable":true,"href":"https:\/\/poccky.com\/index.php\/wp-json\/wp\/v2\/product_tag?post=276605"}],"curies":[{"name":"wp","href":"https:\/\/api.w.org\/{rel}","templated":true}]}}