{"id":27490,"date":"2023-10-05T03:33:14","date_gmt":"2023-10-05T03:33:14","guid":{"rendered":"https:\/\/poccky.com\/index.php\/product\/canddy-m\/"},"modified":"2023-10-25T14:47:49","modified_gmt":"2023-10-25T14:47:49","slug":"canddy-m","status":"publish","type":"product","link":"https:\/\/poccky.com\/index.php\/product\/canddy-m\/","title":{"rendered":"canddy M"},"content":{"rendered":"","protected":false},"excerpt":{"rendered":"<p>\u2705PAGO SOLO EN PERSONA \u2705 SERVICIO COMPLETO.. SIN RESTRICCIONES \u2705<br \/>\nExploramos nuevos placeres, Con cond\u00f3n y sin Cond\u00f3n.. (Estoy Limpio) .. Phat Ass ??.<br \/>\nSoy gruesa y muy flexible<br \/>\n. El sexo regular es aburrido, afin\u00e9moslo y d\u00e9jame cumplir tus sue\u00f1os m\u00e1s salvajes<br \/>\n\u2705Anal?<br \/>\n\u2705Rimjob?<br \/>\nBareback \u2705<br \/>\n\u2705Blowjob??<br \/>\n\u270569??<br \/>\n\u2705Tragando semen ?<br \/>\n\u2705Juego de roles??<br \/>\n\u2705 Dominaci\u00f3n \u26d3<br \/>\n\u2705 Nalgadas ?<br \/>\n\u2705 Drenaje de bolas ?<br \/>\n\u2705 Garganta profunda ? \u2705<br \/>\nAmordazamiento ?<br \/>\nSuj\u00e9tame contra la pared y f\u00f3llame hasta el fondo de mi culo, vaquera es mi especialidad, d\u00e9jame montarte hasta que llegue el reino ?, ignora la cara bonita. Manga de polla com\u00fan, estoy en todo tipo de torceduras que puedas imaginar.<\/p>\n<p>call me @(216) 359-1893<\/p>\n","protected":false},"featured_media":27637,"comment_status":"open","ping_status":"closed","template":"","meta":{"site-sidebar-layout":"default","site-content-layout":"default","ast-site-content-layout":"","site-content-style":"default","site-sidebar-style":"default","ast-global-header-display":"","ast-banner-title-visibility":"","ast-main-header-display":"","ast-hfb-above-header-display":"","ast-hfb-below-header-display":"","ast-hfb-mobile-header-display":"","site-post-title":"","ast-breadcrumbs-content":"","ast-featured-img":"","footer-sml-layout":"","theme-transparent-header-meta":"default","adv-header-id-meta":"","stick-header-meta":"","header-above-stick-meta":"","header-main-stick-meta":"","header-below-stick-meta":"","astra-migrate-meta-layouts":"default","ast-page-background-enabled":"default","ast-page-background-meta":{"desktop":{"background-color":"var(--ast-global-color-4)","background-image":"","background-repeat":"repeat","background-position":"center center","background-size":"auto","background-attachment":"scroll","background-type":"","background-media":"","overlay-type":"","overlay-color":"","overlay-opacity":"","overlay-gradient":""},"tablet":{"background-color":"","background-image":"","background-repeat":"repeat","background-position":"center center","background-size":"auto","background-attachment":"scroll","background-type":"","background-media":"","overlay-type":"","overlay-color":"","overlay-opacity":"","overlay-gradient":""},"mobile":{"background-color":"","background-image":"","background-repeat":"repeat","background-position":"center center","background-size":"auto","background-attachment":"scroll","background-type":"","background-media":"","overlay-type":"","overlay-color":"","overlay-opacity":"","overlay-gradient":""}},"ast-content-background-meta":{"desktop":{"background-color":"var(--ast-global-color-5)","background-image":"","background-repeat":"repeat","background-position":"center center","background-size":"auto","background-attachment":"scroll","background-type":"","background-media":"","overlay-type":"","overlay-color":"","overlay-opacity":"","overlay-gradient":""},"tablet":{"background-color":"var(--ast-global-color-5)","background-image":"","background-repeat":"repeat","background-position":"center center","background-size":"auto","background-attachment":"scroll","background-type":"","background-media":"","overlay-type":"","overlay-color":"","overlay-opacity":"","overlay-gradient":""},"mobile":{"background-color":"var(--ast-global-color-5)","background-image":"","background-repeat":"repeat","background-position":"center center","background-size":"auto","background-attachment":"scroll","background-type":"","background-media":"","overlay-type":"","overlay-color":"","overlay-opacity":"","overlay-gradient":""}}},"product_brand":[],"product_cat":[188,414],"product_tag":[],"class_list":{"0":"post-27490","1":"product","2":"type-product","3":"status-publish","4":"has-post-thumbnail","6":"product_cat-freelancer","7":"product_cat-new-york","8":"desktop-align-left","9":"tablet-align-left","10":"mobile-align-left","12":"first","13":"instock","14":"shipping-taxable","15":"product-type-simple"},"_links":{"self":[{"href":"https:\/\/poccky.com\/index.php\/wp-json\/wp\/v2\/product\/27490","targetHints":{"allow":["GET"]}}],"collection":[{"href":"https:\/\/poccky.com\/index.php\/wp-json\/wp\/v2\/product"}],"about":[{"href":"https:\/\/poccky.com\/index.php\/wp-json\/wp\/v2\/types\/product"}],"replies":[{"embeddable":true,"href":"https:\/\/poccky.com\/index.php\/wp-json\/wp\/v2\/comments?post=27490"}],"wp:featuredmedia":[{"embeddable":true,"href":"https:\/\/poccky.com\/index.php\/wp-json\/wp\/v2\/media\/27637"}],"wp:attachment":[{"href":"https:\/\/poccky.com\/index.php\/wp-json\/wp\/v2\/media?parent=27490"}],"wp:term":[{"taxonomy":"product_brand","embeddable":true,"href":"https:\/\/poccky.com\/index.php\/wp-json\/wp\/v2\/product_brand?post=27490"},{"taxonomy":"product_cat","embeddable":true,"href":"https:\/\/poccky.com\/index.php\/wp-json\/wp\/v2\/product_cat?post=27490"},{"taxonomy":"product_tag","embeddable":true,"href":"https:\/\/poccky.com\/index.php\/wp-json\/wp\/v2\/product_tag?post=27490"}],"curies":[{"name":"wp","href":"https:\/\/api.w.org\/{rel}","templated":true}]}}