{"id":274868,"date":"2023-10-28T21:54:43","date_gmt":"2023-10-28T21:54:43","guid":{"rendered":"https:\/\/poccky.com\/?post_type=product&#038;p=274868"},"modified":"2023-10-28T21:54:51","modified_gmt":"2023-10-28T21:54:51","slug":"isabel_vip","status":"publish","type":"product","link":"https:\/\/poccky.com\/index.php\/product\/isabel_vip\/","title":{"rendered":"ISABEL_VIP"},"content":{"rendered":"","protected":false},"excerpt":{"rendered":"<p>Mes chers amants. Vous r\u00eavez d&#8217;un moment divin. charg\u00e9 d&#8217;\u00e9motions. de partages et de plaisirs inavouables ? Alors je suis tout \u00e0 Vous et \u00e0 Vos d\u00e9sirs les plus profonds !<br \/>\nMon nom est Isabel. &#8220;activ woman&#8221;. charmante et jolie femme. qui sais Vous recevoir tr\u00e8s tr\u00e8s chaleureusement. Je ne parle pas fran\u00e7ais (mon anglais est correct) mais ce vilain petit d\u00e9faut se fait vite oublier par mon regard intense. ma peau chaude et douce. mon sens d\u00e9licieusement tactile &#8230; Mes atouts charme ne Vous laisseront pas insensible.<br \/>\nNaturelle. \u00e9l\u00e9gante. tr\u00e8s enjou\u00e9e et coquine&#8230; Je sais \u00eatre d\u00e9licate et torride lorsque l&#8217;instant l&#8217;impose&#8230; Venez me d\u00e9couvrir et me rejoindre \ud83d\ude42<br \/>\nJ&#8217;aime tant et tant l&#8217;id\u00e9e de Vous satisfaire pleinement. J&#8217;aime ce que je fais et prendre tous ces plaisirs comme un \ud83d\ude09<br \/>\nSensuellement Votre.<br \/>\nP.S. : SVP uniquement Messieurs courtois avec hygi\u00e8ne irr\u00e9prochable My details Below mentioned<\/p>\n<p>                Nationality:<br \/>\n                RUSSIAN <\/p>\n<p>                Languages:<br \/>\n                ENGLISH.  RUSSIAN.  POLISH<\/p>\n<p>                Age:<br \/>\n                29<\/p>\n<p>                Height:<br \/>\n                160<\/p>\n<p>                Weight:<br \/>\n                52<\/p>\n<p>                Hair:<br \/>\n                BRUNETTE<\/p>\n<p>                Eyes:<br \/>\n                BROWN<\/p>\n","protected":false},"featured_media":115107,"comment_status":"open","ping_status":"closed","template":"","meta":{"site-sidebar-layout":"default","site-content-layout":"","ast-site-content-layout":"","site-content-style":"default","site-sidebar-style":"default","ast-global-header-display":"","ast-banner-title-visibility":"","ast-main-header-display":"","ast-hfb-above-header-display":"","ast-hfb-below-header-display":"","ast-hfb-mobile-header-display":"","site-post-title":"","ast-breadcrumbs-content":"","ast-featured-img":"","footer-sml-layout":"","theme-transparent-header-meta":"","adv-header-id-meta":"","stick-header-meta":"","header-above-stick-meta":"","header-main-stick-meta":"","header-below-stick-meta":"","astra-migrate-meta-layouts":"default","ast-page-background-enabled":"default","ast-page-background-meta":{"desktop":{"background-color":"var(--ast-global-color-4)","background-image":"","background-repeat":"repeat","background-position":"center center","background-size":"auto","background-attachment":"scroll","background-type":"","background-media":"","overlay-type":"","overlay-color":"","overlay-opacity":"","overlay-gradient":""},"tablet":{"background-color":"","background-image":"","background-repeat":"repeat","background-position":"center center","background-size":"auto","background-attachment":"scroll","background-type":"","background-media":"","overlay-type":"","overlay-color":"","overlay-opacity":"","overlay-gradient":""},"mobile":{"background-color":"","background-image":"","background-repeat":"repeat","background-position":"center center","background-size":"auto","background-attachment":"scroll","background-type":"","background-media":"","overlay-type":"","overlay-color":"","overlay-opacity":"","overlay-gradient":""}},"ast-content-background-meta":{"desktop":{"background-color":"var(--ast-global-color-5)","background-image":"","background-repeat":"repeat","background-position":"center center","background-size":"auto","background-attachment":"scroll","background-type":"","background-media":"","overlay-type":"","overlay-color":"","overlay-opacity":"","overlay-gradient":""},"tablet":{"background-color":"var(--ast-global-color-5)","background-image":"","background-repeat":"repeat","background-position":"center center","background-size":"auto","background-attachment":"scroll","background-type":"","background-media":"","overlay-type":"","overlay-color":"","overlay-opacity":"","overlay-gradient":""},"mobile":{"background-color":"var(--ast-global-color-5)","background-image":"","background-repeat":"repeat","background-position":"center center","background-size":"auto","background-attachment":"scroll","background-type":"","background-media":"","overlay-type":"","overlay-color":"","overlay-opacity":"","overlay-gradient":""}}},"product_brand":[],"product_cat":[244,188,1118],"product_tag":[],"class_list":{"0":"post-274868","1":"product","2":"type-product","3":"status-publish","4":"has-post-thumbnail","6":"product_cat-france","7":"product_cat-freelancer","8":"product_cat-paris","9":"desktop-align-left","10":"tablet-align-left","11":"mobile-align-left","13":"first","14":"instock","15":"shipping-taxable","16":"product-type-simple"},"_links":{"self":[{"href":"https:\/\/poccky.com\/index.php\/wp-json\/wp\/v2\/product\/274868","targetHints":{"allow":["GET"]}}],"collection":[{"href":"https:\/\/poccky.com\/index.php\/wp-json\/wp\/v2\/product"}],"about":[{"href":"https:\/\/poccky.com\/index.php\/wp-json\/wp\/v2\/types\/product"}],"replies":[{"embeddable":true,"href":"https:\/\/poccky.com\/index.php\/wp-json\/wp\/v2\/comments?post=274868"}],"wp:featuredmedia":[{"embeddable":true,"href":"https:\/\/poccky.com\/index.php\/wp-json\/wp\/v2\/media\/115107"}],"wp:attachment":[{"href":"https:\/\/poccky.com\/index.php\/wp-json\/wp\/v2\/media?parent=274868"}],"wp:term":[{"taxonomy":"product_brand","embeddable":true,"href":"https:\/\/poccky.com\/index.php\/wp-json\/wp\/v2\/product_brand?post=274868"},{"taxonomy":"product_cat","embeddable":true,"href":"https:\/\/poccky.com\/index.php\/wp-json\/wp\/v2\/product_cat?post=274868"},{"taxonomy":"product_tag","embeddable":true,"href":"https:\/\/poccky.com\/index.php\/wp-json\/wp\/v2\/product_tag?post=274868"}],"curies":[{"name":"wp","href":"https:\/\/api.w.org\/{rel}","templated":true}]}}