{"id":273114,"date":"2023-10-28T20:49:04","date_gmt":"2023-10-28T20:49:04","guid":{"rendered":"https:\/\/poccky.com\/?post_type=product&#038;p=273114"},"modified":"2023-10-28T20:49:12","modified_gmt":"2023-10-28T20:49:12","slug":"nathaes-jolie-escorte-pulpeuse","status":"publish","type":"product","link":"https:\/\/poccky.com\/index.php\/product\/nathaes-jolie-escorte-pulpeuse\/","title":{"rendered":"Nathaes Jolie Escorte Pulpeuse"},"content":{"rendered":"","protected":false},"excerpt":{"rendered":"<p>Jeune et pulpeuse escorte occasionnelle parisienne.<\/p>\n<p>Sensuelle. tendre et passionn\u00e9e. je serai votre<br \/>\naccompagnatrice tant pour vos sorties culturelles et pro<br \/>\nque pour des moments de plaisirs plus intime.<\/p>\n<p>Escorte girl occasionnelle d\u00e9sirant joindre l&#8217;utile \u00e0 l&#8217;agr\u00e9able. je fais peu de rencontre et me permet donc d&#8217;\u00eatre tr\u00e8s s\u00e9lective.<\/p>\n<p>Discr\u00e8te et respectueuse j&#8217;en attend autant de vous.<\/p>\n<p>Je me d\u00e9place uniquement. \u00e0 votre h\u00f4tel dans paris.<\/p>\n<p>D\u00e9sireuse de vous faire passer un excellent moment. je demande un premier contact par mail expliquant vos disponibilit\u00e9 et vos envies.<\/p>\n<p>Contact : nathaes.gmail.com<\/p>\n<p>Au plaisir de vous lire et de passer un tr\u00e8s bon moment ensemble.<\/p>\n<p>A bient\u00f4t.<\/p>\n<p>Nath. My details Below mentioned<\/p>\n<p>                Nationality:<br \/>\n                France <\/p>\n<p>                Languages:<br \/>\n                Fran\u00e7ais<\/p>\n<p>                Age:<br \/>\n                24<\/p>\n<p>                Height:<br \/>\n                164<\/p>\n<p>                Weight:<br \/>\n                62<\/p>\n<p>                Hair:<br \/>\n                Brun<\/p>\n<p>                Eyes:<br \/>\n                Noisette<\/p>\n","protected":false},"featured_media":96642,"comment_status":"open","ping_status":"closed","template":"","meta":{"site-sidebar-layout":"default","site-content-layout":"","ast-site-content-layout":"","site-content-style":"default","site-sidebar-style":"default","ast-global-header-display":"","ast-banner-title-visibility":"","ast-main-header-display":"","ast-hfb-above-header-display":"","ast-hfb-below-header-display":"","ast-hfb-mobile-header-display":"","site-post-title":"","ast-breadcrumbs-content":"","ast-featured-img":"","footer-sml-layout":"","theme-transparent-header-meta":"","adv-header-id-meta":"","stick-header-meta":"","header-above-stick-meta":"","header-main-stick-meta":"","header-below-stick-meta":"","astra-migrate-meta-layouts":"default","ast-page-background-enabled":"default","ast-page-background-meta":{"desktop":{"background-color":"var(--ast-global-color-4)","background-image":"","background-repeat":"repeat","background-position":"center center","background-size":"auto","background-attachment":"scroll","background-type":"","background-media":"","overlay-type":"","overlay-color":"","overlay-opacity":"","overlay-gradient":""},"tablet":{"background-color":"","background-image":"","background-repeat":"repeat","background-position":"center center","background-size":"auto","background-attachment":"scroll","background-type":"","background-media":"","overlay-type":"","overlay-color":"","overlay-opacity":"","overlay-gradient":""},"mobile":{"background-color":"","background-image":"","background-repeat":"repeat","background-position":"center center","background-size":"auto","background-attachment":"scroll","background-type":"","background-media":"","overlay-type":"","overlay-color":"","overlay-opacity":"","overlay-gradient":""}},"ast-content-background-meta":{"desktop":{"background-color":"var(--ast-global-color-5)","background-image":"","background-repeat":"repeat","background-position":"center center","background-size":"auto","background-attachment":"scroll","background-type":"","background-media":"","overlay-type":"","overlay-color":"","overlay-opacity":"","overlay-gradient":""},"tablet":{"background-color":"var(--ast-global-color-5)","background-image":"","background-repeat":"repeat","background-position":"center center","background-size":"auto","background-attachment":"scroll","background-type":"","background-media":"","overlay-type":"","overlay-color":"","overlay-opacity":"","overlay-gradient":""},"mobile":{"background-color":"var(--ast-global-color-5)","background-image":"","background-repeat":"repeat","background-position":"center center","background-size":"auto","background-attachment":"scroll","background-type":"","background-media":"","overlay-type":"","overlay-color":"","overlay-opacity":"","overlay-gradient":""}}},"product_brand":[],"product_cat":[244,188,1118],"product_tag":[],"class_list":{"0":"post-273114","1":"product","2":"type-product","3":"status-publish","4":"has-post-thumbnail","6":"product_cat-france","7":"product_cat-freelancer","8":"product_cat-paris","9":"desktop-align-left","10":"tablet-align-left","11":"mobile-align-left","13":"first","14":"instock","15":"shipping-taxable","16":"product-type-simple"},"_links":{"self":[{"href":"https:\/\/poccky.com\/index.php\/wp-json\/wp\/v2\/product\/273114","targetHints":{"allow":["GET"]}}],"collection":[{"href":"https:\/\/poccky.com\/index.php\/wp-json\/wp\/v2\/product"}],"about":[{"href":"https:\/\/poccky.com\/index.php\/wp-json\/wp\/v2\/types\/product"}],"replies":[{"embeddable":true,"href":"https:\/\/poccky.com\/index.php\/wp-json\/wp\/v2\/comments?post=273114"}],"wp:featuredmedia":[{"embeddable":true,"href":"https:\/\/poccky.com\/index.php\/wp-json\/wp\/v2\/media\/96642"}],"wp:attachment":[{"href":"https:\/\/poccky.com\/index.php\/wp-json\/wp\/v2\/media?parent=273114"}],"wp:term":[{"taxonomy":"product_brand","embeddable":true,"href":"https:\/\/poccky.com\/index.php\/wp-json\/wp\/v2\/product_brand?post=273114"},{"taxonomy":"product_cat","embeddable":true,"href":"https:\/\/poccky.com\/index.php\/wp-json\/wp\/v2\/product_cat?post=273114"},{"taxonomy":"product_tag","embeddable":true,"href":"https:\/\/poccky.com\/index.php\/wp-json\/wp\/v2\/product_tag?post=273114"}],"curies":[{"name":"wp","href":"https:\/\/api.w.org\/{rel}","templated":true}]}}