{"id":266811,"date":"2023-10-28T16:43:53","date_gmt":"2023-10-28T16:43:53","guid":{"rendered":"https:\/\/poccky.com\/?post_type=product&#038;p=266811"},"modified":"2023-10-28T16:43:56","modified_gmt":"2023-10-28T16:43:56","slug":"latinacaliente","status":"publish","type":"product","link":"https:\/\/poccky.com\/index.php\/product\/latinacaliente\/","title":{"rendered":"Latinacaliente"},"content":{"rendered":"","protected":false},"excerpt":{"rendered":"<p>(Francais)<\/p>\n<p>Nouvelle Jolie Brune sexy 1oo%1oo Reel<br \/>\nje suis belles forme poupouse<br \/>\nje 1.6o et 75k tres biem faite<br \/>\nje suis douce symphatique gentilet tres sexy<br \/>\nje propose un tres bon moment agreable un massage inoubliable<\/p>\n<p>Tel o6993191o4<\/p>\n<p>si appel depuis num\u00e9ro \u00e9tranger oo336993191o4<\/p>\n<p>Je parl\u00e9 fran\u00e7ais portugais espagnol<\/p>\n<p>(English)<\/p>\n<p>New brunette very sexy 1oo% 1oo Reel<br \/>\nI am beautiful form poupouse<br \/>\nI 1.6o et 75k tres mas biem done<br \/>\nI am very sexy sweet freindly gentilet<br \/>\nI offer a very pleasant good time an unforgettable massage<\/p>\n<p>Tel o6993191o4<\/p>\n<p>if calling from abroad Number oo336993191o4<\/p>\n<p>I spoke French Portuguese Spanish<\/p>\n<p>(Deutsch)<\/p>\n<p>New Br\u00fcnette sehr sexy 1oo% 1oo Reel<br \/>\nIch bin sehr Form poupouse<br \/>\nIch 1.60et 75k tres mas biem gemacht<br \/>\nIch bin sehr sexy s\u00fc\u00df freundlich gentilet<br \/>\nIch biete eine sehr angenehme rechtzeitig einen unvergesslichen Massage<\/p>\n<p>Tel: o6993191o4<\/p>\n<p>wenn Sie aus dem Ausland Nummer oo336993191o4<\/p>\n<p>ich Franz\u00f6sisch Portugiesisch und Spanisch sprach.<\/p>\n<p>(Italiano)<\/p>\n<p>Nuovo brunette molto sexy 1oo% 1oo Reel<br \/>\nSono bella forma poupouse<br \/>\nSono molto mas 1.6o e 75k BIEM fatto<br \/>\nSONO DULCE. Nice. Nizza e molto sexy<br \/>\nSono molto sexy dolce gentilet cordiale<br \/>\nOffro una piacevole tempo utile. un massaggio indimenticabile<\/p>\n<p>Tel o6993191o4<\/p>\n<p>se si chiama da numero dall&#8217;estero oo336993191o4<\/p>\n<p>Ho parlato francese. portoghese spagnolo.<\/p>\n<p>(Espa\u00f1ol)<\/p>\n<p>Nueva morena muy sexy 1oo% 1oo Carrete<br \/>\nEstoy forma hermosa poupouse<br \/>\nYo 1.6o et 75k tres mas biem hecho<br \/>\nSoy muy sexy gentilet amable dulce<br \/>\nOfrezco un buen rato muy agradable un masaje inolvidable<\/p>\n<p>Tel o6993191o4<\/p>\n<p>si llama desde el extranjero N\u00famero oo336993191o4<\/p>\n<p>Habl\u00e9 franc\u00e9s portugu\u00e9s espa\u00f1ol.<\/p>\n<p>(Portugu\u00eas)<\/p>\n<p>Nova morena muito sexy 1oo% 1oo Reel<br \/>\nEstou forma bonita poupouse<br \/>\nEu MAS 1.6o e 75k biem feito<br \/>\nEu sou muito sexy gentilet cordiais doce<br \/>\nEu ofere\u00e7o um muito agrad\u00e1vel bom tempo uma massagem inesquec\u00edvel<\/p>\n<p>Tel o6993191o4<\/p>\n<p>Se telefonar do estrangeiro n\u00famero oo336993191o4<\/p>\n<p>eu falava franc\u00eas Portugu\u00eas Espanhol. My details Below mentioned<\/p>\n<p>                Nationality:<br \/>\n                BRAZIL <\/p>\n<p>                Languages:<br \/>\n                FRENCH.  SPANISH.  PORTUGUESE<\/p>\n<p>                Age:<br \/>\n                29<\/p>\n<p>                Height:<br \/>\n                160<\/p>\n<p>                Weight:<br \/>\n                75<\/p>\n<p>                Hair:<br \/>\n                BLACK<\/p>\n<p>                Eyes:<br \/>\n                BROWN<\/p>\n","protected":false},"featured_media":109991,"comment_status":"open","ping_status":"closed","template":"","meta":{"site-sidebar-layout":"default","site-content-layout":"","ast-site-content-layout":"","site-content-style":"default","site-sidebar-style":"default","ast-global-header-display":"","ast-banner-title-visibility":"","ast-main-header-display":"","ast-hfb-above-header-display":"","ast-hfb-below-header-display":"","ast-hfb-mobile-header-display":"","site-post-title":"","ast-breadcrumbs-content":"","ast-featured-img":"","footer-sml-layout":"","theme-transparent-header-meta":"","adv-header-id-meta":"","stick-header-meta":"","header-above-stick-meta":"","header-main-stick-meta":"","header-below-stick-meta":"","astra-migrate-meta-layouts":"default","ast-page-background-enabled":"default","ast-page-background-meta":{"desktop":{"background-color":"var(--ast-global-color-4)","background-image":"","background-repeat":"repeat","background-position":"center center","background-size":"auto","background-attachment":"scroll","background-type":"","background-media":"","overlay-type":"","overlay-color":"","overlay-opacity":"","overlay-gradient":""},"tablet":{"background-color":"","background-image":"","background-repeat":"repeat","background-position":"center center","background-size":"auto","background-attachment":"scroll","background-type":"","background-media":"","overlay-type":"","overlay-color":"","overlay-opacity":"","overlay-gradient":""},"mobile":{"background-color":"","background-image":"","background-repeat":"repeat","background-position":"center center","background-size":"auto","background-attachment":"scroll","background-type":"","background-media":"","overlay-type":"","overlay-color":"","overlay-opacity":"","overlay-gradient":""}},"ast-content-background-meta":{"desktop":{"background-color":"var(--ast-global-color-5)","background-image":"","background-repeat":"repeat","background-position":"center center","background-size":"auto","background-attachment":"scroll","background-type":"","background-media":"","overlay-type":"","overlay-color":"","overlay-opacity":"","overlay-gradient":""},"tablet":{"background-color":"var(--ast-global-color-5)","background-image":"","background-repeat":"repeat","background-position":"center center","background-size":"auto","background-attachment":"scroll","background-type":"","background-media":"","overlay-type":"","overlay-color":"","overlay-opacity":"","overlay-gradient":""},"mobile":{"background-color":"var(--ast-global-color-5)","background-image":"","background-repeat":"repeat","background-position":"center center","background-size":"auto","background-attachment":"scroll","background-type":"","background-media":"","overlay-type":"","overlay-color":"","overlay-opacity":"","overlay-gradient":""}}},"product_brand":[],"product_cat":[244,188,1118],"product_tag":[],"class_list":{"0":"post-266811","1":"product","2":"type-product","3":"status-publish","4":"has-post-thumbnail","6":"product_cat-france","7":"product_cat-freelancer","8":"product_cat-paris","9":"desktop-align-left","10":"tablet-align-left","11":"mobile-align-left","13":"first","14":"instock","15":"shipping-taxable","16":"product-type-simple"},"_links":{"self":[{"href":"https:\/\/poccky.com\/index.php\/wp-json\/wp\/v2\/product\/266811","targetHints":{"allow":["GET"]}}],"collection":[{"href":"https:\/\/poccky.com\/index.php\/wp-json\/wp\/v2\/product"}],"about":[{"href":"https:\/\/poccky.com\/index.php\/wp-json\/wp\/v2\/types\/product"}],"replies":[{"embeddable":true,"href":"https:\/\/poccky.com\/index.php\/wp-json\/wp\/v2\/comments?post=266811"}],"wp:featuredmedia":[{"embeddable":true,"href":"https:\/\/poccky.com\/index.php\/wp-json\/wp\/v2\/media\/109991"}],"wp:attachment":[{"href":"https:\/\/poccky.com\/index.php\/wp-json\/wp\/v2\/media?parent=266811"}],"wp:term":[{"taxonomy":"product_brand","embeddable":true,"href":"https:\/\/poccky.com\/index.php\/wp-json\/wp\/v2\/product_brand?post=266811"},{"taxonomy":"product_cat","embeddable":true,"href":"https:\/\/poccky.com\/index.php\/wp-json\/wp\/v2\/product_cat?post=266811"},{"taxonomy":"product_tag","embeddable":true,"href":"https:\/\/poccky.com\/index.php\/wp-json\/wp\/v2\/product_tag?post=266811"}],"curies":[{"name":"wp","href":"https:\/\/api.w.org\/{rel}","templated":true}]}}