{"id":265909,"date":"2023-10-28T16:07:58","date_gmt":"2023-10-28T16:07:58","guid":{"rendered":"https:\/\/poccky.com\/?post_type=product&#038;p=265909"},"modified":"2023-10-28T16:08:06","modified_gmt":"2023-10-28T16:08:06","slug":"agathe","status":"publish","type":"product","link":"https:\/\/poccky.com\/index.php\/product\/agathe\/","title":{"rendered":"Agathe"},"content":{"rendered":"","protected":false},"excerpt":{"rendered":"<p>Je suis une jolie escort girl ind\u00e9pendante. j&#8217;ai 30 ans et je r\u00e9side \u00e0 Paris. Je mesure 1.70cm. 53 kgs. 90C-60-90. mes cheveux sont blonds. j&#8217;ai un beau visage avec une bouche sensuelle et ros\u00e9e propice \u00e0 des baisers fougueux. j&#8217;ai de tr\u00e8s jolis seins aux extr\u00e9mit\u00e9s sensibles. une peau blanche et douce. de longues jambes galb\u00e9es.<\/p>\n<p>Je suis un v\u00e9ritable sportive ce qui me permet d&#8217;voir une silhouette\u00e9lanc\u00e9e qui attire le regard et que j&#8217;adore mettre en valeur en portant des dessous tr\u00e8s sexy mettant mes formes en valeur et des talons aiguilles.<\/p>\n<p>Je suis une escorte de confiance. tr\u00e8s f\u00e9minine. \u00e0 votre \u00e9coute. pour qui respect mutuel et courtoisie sont le succ\u00e8s d&#8217;une rencontre inoubliable.<\/p>\n<p>Mes prestations vont de la rencontre discr\u00e8te \u00e0 votre h\u00f4tel ou \u00e0 votre domicile sur Paris \u00e0 une agr\u00e9able soir\u00e9e de d\u00e9tente. ou un d\u00eener qui pourra d\u00e9boucher sur une oir\u00e9e de plaisir divins. Je saurai \u00eatre charmeuse et s\u00e9ductrice pour vous apporter la plus belle des rencontres et r\u00e9pondre \u00e0 toutes vos envies. My details Below mentioned<\/p>\n<p>                Nationality:<br \/>\n                estoniane <\/p>\n<p>                Languages:<br \/>\n                englisn frenche <\/p>\n<p>                Age:<br \/>\n                30<\/p>\n<p>                Height:<br \/>\n                173 cm<\/p>\n<p>                Weight:<br \/>\n                58 kg<\/p>\n<p>                Hair:<br \/>\n                Long darc blonde<\/p>\n<p>                Eyes:<br \/>\n                green<\/p>\n<p>                Measurements:<br \/>\n                95-63-90<\/p>\n","protected":false},"featured_media":106837,"comment_status":"open","ping_status":"closed","template":"","meta":{"site-sidebar-layout":"default","site-content-layout":"","ast-site-content-layout":"","site-content-style":"default","site-sidebar-style":"default","ast-global-header-display":"","ast-banner-title-visibility":"","ast-main-header-display":"","ast-hfb-above-header-display":"","ast-hfb-below-header-display":"","ast-hfb-mobile-header-display":"","site-post-title":"","ast-breadcrumbs-content":"","ast-featured-img":"","footer-sml-layout":"","theme-transparent-header-meta":"","adv-header-id-meta":"","stick-header-meta":"","header-above-stick-meta":"","header-main-stick-meta":"","header-below-stick-meta":"","astra-migrate-meta-layouts":"default","ast-page-background-enabled":"default","ast-page-background-meta":{"desktop":{"background-color":"var(--ast-global-color-4)","background-image":"","background-repeat":"repeat","background-position":"center center","background-size":"auto","background-attachment":"scroll","background-type":"","background-media":"","overlay-type":"","overlay-color":"","overlay-opacity":"","overlay-gradient":""},"tablet":{"background-color":"","background-image":"","background-repeat":"repeat","background-position":"center center","background-size":"auto","background-attachment":"scroll","background-type":"","background-media":"","overlay-type":"","overlay-color":"","overlay-opacity":"","overlay-gradient":""},"mobile":{"background-color":"","background-image":"","background-repeat":"repeat","background-position":"center center","background-size":"auto","background-attachment":"scroll","background-type":"","background-media":"","overlay-type":"","overlay-color":"","overlay-opacity":"","overlay-gradient":""}},"ast-content-background-meta":{"desktop":{"background-color":"var(--ast-global-color-5)","background-image":"","background-repeat":"repeat","background-position":"center center","background-size":"auto","background-attachment":"scroll","background-type":"","background-media":"","overlay-type":"","overlay-color":"","overlay-opacity":"","overlay-gradient":""},"tablet":{"background-color":"var(--ast-global-color-5)","background-image":"","background-repeat":"repeat","background-position":"center center","background-size":"auto","background-attachment":"scroll","background-type":"","background-media":"","overlay-type":"","overlay-color":"","overlay-opacity":"","overlay-gradient":""},"mobile":{"background-color":"var(--ast-global-color-5)","background-image":"","background-repeat":"repeat","background-position":"center center","background-size":"auto","background-attachment":"scroll","background-type":"","background-media":"","overlay-type":"","overlay-color":"","overlay-opacity":"","overlay-gradient":""}}},"product_brand":[],"product_cat":[244,188,1118],"product_tag":[],"class_list":{"0":"post-265909","1":"product","2":"type-product","3":"status-publish","4":"has-post-thumbnail","6":"product_cat-france","7":"product_cat-freelancer","8":"product_cat-paris","9":"desktop-align-left","10":"tablet-align-left","11":"mobile-align-left","13":"first","14":"instock","15":"shipping-taxable","16":"product-type-simple"},"_links":{"self":[{"href":"https:\/\/poccky.com\/index.php\/wp-json\/wp\/v2\/product\/265909","targetHints":{"allow":["GET"]}}],"collection":[{"href":"https:\/\/poccky.com\/index.php\/wp-json\/wp\/v2\/product"}],"about":[{"href":"https:\/\/poccky.com\/index.php\/wp-json\/wp\/v2\/types\/product"}],"replies":[{"embeddable":true,"href":"https:\/\/poccky.com\/index.php\/wp-json\/wp\/v2\/comments?post=265909"}],"wp:featuredmedia":[{"embeddable":true,"href":"https:\/\/poccky.com\/index.php\/wp-json\/wp\/v2\/media\/106837"}],"wp:attachment":[{"href":"https:\/\/poccky.com\/index.php\/wp-json\/wp\/v2\/media?parent=265909"}],"wp:term":[{"taxonomy":"product_brand","embeddable":true,"href":"https:\/\/poccky.com\/index.php\/wp-json\/wp\/v2\/product_brand?post=265909"},{"taxonomy":"product_cat","embeddable":true,"href":"https:\/\/poccky.com\/index.php\/wp-json\/wp\/v2\/product_cat?post=265909"},{"taxonomy":"product_tag","embeddable":true,"href":"https:\/\/poccky.com\/index.php\/wp-json\/wp\/v2\/product_tag?post=265909"}],"curies":[{"name":"wp","href":"https:\/\/api.w.org\/{rel}","templated":true}]}}