{"id":265853,"date":"2023-10-28T16:05:37","date_gmt":"2023-10-28T16:05:37","guid":{"rendered":"https:\/\/poccky.com\/?post_type=product&#038;p=265853"},"modified":"2023-10-28T16:05:45","modified_gmt":"2023-10-28T16:05:45","slug":"chloevip8eme","status":"publish","type":"product","link":"https:\/\/poccky.com\/index.php\/product\/chloevip8eme\/","title":{"rendered":"Chloevip8eme"},"content":{"rendered":"","protected":false},"excerpt":{"rendered":"<p>BONJOUR LES COQUINS. JE SUIS SEXY MA\u00ceTRESSE DOMINATRICE ET ESCORT GIRL EXP\u00c9RIMENTE TR\u00c8S \u00c9QUIP\u00c9E ET COMPL\u00c9T\u00c9. MES PHOTOS SON BIEN LES MIENNES 100% R\u00c9ELLES*****JE M&#8217; APPELLE CHLOE JE SUIS UNE TR\u00c8S JF BLONDE SEXY HOT LATINE AVEC 25ANS.1M71.56KG UNE TR\u00c8S BELLE LIBERTINE DE LUXE. COQUINE ET TR\u00c8S SEXY AVEC DES JOLIES FORMES CONFORME POUR LE PLAISIR. JE SUIS VRAIMENT TR\u00c8S TR\u00c8S CHAUDE.RAFFINE QUI AIME BEAUCOUP LE PLAISIR A PARTAGE!<\/p>\n<p>JE SUIS MA\u00ceTRESSE DOMINATRICE CHLOE HARD OU SOFT<\/p>\n<p>DOMINATRICE TR\u00c8S S\u00c9V\u00c8RE HARD OU SOFT. VOIR ICI CERTAINES DE MES PRATIQUES : F\u00e9tichisme des pieds\/ talons aiguilles \/ Trampling \/ Ballbusting\/ fist-fucking anal\/ fist \/ facestting \/ douche dor\u00e9e.champagne.urologie. Caviar.scatologie\/ Education anglaise \/ Correction \/ Cire chaude\/ la bougie \/ F\u00e9tiche de bas lingeries et collants \/ f\u00e9tichiste\/ v\u00eatement latex et vinyle pour la f\u00e9minisation\/ humiliation\/ bondage\/ initiation anal\/ massage de la prostate\/ dilatation anal\/ p\u00e9n\u00e9tration anal\/ crachats\/ fess\u00e9e et claque\/ punition corporelle\/ esclave serviteur !<\/p>\n<p>Je suis une ma\u00eetresse \u00e9quip\u00e9e. exp\u00e9riment\u00e9e et s\u00e9rieuse ayant une nette pr\u00e9f\u00e9rence pour les hommes s\u00e9rieux et assumant leurs envies. JE SUIS ICI POUR R\u00c9ALISER TOUTES VOUS D\u00c9SIRS ET FANTASMES! JEUX DE R\u00d4LES. SC\u00c9NARIOS POUR UNE S\u00c9ANCE SANS AUCUN TABOU. APPARTEMENT PRIVE ET DISCRET. POSSIBILIT\u00c9 DE PRENDRE UNE DOUCHE ET UN DRINK. JE R\u00c9ALISE LA DOMINATION SOFT OU HARD. Kit dilatation et pr\u00e9paration anal. gode manuel. gode ceinture. gode vibreur. gode masseur prostate. codes pour les bordages. bougies. le bandeau. les menottes. le fouet. le b\u00e2illon. les pinces \u00e0 t\u00e9tons. love toys. plumeau. martinet. masque et cagoule. poppers. boule fourrure. Plug anal. colliers. cravache. v\u00e9n\u00e9ration. Je suis vraiment compl\u00e8te! J&#8217;aime bien les pr\u00e9liminaires pour vous propose un tr\u00e8s bon moment d&#8217;intense plaisir \u00e0 partager. Je suis tr\u00e8s \u00e9quipe et compl\u00e8te. Sinon fait moi part de ton sc\u00e9nario ou laisse-moi pr\u00e9parer la s\u00e9ance.. Pour l&#8217;\u00e9coute de vos d\u00e9sirs et fantasmes les plus secrets pour les satisfaire pour votre plus grand plaisir! BDSM<\/p>\n<p>JE SUIS AUSSI ESCORT GIRL IND\u00c9PENDANT. JE SUIS DISPONIBLE POUR DES RAPPORTS CLASSIQUE POUR FAIRE L\u2019AMOUR. LA GORGE PROFONDE. Je aime bien les pr\u00e9liminaires pour vous propose un tr\u00e8s bon moment de intense plaisir a partager HOT avec massage compl\u00e9t\u00e9. Je re\u00e7ois homme.couple ou possible une show lesbienne avec une copine.chez moi.<\/p>\n<p>Dans l\u2019attente de vous rencontrer .&#8221;-&#8220;. appel moi pour plus de renseignement au Tel: et voir aussi mon Site personnel http:\/\/escortgirlchloevip.escortbook.com . Je re\u00e7oit de 10h a 22h.a bient\u00f4t ! BIG KISS HOT My details Below mentioned<\/p>\n<p>                Nationality:<br \/>\n                Brazilian <\/p>\n<p>                Languages:<br \/>\n                English. French. Spanish<\/p>\n<p>                Age:<br \/>\n                25<\/p>\n<p>                Height:<br \/>\n                171<\/p>\n<p>                Weight:<br \/>\n                56<\/p>\n<p>                Hair:<br \/>\n                 LONG BLONDE<\/p>\n<p>                Eyes:<br \/>\n                brow<\/p>\n<p>                Measurements:<br \/>\n                95-63-100<\/p>\n","protected":false},"featured_media":109240,"comment_status":"open","ping_status":"closed","template":"","meta":{"site-sidebar-layout":"default","site-content-layout":"","ast-site-content-layout":"","site-content-style":"default","site-sidebar-style":"default","ast-global-header-display":"","ast-banner-title-visibility":"","ast-main-header-display":"","ast-hfb-above-header-display":"","ast-hfb-below-header-display":"","ast-hfb-mobile-header-display":"","site-post-title":"","ast-breadcrumbs-content":"","ast-featured-img":"","footer-sml-layout":"","theme-transparent-header-meta":"","adv-header-id-meta":"","stick-header-meta":"","header-above-stick-meta":"","header-main-stick-meta":"","header-below-stick-meta":"","astra-migrate-meta-layouts":"default","ast-page-background-enabled":"default","ast-page-background-meta":{"desktop":{"background-color":"var(--ast-global-color-4)","background-image":"","background-repeat":"repeat","background-position":"center center","background-size":"auto","background-attachment":"scroll","background-type":"","background-media":"","overlay-type":"","overlay-color":"","overlay-opacity":"","overlay-gradient":""},"tablet":{"background-color":"","background-image":"","background-repeat":"repeat","background-position":"center center","background-size":"auto","background-attachment":"scroll","background-type":"","background-media":"","overlay-type":"","overlay-color":"","overlay-opacity":"","overlay-gradient":""},"mobile":{"background-color":"","background-image":"","background-repeat":"repeat","background-position":"center center","background-size":"auto","background-attachment":"scroll","background-type":"","background-media":"","overlay-type":"","overlay-color":"","overlay-opacity":"","overlay-gradient":""}},"ast-content-background-meta":{"desktop":{"background-color":"var(--ast-global-color-5)","background-image":"","background-repeat":"repeat","background-position":"center center","background-size":"auto","background-attachment":"scroll","background-type":"","background-media":"","overlay-type":"","overlay-color":"","overlay-opacity":"","overlay-gradient":""},"tablet":{"background-color":"var(--ast-global-color-5)","background-image":"","background-repeat":"repeat","background-position":"center center","background-size":"auto","background-attachment":"scroll","background-type":"","background-media":"","overlay-type":"","overlay-color":"","overlay-opacity":"","overlay-gradient":""},"mobile":{"background-color":"var(--ast-global-color-5)","background-image":"","background-repeat":"repeat","background-position":"center center","background-size":"auto","background-attachment":"scroll","background-type":"","background-media":"","overlay-type":"","overlay-color":"","overlay-opacity":"","overlay-gradient":""}}},"product_brand":[],"product_cat":[244,188,1118],"product_tag":[],"class_list":{"0":"post-265853","1":"product","2":"type-product","3":"status-publish","4":"has-post-thumbnail","6":"product_cat-france","7":"product_cat-freelancer","8":"product_cat-paris","9":"desktop-align-left","10":"tablet-align-left","11":"mobile-align-left","13":"first","14":"instock","15":"shipping-taxable","16":"product-type-simple"},"_links":{"self":[{"href":"https:\/\/poccky.com\/index.php\/wp-json\/wp\/v2\/product\/265853","targetHints":{"allow":["GET"]}}],"collection":[{"href":"https:\/\/poccky.com\/index.php\/wp-json\/wp\/v2\/product"}],"about":[{"href":"https:\/\/poccky.com\/index.php\/wp-json\/wp\/v2\/types\/product"}],"replies":[{"embeddable":true,"href":"https:\/\/poccky.com\/index.php\/wp-json\/wp\/v2\/comments?post=265853"}],"wp:featuredmedia":[{"embeddable":true,"href":"https:\/\/poccky.com\/index.php\/wp-json\/wp\/v2\/media\/109240"}],"wp:attachment":[{"href":"https:\/\/poccky.com\/index.php\/wp-json\/wp\/v2\/media?parent=265853"}],"wp:term":[{"taxonomy":"product_brand","embeddable":true,"href":"https:\/\/poccky.com\/index.php\/wp-json\/wp\/v2\/product_brand?post=265853"},{"taxonomy":"product_cat","embeddable":true,"href":"https:\/\/poccky.com\/index.php\/wp-json\/wp\/v2\/product_cat?post=265853"},{"taxonomy":"product_tag","embeddable":true,"href":"https:\/\/poccky.com\/index.php\/wp-json\/wp\/v2\/product_tag?post=265853"}],"curies":[{"name":"wp","href":"https:\/\/api.w.org\/{rel}","templated":true}]}}