{"id":264609,"date":"2023-10-28T15:14:51","date_gmt":"2023-10-28T15:14:51","guid":{"rendered":"https:\/\/poccky.com\/?post_type=product&#038;p=264609"},"modified":"2023-10-28T15:14:58","modified_gmt":"2023-10-28T15:14:58","slug":"alezia","status":"publish","type":"product","link":"https:\/\/poccky.com\/index.php\/product\/alezia\/","title":{"rendered":"ALEZIA"},"content":{"rendered":"","protected":false},"excerpt":{"rendered":"<p>Bonjour<\/p>\n<p>Je suis une jolie m\u00e9tisse \u00e0 l&#8217; \u00e9l\u00e9gance intemporelle. avec un charme d\u00e9licieusement glamour; d\u00e9vou\u00e9e \u00e0 exaucer vos moindres d\u00e9sirs.<\/p>\n<p>Une v\u00e9ritable petite mine D&#8217;or&#8230;<\/p>\n<p>Avec moi. les rencontres sont pr\u00e9cieuses et se vivent intens\u00e9ment.<br \/>\nVous savourerez le plaisir d&#8217; un moment magique. vous go\u00fbterez au d\u00e9lice d&#8217; un instant F\u00e9erique. et vous vivrez exp\u00e9rience unique&#8230;<\/p>\n<p>La sensualit\u00e9 et les relations fusionnelles sont ce que j &#8216; adore.<\/p>\n<p>Si vous \u00eates le gentleman et vous d\u00e9sirez le meilleur. alors envoyez-moi une invitation \u00e0 vous rejoindre.<\/p>\n<p>Je peux selon votre convenance vous recevoir dans un cocon au design \u00e9pur\u00e9 .<br \/>\nLes homme charmants. doux . courtois avec une hygi\u00e8ne parfaite me font craquer.<\/p>\n<p>Toutes mes photos sont r\u00e9elles. r\u00e9cente et authentique et vous pouvez \u00eatre s\u00fbr \u00e0 100% que vous allez rencontrer la jeune fille sur les photos.<\/p>\n<p>Le bien-\u00eatre ultime vous ouvre ses portes. Succombez \u00e0 la tentation&#8230;<\/p>\n<p>ALEZIA LE P\u00caCH\u00c9 MIGNON My details Below mentioned<\/p>\n<p>                Nationality:<br \/>\n                Fran\u00e7aise <\/p>\n<p>                Languages:<br \/>\n                fran\u00e7ais<\/p>\n<p>                Age:<br \/>\n                25<\/p>\n<p>                Height:<br \/>\n                166<\/p>\n<p>                Weight:<br \/>\n                54<\/p>\n<p>                Hair:<br \/>\n                long noir<\/p>\n<p>                Eyes:<br \/>\n                marron<\/p>\n<p>                Measurements:<br \/>\n                90-60-60<\/p>\n","protected":false},"featured_media":92462,"comment_status":"open","ping_status":"closed","template":"","meta":{"site-sidebar-layout":"default","site-content-layout":"","ast-site-content-layout":"","site-content-style":"default","site-sidebar-style":"default","ast-global-header-display":"","ast-banner-title-visibility":"","ast-main-header-display":"","ast-hfb-above-header-display":"","ast-hfb-below-header-display":"","ast-hfb-mobile-header-display":"","site-post-title":"","ast-breadcrumbs-content":"","ast-featured-img":"","footer-sml-layout":"","theme-transparent-header-meta":"","adv-header-id-meta":"","stick-header-meta":"","header-above-stick-meta":"","header-main-stick-meta":"","header-below-stick-meta":"","astra-migrate-meta-layouts":"default","ast-page-background-enabled":"default","ast-page-background-meta":{"desktop":{"background-color":"var(--ast-global-color-4)","background-image":"","background-repeat":"repeat","background-position":"center center","background-size":"auto","background-attachment":"scroll","background-type":"","background-media":"","overlay-type":"","overlay-color":"","overlay-opacity":"","overlay-gradient":""},"tablet":{"background-color":"","background-image":"","background-repeat":"repeat","background-position":"center center","background-size":"auto","background-attachment":"scroll","background-type":"","background-media":"","overlay-type":"","overlay-color":"","overlay-opacity":"","overlay-gradient":""},"mobile":{"background-color":"","background-image":"","background-repeat":"repeat","background-position":"center center","background-size":"auto","background-attachment":"scroll","background-type":"","background-media":"","overlay-type":"","overlay-color":"","overlay-opacity":"","overlay-gradient":""}},"ast-content-background-meta":{"desktop":{"background-color":"var(--ast-global-color-5)","background-image":"","background-repeat":"repeat","background-position":"center center","background-size":"auto","background-attachment":"scroll","background-type":"","background-media":"","overlay-type":"","overlay-color":"","overlay-opacity":"","overlay-gradient":""},"tablet":{"background-color":"var(--ast-global-color-5)","background-image":"","background-repeat":"repeat","background-position":"center center","background-size":"auto","background-attachment":"scroll","background-type":"","background-media":"","overlay-type":"","overlay-color":"","overlay-opacity":"","overlay-gradient":""},"mobile":{"background-color":"var(--ast-global-color-5)","background-image":"","background-repeat":"repeat","background-position":"center center","background-size":"auto","background-attachment":"scroll","background-type":"","background-media":"","overlay-type":"","overlay-color":"","overlay-opacity":"","overlay-gradient":""}}},"product_brand":[],"product_cat":[244,188,1118],"product_tag":[],"class_list":{"0":"post-264609","1":"product","2":"type-product","3":"status-publish","4":"has-post-thumbnail","6":"product_cat-france","7":"product_cat-freelancer","8":"product_cat-paris","9":"desktop-align-left","10":"tablet-align-left","11":"mobile-align-left","13":"first","14":"instock","15":"shipping-taxable","16":"product-type-simple"},"_links":{"self":[{"href":"https:\/\/poccky.com\/index.php\/wp-json\/wp\/v2\/product\/264609","targetHints":{"allow":["GET"]}}],"collection":[{"href":"https:\/\/poccky.com\/index.php\/wp-json\/wp\/v2\/product"}],"about":[{"href":"https:\/\/poccky.com\/index.php\/wp-json\/wp\/v2\/types\/product"}],"replies":[{"embeddable":true,"href":"https:\/\/poccky.com\/index.php\/wp-json\/wp\/v2\/comments?post=264609"}],"wp:featuredmedia":[{"embeddable":true,"href":"https:\/\/poccky.com\/index.php\/wp-json\/wp\/v2\/media\/92462"}],"wp:attachment":[{"href":"https:\/\/poccky.com\/index.php\/wp-json\/wp\/v2\/media?parent=264609"}],"wp:term":[{"taxonomy":"product_brand","embeddable":true,"href":"https:\/\/poccky.com\/index.php\/wp-json\/wp\/v2\/product_brand?post=264609"},{"taxonomy":"product_cat","embeddable":true,"href":"https:\/\/poccky.com\/index.php\/wp-json\/wp\/v2\/product_cat?post=264609"},{"taxonomy":"product_tag","embeddable":true,"href":"https:\/\/poccky.com\/index.php\/wp-json\/wp\/v2\/product_tag?post=264609"}],"curies":[{"name":"wp","href":"https:\/\/api.w.org\/{rel}","templated":true}]}}