{"id":262653,"date":"2023-10-28T13:30:41","date_gmt":"2023-10-28T13:30:41","guid":{"rendered":"https:\/\/poccky.com\/?post_type=product&#038;p=262653"},"modified":"2023-10-28T13:30:46","modified_gmt":"2023-10-28T13:30:46","slug":"madame-kim","status":"publish","type":"product","link":"https:\/\/poccky.com\/index.php\/product\/madame-kim\/","title":{"rendered":"Madame Kim"},"content":{"rendered":"","protected":false},"excerpt":{"rendered":"<p>Durch ihre exotische Erscheinung verspr\u00fcht Escort Kim sofort einen Hauch von Sehnsucht nach dem geheimnisvollen Fremden. nach dem Gl\u00fcck der Erf\u00fcllung und verzaubert dennoch mit ihrer ungek\u00fcnstelten und angenehm phrasenlosen Art. Ihre liebensw\u00fcrdige Ader streicht jeden noch so geringen Eindruck von Unbekanntheit beim ersten Rendezvous einfach davon.<br \/>\nKim ist unsere \u201easiatische Lotusbl\u00fcte\u201c. herrlich unverbl\u00fcmt wird sie Ihnen mit einem umwerfenden L\u00e4cheln zeigen. welches Lebensgef\u00fchl sie antreibt und was Sie in einer rauschenden Nacht erwarten d\u00fcrfen.<br \/>\nEscort Kim ist einfach authentisch und geradeaus. wirklich wundervoll einzigartig. Sie liebt und genie\u00dft das Leben in vollen Z\u00fcgen. denn Kim wird Ihnen mit unbedarfter Freundlichkeit begegnen und vermittelt Ihnen schnell das Gef\u00fchl absoluter Unvoreingenommenheit.<br \/>\nBeim gemeinsamen Dinner. erleben Sie einen unkomplizierten Gourmet und es darf kulinarisch auch gerne etwas sch\u00e4rfer werden &#8211; denn dies erw\u00e4rmt das Herz und steigert bekanntlich die Lust&#8230;<br \/>\nDiese sexy Frau ist gesegnet mit einer jugendlich-androgynen Silhouette. einen formvollendet sch\u00f6nen Mund. samtiger Haut. beeindruckend geheimnisvollen Augen und sie versteht es wie kaum eine Zweite. dieses Geschenk ihrer Vorz\u00fcge beim Ausleben Ihrer gemeinsamen. erotischen Fantasien gekonnt einzusetzen.<br \/>\nDie ungebundene Kim hat sich f\u00fcr den Escortservice entschieden. um eine Welt der unkomplizierten und aufregenden Liebe zu genie\u00dfen und sch\u00e4tzt es sehr. wenn sie auf einen gleichgesinnten. modernen Mann trifft. um eine unvergessliche Zeit miteinander zu erleben oder auch gr\u00f6\u00dfere Abenteuer.<br \/>\nEine mit positiver Energie. befl\u00fcgelte Dame und die perfekte Geliebte in jeder Hinsicht.<br \/>\nMadame Bell\u00e1 &#8211; Ihr High Class Escort &#8211; Team aus Hambur.G freut sich Kim vermitteln zu d\u00fcrfen. My details Below mentioned<\/p>\n<p>                Nationality:<br \/>\n                Asiatisch  <\/p>\n<p>                Languages:<br \/>\n                deutsch und englisch flie\u00dfend <\/p>\n<p>                Age:<br \/>\n                32<\/p>\n<p>                Height:<br \/>\n                160 cm<\/p>\n<p>                Weight:<br \/>\n                Unter 50kg<\/p>\n<p>                Hair:<br \/>\n                dunkelbraun<\/p>\n<p>                Eyes:<br \/>\n                Braun<\/p>\n<p>                Measurements:<br \/>\n                82-59-88phone_android Phone:<br \/>\n          +4917687414234<\/p>\n","protected":false},"featured_media":107320,"comment_status":"open","ping_status":"closed","template":"","meta":{"site-sidebar-layout":"default","site-content-layout":"","ast-site-content-layout":"","site-content-style":"default","site-sidebar-style":"default","ast-global-header-display":"","ast-banner-title-visibility":"","ast-main-header-display":"","ast-hfb-above-header-display":"","ast-hfb-below-header-display":"","ast-hfb-mobile-header-display":"","site-post-title":"","ast-breadcrumbs-content":"","ast-featured-img":"","footer-sml-layout":"","theme-transparent-header-meta":"","adv-header-id-meta":"","stick-header-meta":"","header-above-stick-meta":"","header-main-stick-meta":"","header-below-stick-meta":"","astra-migrate-meta-layouts":"default","ast-page-background-enabled":"default","ast-page-background-meta":{"desktop":{"background-color":"var(--ast-global-color-4)","background-image":"","background-repeat":"repeat","background-position":"center center","background-size":"auto","background-attachment":"scroll","background-type":"","background-media":"","overlay-type":"","overlay-color":"","overlay-opacity":"","overlay-gradient":""},"tablet":{"background-color":"","background-image":"","background-repeat":"repeat","background-position":"center center","background-size":"auto","background-attachment":"scroll","background-type":"","background-media":"","overlay-type":"","overlay-color":"","overlay-opacity":"","overlay-gradient":""},"mobile":{"background-color":"","background-image":"","background-repeat":"repeat","background-position":"center center","background-size":"auto","background-attachment":"scroll","background-type":"","background-media":"","overlay-type":"","overlay-color":"","overlay-opacity":"","overlay-gradient":""}},"ast-content-background-meta":{"desktop":{"background-color":"var(--ast-global-color-5)","background-image":"","background-repeat":"repeat","background-position":"center center","background-size":"auto","background-attachment":"scroll","background-type":"","background-media":"","overlay-type":"","overlay-color":"","overlay-opacity":"","overlay-gradient":""},"tablet":{"background-color":"var(--ast-global-color-5)","background-image":"","background-repeat":"repeat","background-position":"center center","background-size":"auto","background-attachment":"scroll","background-type":"","background-media":"","overlay-type":"","overlay-color":"","overlay-opacity":"","overlay-gradient":""},"mobile":{"background-color":"var(--ast-global-color-5)","background-image":"","background-repeat":"repeat","background-position":"center center","background-size":"auto","background-attachment":"scroll","background-type":"","background-media":"","overlay-type":"","overlay-color":"","overlay-opacity":"","overlay-gradient":""}}},"product_brand":[],"product_cat":[996,188,811],"product_tag":[],"class_list":{"0":"post-262653","1":"product","2":"type-product","3":"status-publish","4":"has-post-thumbnail","6":"product_cat-berlin","7":"product_cat-freelancer","8":"product_cat-germany","9":"desktop-align-left","10":"tablet-align-left","11":"mobile-align-left","13":"first","14":"instock","15":"shipping-taxable","16":"product-type-simple"},"_links":{"self":[{"href":"https:\/\/poccky.com\/index.php\/wp-json\/wp\/v2\/product\/262653","targetHints":{"allow":["GET"]}}],"collection":[{"href":"https:\/\/poccky.com\/index.php\/wp-json\/wp\/v2\/product"}],"about":[{"href":"https:\/\/poccky.com\/index.php\/wp-json\/wp\/v2\/types\/product"}],"replies":[{"embeddable":true,"href":"https:\/\/poccky.com\/index.php\/wp-json\/wp\/v2\/comments?post=262653"}],"wp:featuredmedia":[{"embeddable":true,"href":"https:\/\/poccky.com\/index.php\/wp-json\/wp\/v2\/media\/107320"}],"wp:attachment":[{"href":"https:\/\/poccky.com\/index.php\/wp-json\/wp\/v2\/media?parent=262653"}],"wp:term":[{"taxonomy":"product_brand","embeddable":true,"href":"https:\/\/poccky.com\/index.php\/wp-json\/wp\/v2\/product_brand?post=262653"},{"taxonomy":"product_cat","embeddable":true,"href":"https:\/\/poccky.com\/index.php\/wp-json\/wp\/v2\/product_cat?post=262653"},{"taxonomy":"product_tag","embeddable":true,"href":"https:\/\/poccky.com\/index.php\/wp-json\/wp\/v2\/product_tag?post=262653"}],"curies":[{"name":"wp","href":"https:\/\/api.w.org\/{rel}","templated":true}]}}