{"id":262186,"date":"2023-10-28T13:12:15","date_gmt":"2023-10-28T13:12:15","guid":{"rendered":"https:\/\/poccky.com\/?post_type=product&#038;p=262186"},"modified":"2023-10-28T13:12:21","modified_gmt":"2023-10-28T13:12:21","slug":"amelie-star-gfe","status":"publish","type":"product","link":"https:\/\/poccky.com\/index.php\/product\/amelie-star-gfe\/","title":{"rendered":"Amelie-STAR-Gfe"},"content":{"rendered":"","protected":false},"excerpt":{"rendered":"<p>Bonjour et Bienvenue.<\/p>\n<p>Je suis Amelie . Sublime JF brune. Escorte-girl Parisienne.<\/p>\n<p>Je r\u00e9side \u00e0 Paris 12i\u00e8me ville . de Lumi\u00e8re. et de fins gourmets \ud83d\ude09<br \/>\nMes atouts s\u00e9duction ? Je vous laisse en juger de part mes photos bien r\u00e9elles.<\/p>\n<p>NOTRE RENCONTRE : Vous \u00eates \u00e0 la recherche d&#8217;un moment d&#8217;exception?<\/p>\n<p>Je vous propose une belle parenth\u00e8se. source de plaisir. de volupt\u00e9. Une \u00e9vasion d\u00e9licieusement douce ou ludique.<\/p>\n<p>Mon univers est vaste&#8230;Je poss\u00e8de d&#8217;\u00e9normes ressources insoup\u00e7onn\u00e9es. une cr\u00e9ativit\u00e9 et un savoir faire d&#8217;une grande finesse. que je vous propose de d\u00e9couvrir et de partager.<\/p>\n<p>Ne r\u00e9duisons pas simplement notre relation \u00e0 &#8220;un menu d\u00e9taill\u00e9 ou des prestations de service.&#8221; Harmonisons notre rencontre dans une correspondance commune \u00e0 travers nos valeurs humaines&#8230;nos envies&#8230;nos sensibilit\u00e9s&#8230;dans la joie de vivre. la l\u00e9g\u00e8ret\u00e9. dans une ambiance subtile. raffin\u00e9e. sans contrainte. sans engagement. dans une discr\u00e9tion absolue.<\/p>\n<p>Ma personnalit\u00e9 sinc\u00e8re et ma f\u00e9minit\u00e9 \u00e9veillent en vous une r\u00e9sonance particuli\u00e8re. c\u2019est que je suis peut-\u00eatre celle que vous cherchez ?<\/p>\n<p>DISPONIBILITE ET CONTACT :<\/p>\n<p>Je peux vous recevoir dans mon \u00e9l\u00e9gant appartement.<\/p>\n<p>Mes disponibilit\u00e9s sont du mardi au samedi de 12H \u00e0 21H.<\/p>\n<p>Pour toute information ou prise de rendez-vous. je suis joignable uniquement par t\u00e9l\u00e9phone en matin\u00e9e.<\/p>\n<p>** (ne masquez pas votre num\u00e9ro. je ne l&#8217;utiliserai jamais sans y \u00eatre invit\u00e9e. pas de SMS trop impersonnels)<\/p>\n<p>Merci de respecter ces petites recommandations qui faciliteront notre contact.<\/p>\n<p>Au plaisir de vous entendre.<\/p>\n<p>Bises Douces et Sensuelles.<\/p>\n<p>AngelB My details Below mentioned<\/p>\n<p>                Nationality:<br \/>\n                Fran\u00e7aise <\/p>\n<p>                Languages:<br \/>\n                francais<\/p>\n<p>                Age:<br \/>\n                24<\/p>\n<p>                Height:<br \/>\n                168<\/p>\n<p>                Weight:<br \/>\n                48<\/p>\n<p>                Hair:<br \/>\n                mi long brun<\/p>\n<p>                Eyes:<br \/>\n                marron<\/p>\n","protected":false},"featured_media":106675,"comment_status":"open","ping_status":"closed","template":"","meta":{"site-sidebar-layout":"default","site-content-layout":"","ast-site-content-layout":"","site-content-style":"default","site-sidebar-style":"default","ast-global-header-display":"","ast-banner-title-visibility":"","ast-main-header-display":"","ast-hfb-above-header-display":"","ast-hfb-below-header-display":"","ast-hfb-mobile-header-display":"","site-post-title":"","ast-breadcrumbs-content":"","ast-featured-img":"","footer-sml-layout":"","theme-transparent-header-meta":"","adv-header-id-meta":"","stick-header-meta":"","header-above-stick-meta":"","header-main-stick-meta":"","header-below-stick-meta":"","astra-migrate-meta-layouts":"default","ast-page-background-enabled":"default","ast-page-background-meta":{"desktop":{"background-color":"var(--ast-global-color-4)","background-image":"","background-repeat":"repeat","background-position":"center center","background-size":"auto","background-attachment":"scroll","background-type":"","background-media":"","overlay-type":"","overlay-color":"","overlay-opacity":"","overlay-gradient":""},"tablet":{"background-color":"","background-image":"","background-repeat":"repeat","background-position":"center center","background-size":"auto","background-attachment":"scroll","background-type":"","background-media":"","overlay-type":"","overlay-color":"","overlay-opacity":"","overlay-gradient":""},"mobile":{"background-color":"","background-image":"","background-repeat":"repeat","background-position":"center center","background-size":"auto","background-attachment":"scroll","background-type":"","background-media":"","overlay-type":"","overlay-color":"","overlay-opacity":"","overlay-gradient":""}},"ast-content-background-meta":{"desktop":{"background-color":"var(--ast-global-color-5)","background-image":"","background-repeat":"repeat","background-position":"center center","background-size":"auto","background-attachment":"scroll","background-type":"","background-media":"","overlay-type":"","overlay-color":"","overlay-opacity":"","overlay-gradient":""},"tablet":{"background-color":"var(--ast-global-color-5)","background-image":"","background-repeat":"repeat","background-position":"center center","background-size":"auto","background-attachment":"scroll","background-type":"","background-media":"","overlay-type":"","overlay-color":"","overlay-opacity":"","overlay-gradient":""},"mobile":{"background-color":"var(--ast-global-color-5)","background-image":"","background-repeat":"repeat","background-position":"center center","background-size":"auto","background-attachment":"scroll","background-type":"","background-media":"","overlay-type":"","overlay-color":"","overlay-opacity":"","overlay-gradient":""}}},"product_brand":[],"product_cat":[244,188,1118],"product_tag":[],"class_list":{"0":"post-262186","1":"product","2":"type-product","3":"status-publish","4":"has-post-thumbnail","6":"product_cat-france","7":"product_cat-freelancer","8":"product_cat-paris","9":"desktop-align-left","10":"tablet-align-left","11":"mobile-align-left","13":"first","14":"instock","15":"shipping-taxable","16":"product-type-simple"},"_links":{"self":[{"href":"https:\/\/poccky.com\/index.php\/wp-json\/wp\/v2\/product\/262186","targetHints":{"allow":["GET"]}}],"collection":[{"href":"https:\/\/poccky.com\/index.php\/wp-json\/wp\/v2\/product"}],"about":[{"href":"https:\/\/poccky.com\/index.php\/wp-json\/wp\/v2\/types\/product"}],"replies":[{"embeddable":true,"href":"https:\/\/poccky.com\/index.php\/wp-json\/wp\/v2\/comments?post=262186"}],"wp:featuredmedia":[{"embeddable":true,"href":"https:\/\/poccky.com\/index.php\/wp-json\/wp\/v2\/media\/106675"}],"wp:attachment":[{"href":"https:\/\/poccky.com\/index.php\/wp-json\/wp\/v2\/media?parent=262186"}],"wp:term":[{"taxonomy":"product_brand","embeddable":true,"href":"https:\/\/poccky.com\/index.php\/wp-json\/wp\/v2\/product_brand?post=262186"},{"taxonomy":"product_cat","embeddable":true,"href":"https:\/\/poccky.com\/index.php\/wp-json\/wp\/v2\/product_cat?post=262186"},{"taxonomy":"product_tag","embeddable":true,"href":"https:\/\/poccky.com\/index.php\/wp-json\/wp\/v2\/product_tag?post=262186"}],"curies":[{"name":"wp","href":"https:\/\/api.w.org\/{rel}","templated":true}]}}