{"id":260815,"date":"2023-10-28T10:41:06","date_gmt":"2023-10-28T10:41:06","guid":{"rendered":"https:\/\/poccky.com\/?post_type=product&#038;p=260815"},"modified":"2023-10-28T10:41:13","modified_gmt":"2023-10-28T10:41:13","slug":"melissa-14","status":"publish","type":"product","link":"https:\/\/poccky.com\/index.php\/product\/melissa-14\/","title":{"rendered":"Melissa"},"content":{"rendered":"","protected":false},"excerpt":{"rendered":"<p>Melissa ist eine nymphomane und naturgeile Bulgarin. Sie hat Ihr Hobby zum Beruf gemacht.<br \/>\nBei einem Haus besuch sp\u00fcrst Du meine z\u00e4rtlichen H\u00e4nde. meinen warmen K\u00f6rper. welche dir die Sinne rauben und Dich in nicht gekannte Sph\u00e4ren lustvoller Gl\u00fccksgef\u00fclle entf\u00fchren werden.<br \/>\nErlebe mit mir.alleine zu zweit. die Sinnlichkeit der Lust auf eine f\u00fcr dich unvergessliche Art und Weise.<br \/>\nKomm ich raube dir den Verstand&#8230;&#8230;<\/p>\n<p>Ein hei\u00dfes Escort Girl Berlin ist Melissa. Sie ist nymphoman. braucht den Sex und dies m\u00f6chte sie beim Escort ausleben. Sozusagen hat sie ihr Hobby bereits zum Beruf gemacht.<\/p>\n<p>Ob es mit einem Escort Girl Berlin bei dem Escort bleibt oder sich zum Beispiel mit Melissa. nymphoman. getroffen wird. ist allein die Entscheidung des Mannes. Mit Melissa nymphoman wird jedes Treffen zu einem absolut unvergessenen Erlebnis. welches auch im Nachhinein noch begeistern wird. Der Escort legt. wie auch jeder einzelne Kunde. gro\u00dfen Wert auf Diskretion. welche vom Escort Berlin und von allen Girls und Damen auch gewahrt wird. Das Escort Girl Berlin gibt Vertrauen und die Gew\u00e4hrleistung zur Anonymit\u00e4t. Melissa ist nymphoman und dies m\u00f6chte sie so oft es geht ausleben. My details Below mentioned<\/p>\n<p>                Nationality:<br \/>\n                Bulgarien <\/p>\n<p>                Languages:<br \/>\n                Englisch<\/p>\n<p>                Age:<br \/>\n                20<\/p>\n<p>                Height:<br \/>\n                165 cm<\/p>\n<p>                Hair:<br \/>\n                schwarzphone_android Phone:<br \/>\n          015117980713<\/p>\n","protected":false},"featured_media":98797,"comment_status":"open","ping_status":"closed","template":"","meta":{"site-sidebar-layout":"default","site-content-layout":"","ast-site-content-layout":"","site-content-style":"default","site-sidebar-style":"default","ast-global-header-display":"","ast-banner-title-visibility":"","ast-main-header-display":"","ast-hfb-above-header-display":"","ast-hfb-below-header-display":"","ast-hfb-mobile-header-display":"","site-post-title":"","ast-breadcrumbs-content":"","ast-featured-img":"","footer-sml-layout":"","theme-transparent-header-meta":"","adv-header-id-meta":"","stick-header-meta":"","header-above-stick-meta":"","header-main-stick-meta":"","header-below-stick-meta":"","astra-migrate-meta-layouts":"default","ast-page-background-enabled":"default","ast-page-background-meta":{"desktop":{"background-color":"var(--ast-global-color-4)","background-image":"","background-repeat":"repeat","background-position":"center center","background-size":"auto","background-attachment":"scroll","background-type":"","background-media":"","overlay-type":"","overlay-color":"","overlay-opacity":"","overlay-gradient":""},"tablet":{"background-color":"","background-image":"","background-repeat":"repeat","background-position":"center center","background-size":"auto","background-attachment":"scroll","background-type":"","background-media":"","overlay-type":"","overlay-color":"","overlay-opacity":"","overlay-gradient":""},"mobile":{"background-color":"","background-image":"","background-repeat":"repeat","background-position":"center center","background-size":"auto","background-attachment":"scroll","background-type":"","background-media":"","overlay-type":"","overlay-color":"","overlay-opacity":"","overlay-gradient":""}},"ast-content-background-meta":{"desktop":{"background-color":"var(--ast-global-color-5)","background-image":"","background-repeat":"repeat","background-position":"center center","background-size":"auto","background-attachment":"scroll","background-type":"","background-media":"","overlay-type":"","overlay-color":"","overlay-opacity":"","overlay-gradient":""},"tablet":{"background-color":"var(--ast-global-color-5)","background-image":"","background-repeat":"repeat","background-position":"center center","background-size":"auto","background-attachment":"scroll","background-type":"","background-media":"","overlay-type":"","overlay-color":"","overlay-opacity":"","overlay-gradient":""},"mobile":{"background-color":"var(--ast-global-color-5)","background-image":"","background-repeat":"repeat","background-position":"center center","background-size":"auto","background-attachment":"scroll","background-type":"","background-media":"","overlay-type":"","overlay-color":"","overlay-opacity":"","overlay-gradient":""}}},"product_brand":[],"product_cat":[996,188,811],"product_tag":[],"class_list":{"0":"post-260815","1":"product","2":"type-product","3":"status-publish","4":"has-post-thumbnail","6":"product_cat-berlin","7":"product_cat-freelancer","8":"product_cat-germany","9":"desktop-align-left","10":"tablet-align-left","11":"mobile-align-left","13":"first","14":"instock","15":"shipping-taxable","16":"product-type-simple"},"_links":{"self":[{"href":"https:\/\/poccky.com\/index.php\/wp-json\/wp\/v2\/product\/260815","targetHints":{"allow":["GET"]}}],"collection":[{"href":"https:\/\/poccky.com\/index.php\/wp-json\/wp\/v2\/product"}],"about":[{"href":"https:\/\/poccky.com\/index.php\/wp-json\/wp\/v2\/types\/product"}],"replies":[{"embeddable":true,"href":"https:\/\/poccky.com\/index.php\/wp-json\/wp\/v2\/comments?post=260815"}],"wp:featuredmedia":[{"embeddable":true,"href":"https:\/\/poccky.com\/index.php\/wp-json\/wp\/v2\/media\/98797"}],"wp:attachment":[{"href":"https:\/\/poccky.com\/index.php\/wp-json\/wp\/v2\/media?parent=260815"}],"wp:term":[{"taxonomy":"product_brand","embeddable":true,"href":"https:\/\/poccky.com\/index.php\/wp-json\/wp\/v2\/product_brand?post=260815"},{"taxonomy":"product_cat","embeddable":true,"href":"https:\/\/poccky.com\/index.php\/wp-json\/wp\/v2\/product_cat?post=260815"},{"taxonomy":"product_tag","embeddable":true,"href":"https:\/\/poccky.com\/index.php\/wp-json\/wp\/v2\/product_tag?post=260815"}],"curies":[{"name":"wp","href":"https:\/\/api.w.org\/{rel}","templated":true}]}}