{"id":259417,"date":"2023-10-28T07:58:16","date_gmt":"2023-10-28T07:58:16","guid":{"rendered":"https:\/\/poccky.com\/?post_type=product&#038;p=259417"},"modified":"2023-10-28T07:58:24","modified_gmt":"2023-10-28T07:58:24","slug":"nicolly-schmmit","status":"publish","type":"product","link":"https:\/\/poccky.com\/index.php\/product\/nicolly-schmmit\/","title":{"rendered":"NICOLLY SCHMMIT"},"content":{"rendered":"","protected":false},"excerpt":{"rendered":"<p>Bonjour je suis NICOLLY SCHMITT 100% LATINE tr\u00e8s jolie. Vous cherchez des choses sp\u00e9ciaux et diff\u00e9rents\u2026 je t&#8217;assure que chez moi tu as la personne indiqu\u00e9e. je suis une travestis ind\u00e9pendante. spontan\u00e9e. heureuse. amusante et tr\u00e8s tr\u00e8s naturelle&#8230;Toujours. Je pr\u00eat d&#8217;offrir des moments uniques et inoubliables. BELLE .DOMINATRICE. je re\u00e7ois dans ma discr\u00e8te et confortable appartement !<br \/>\nje t&#8217;assure que chez moi tu as la personne indiqu\u00e9e. je suis une travestis ind\u00e9pendante. spontan\u00e9e. heureuse. amusante et tr\u00e8s tr\u00e8s naturelle&#8230;bienvenue LES FETES. TRANSFORMATION. SOFT 23-DIMESSION AO MUNDE MAGIQUE&#8230;..Toujours. Je pr\u00eat d&#8217;offrir des moments uniques et inoubliables. BELLE .DOMINATRICE. je re\u00e7ois dans ma discr\u00e8te et confortable appartement &#8230;. BISOUS NICOLLY SCHMITT..<\/p>\n<p>0466023342 \/ My details Below mentioned<\/p>\n<p>                Nationality:<br \/>\n                BRESILIENNE <\/p>\n<p>                Languages:<br \/>\n                ANGLAIS. FRANCAIS. ESPANHOL. PORTUGUES<\/p>\n<p>                Age:<br \/>\n                24<\/p>\n<p>                Height:<br \/>\n                172<\/p>\n<p>                Weight:<br \/>\n                67<\/p>\n<p>                Hair:<br \/>\n                BLONDE LONG<\/p>\n<p>                Eyes:<br \/>\n                MARRON<\/p>\n<p>                Measurements:<br \/>\n                60-50-60<\/p>\n","protected":false},"featured_media":88846,"comment_status":"open","ping_status":"closed","template":"","meta":{"site-sidebar-layout":"default","site-content-layout":"","ast-site-content-layout":"","site-content-style":"default","site-sidebar-style":"default","ast-global-header-display":"","ast-banner-title-visibility":"","ast-main-header-display":"","ast-hfb-above-header-display":"","ast-hfb-below-header-display":"","ast-hfb-mobile-header-display":"","site-post-title":"","ast-breadcrumbs-content":"","ast-featured-img":"","footer-sml-layout":"","theme-transparent-header-meta":"","adv-header-id-meta":"","stick-header-meta":"","header-above-stick-meta":"","header-main-stick-meta":"","header-below-stick-meta":"","astra-migrate-meta-layouts":"default","ast-page-background-enabled":"default","ast-page-background-meta":{"desktop":{"background-color":"var(--ast-global-color-4)","background-image":"","background-repeat":"repeat","background-position":"center center","background-size":"auto","background-attachment":"scroll","background-type":"","background-media":"","overlay-type":"","overlay-color":"","overlay-opacity":"","overlay-gradient":""},"tablet":{"background-color":"","background-image":"","background-repeat":"repeat","background-position":"center center","background-size":"auto","background-attachment":"scroll","background-type":"","background-media":"","overlay-type":"","overlay-color":"","overlay-opacity":"","overlay-gradient":""},"mobile":{"background-color":"","background-image":"","background-repeat":"repeat","background-position":"center center","background-size":"auto","background-attachment":"scroll","background-type":"","background-media":"","overlay-type":"","overlay-color":"","overlay-opacity":"","overlay-gradient":""}},"ast-content-background-meta":{"desktop":{"background-color":"var(--ast-global-color-5)","background-image":"","background-repeat":"repeat","background-position":"center center","background-size":"auto","background-attachment":"scroll","background-type":"","background-media":"","overlay-type":"","overlay-color":"","overlay-opacity":"","overlay-gradient":""},"tablet":{"background-color":"var(--ast-global-color-5)","background-image":"","background-repeat":"repeat","background-position":"center center","background-size":"auto","background-attachment":"scroll","background-type":"","background-media":"","overlay-type":"","overlay-color":"","overlay-opacity":"","overlay-gradient":""},"mobile":{"background-color":"var(--ast-global-color-5)","background-image":"","background-repeat":"repeat","background-position":"center center","background-size":"auto","background-attachment":"scroll","background-type":"","background-media":"","overlay-type":"","overlay-color":"","overlay-opacity":"","overlay-gradient":""}}},"product_brand":[],"product_cat":[1111,188,815],"product_tag":[],"class_list":{"0":"post-259417","1":"product","2":"type-product","3":"status-publish","4":"has-post-thumbnail","6":"product_cat-abu-dhabi","7":"product_cat-freelancer","8":"product_cat-uae","9":"desktop-align-left","10":"tablet-align-left","11":"mobile-align-left","13":"first","14":"instock","15":"shipping-taxable","16":"product-type-simple"},"_links":{"self":[{"href":"https:\/\/poccky.com\/index.php\/wp-json\/wp\/v2\/product\/259417","targetHints":{"allow":["GET"]}}],"collection":[{"href":"https:\/\/poccky.com\/index.php\/wp-json\/wp\/v2\/product"}],"about":[{"href":"https:\/\/poccky.com\/index.php\/wp-json\/wp\/v2\/types\/product"}],"replies":[{"embeddable":true,"href":"https:\/\/poccky.com\/index.php\/wp-json\/wp\/v2\/comments?post=259417"}],"wp:featuredmedia":[{"embeddable":true,"href":"https:\/\/poccky.com\/index.php\/wp-json\/wp\/v2\/media\/88846"}],"wp:attachment":[{"href":"https:\/\/poccky.com\/index.php\/wp-json\/wp\/v2\/media?parent=259417"}],"wp:term":[{"taxonomy":"product_brand","embeddable":true,"href":"https:\/\/poccky.com\/index.php\/wp-json\/wp\/v2\/product_brand?post=259417"},{"taxonomy":"product_cat","embeddable":true,"href":"https:\/\/poccky.com\/index.php\/wp-json\/wp\/v2\/product_cat?post=259417"},{"taxonomy":"product_tag","embeddable":true,"href":"https:\/\/poccky.com\/index.php\/wp-json\/wp\/v2\/product_tag?post=259417"}],"curies":[{"name":"wp","href":"https:\/\/api.w.org\/{rel}","templated":true}]}}