{"id":259320,"date":"2023-10-28T07:47:48","date_gmt":"2023-10-28T07:47:48","guid":{"rendered":"https:\/\/poccky.com\/?post_type=product&#038;p=259320"},"modified":"2023-10-28T07:47:56","modified_gmt":"2023-10-28T07:47:56","slug":"busty-bbw-escort-paris-adena-140m","status":"publish","type":"product","link":"https:\/\/poccky.com\/index.php\/product\/busty-bbw-escort-paris-adena-140m\/","title":{"rendered":"Busty BBW Escort Paris Adena 140M"},"content":{"rendered":"","protected":false},"excerpt":{"rendered":"<p>I&#8217;m ADENA . your big boobed model and your boobs queen with boob cup 140M You like big tits and want a spanish titfuck between my big breasts? Then contact me: I offer escort. sexual service and much more! We will certainly have a lot of fun together!<\/p>\n<p>https:\/\/www.bustyadena.com\/<\/p>\n<p>\u2019In the end. it\u2019s not going to matter how many breaths you took. but how many moments took your breath away\u2019\u2019<\/p>\n<p>Ich bin ADENA . Dein Busen Model und Deine Megabusen-K\u00f6nigin mit einem gro\u00dfen Busen von 140M! Du stehst auf gro\u00dfe Br\u00fcste und hast Lust auf Tittenfick zwischen meinen Naturbr\u00fcsten? Dann kontaktiere mich: Ich biete neben Escort auch anderen Service an. Wir werden sicher viel Spa\u00df miteinander haben! My details Below mentioned<\/p>\n<p>                Nationality:<br \/>\n                Italian <\/p>\n<p>                Languages:<br \/>\n                English. French. German. Italian. Spanish<\/p>\n<p>                Age:<br \/>\n                38<\/p>\n<p>                Height:<br \/>\n                176<\/p>\n<p>                Weight:<br \/>\n                96<\/p>\n<p>                Hair:<br \/>\n                blonde <\/p>\n<p>                Eyes:<br \/>\n                HAZEL<\/p>\n<p>                Measurements:<br \/>\n                140M -86-105Companionship rates:<\/p>\n<p>                  1 hour rate<br \/>\n                  180 EUR<\/p>\n<p>                  2 hours rate<br \/>\n                  300 EUR<\/p>\n","protected":false},"featured_media":99733,"comment_status":"open","ping_status":"closed","template":"","meta":{"site-sidebar-layout":"default","site-content-layout":"","ast-site-content-layout":"","site-content-style":"default","site-sidebar-style":"default","ast-global-header-display":"","ast-banner-title-visibility":"","ast-main-header-display":"","ast-hfb-above-header-display":"","ast-hfb-below-header-display":"","ast-hfb-mobile-header-display":"","site-post-title":"","ast-breadcrumbs-content":"","ast-featured-img":"","footer-sml-layout":"","theme-transparent-header-meta":"","adv-header-id-meta":"","stick-header-meta":"","header-above-stick-meta":"","header-main-stick-meta":"","header-below-stick-meta":"","astra-migrate-meta-layouts":"default","ast-page-background-enabled":"default","ast-page-background-meta":{"desktop":{"background-color":"var(--ast-global-color-4)","background-image":"","background-repeat":"repeat","background-position":"center center","background-size":"auto","background-attachment":"scroll","background-type":"","background-media":"","overlay-type":"","overlay-color":"","overlay-opacity":"","overlay-gradient":""},"tablet":{"background-color":"","background-image":"","background-repeat":"repeat","background-position":"center center","background-size":"auto","background-attachment":"scroll","background-type":"","background-media":"","overlay-type":"","overlay-color":"","overlay-opacity":"","overlay-gradient":""},"mobile":{"background-color":"","background-image":"","background-repeat":"repeat","background-position":"center center","background-size":"auto","background-attachment":"scroll","background-type":"","background-media":"","overlay-type":"","overlay-color":"","overlay-opacity":"","overlay-gradient":""}},"ast-content-background-meta":{"desktop":{"background-color":"var(--ast-global-color-5)","background-image":"","background-repeat":"repeat","background-position":"center center","background-size":"auto","background-attachment":"scroll","background-type":"","background-media":"","overlay-type":"","overlay-color":"","overlay-opacity":"","overlay-gradient":""},"tablet":{"background-color":"var(--ast-global-color-5)","background-image":"","background-repeat":"repeat","background-position":"center center","background-size":"auto","background-attachment":"scroll","background-type":"","background-media":"","overlay-type":"","overlay-color":"","overlay-opacity":"","overlay-gradient":""},"mobile":{"background-color":"var(--ast-global-color-5)","background-image":"","background-repeat":"repeat","background-position":"center center","background-size":"auto","background-attachment":"scroll","background-type":"","background-media":"","overlay-type":"","overlay-color":"","overlay-opacity":"","overlay-gradient":""}}},"product_brand":[],"product_cat":[244,188,1118],"product_tag":[],"class_list":{"0":"post-259320","1":"product","2":"type-product","3":"status-publish","4":"has-post-thumbnail","6":"product_cat-france","7":"product_cat-freelancer","8":"product_cat-paris","9":"desktop-align-left","10":"tablet-align-left","11":"mobile-align-left","13":"first","14":"instock","15":"shipping-taxable","16":"product-type-simple"},"_links":{"self":[{"href":"https:\/\/poccky.com\/index.php\/wp-json\/wp\/v2\/product\/259320","targetHints":{"allow":["GET"]}}],"collection":[{"href":"https:\/\/poccky.com\/index.php\/wp-json\/wp\/v2\/product"}],"about":[{"href":"https:\/\/poccky.com\/index.php\/wp-json\/wp\/v2\/types\/product"}],"replies":[{"embeddable":true,"href":"https:\/\/poccky.com\/index.php\/wp-json\/wp\/v2\/comments?post=259320"}],"wp:featuredmedia":[{"embeddable":true,"href":"https:\/\/poccky.com\/index.php\/wp-json\/wp\/v2\/media\/99733"}],"wp:attachment":[{"href":"https:\/\/poccky.com\/index.php\/wp-json\/wp\/v2\/media?parent=259320"}],"wp:term":[{"taxonomy":"product_brand","embeddable":true,"href":"https:\/\/poccky.com\/index.php\/wp-json\/wp\/v2\/product_brand?post=259320"},{"taxonomy":"product_cat","embeddable":true,"href":"https:\/\/poccky.com\/index.php\/wp-json\/wp\/v2\/product_cat?post=259320"},{"taxonomy":"product_tag","embeddable":true,"href":"https:\/\/poccky.com\/index.php\/wp-json\/wp\/v2\/product_tag?post=259320"}],"curies":[{"name":"wp","href":"https:\/\/api.w.org\/{rel}","templated":true}]}}