{"id":257366,"date":"2023-10-27T09:02:02","date_gmt":"2023-10-27T09:02:02","guid":{"rendered":"https:\/\/poccky.com\/?post_type=product&#038;p=257366"},"modified":"2023-10-27T09:02:08","modified_gmt":"2023-10-27T09:02:08","slug":"audrey","status":"publish","type":"product","link":"https:\/\/poccky.com\/index.php\/product\/audrey\/","title":{"rendered":"Audrey"},"content":{"rendered":"","protected":false},"excerpt":{"rendered":"<p>Bienvenue Sur Mon Profil Mes Amours<br \/>\nVous me trouver a METZ CENTRE Ville<br \/>\nJe suis celle que vous recherchez. une combinaison parfaite de l&#8217;esprit. du style. de la beaut\u00e9 et de la senssualit\u00e9&#8230;<br \/>\nEn me regardant vous ne pouvez pas penser \u00e0 autre chose. parce que mon corps a \u00e9t\u00e9 cr\u00e9\u00e9 pour l&#8217;amour et le plaisir &#8230; Une rencontre avec moi vous transportera dans les profondeurs de la passion et de la tendresse &#8230;<br \/>\nBELLE COMME UN ANGE.SEXY COMME UNE DIABLESSE!<br \/>\nLuxurieuse. je connais et appr\u00e9cie tous les plaisirs de la vie. Je saurai vous offrir un moment raffin\u00e9 de volupt\u00e9 sensuelle et \u00e9rotique et \u00eatre la complice d\u00e9vou\u00e9e de vos plaisirs.<br \/>\nTr\u00e8s coquine. j&#8217;adore faire plaisir \u00e0 mon partenaire et r\u00e9aliser ses fantasmes.<br \/>\nMa particularit\u00e9 est d&#8217;\u00eatre tr\u00e8s GFE et sp\u00e9cialiste des massages &#8230; si tu cherches une coquine passionn\u00e9e. douce. vicieuse et pr\u00eate \u00e0 satisfaire tes d\u00e9sirs et caprices je suis ton id\u00e9al.<br \/>\nJe suis toujours disponible pour tous vos d\u00e9sirs jusqu&#8217;\u00e0 satisfaction totale!?<br \/>\nJ&#8217;aime voir et sentir un homme jouir d&#8217;\u00e9motions<br \/>\nJe vous attends pour vous montrer ce que je vous ai dit dans mon annonce.<br \/>\nBisous \u00e0 Vous &#8230;.<\/p>\n<p>Whatsapp My details Below mentioned<\/p>\n<p>                Nationality:<br \/>\n                Brazilian <\/p>\n<p>                Languages:<br \/>\n                French. Spanish<\/p>\n<p>                Age:<br \/>\n                45<\/p>\n<p>                Height:<br \/>\n                168<\/p>\n<p>                Weight:<br \/>\n                55<\/p>\n<p>                Hair:<br \/>\n                blonde<\/p>\n<p>                Eyes:<br \/>\n                blueCompanionship rates:<\/p>\n<p>                  1 hour rate<br \/>\n                  150 EUR<\/p>\n<p>                  2 hours rate<br \/>\n                  250 EUR<\/p>\n<p>                  3 hours rate<br \/>\n                  350 EUR<\/p>\n<p>                  full night rate<br \/>\n                  450 EUR<\/p>\n","protected":false},"featured_media":155281,"comment_status":"open","ping_status":"closed","template":"","meta":{"site-sidebar-layout":"default","site-content-layout":"","ast-site-content-layout":"","site-content-style":"default","site-sidebar-style":"default","ast-global-header-display":"","ast-banner-title-visibility":"","ast-main-header-display":"","ast-hfb-above-header-display":"","ast-hfb-below-header-display":"","ast-hfb-mobile-header-display":"","site-post-title":"","ast-breadcrumbs-content":"","ast-featured-img":"","footer-sml-layout":"","theme-transparent-header-meta":"","adv-header-id-meta":"","stick-header-meta":"","header-above-stick-meta":"","header-main-stick-meta":"","header-below-stick-meta":"","astra-migrate-meta-layouts":"default","ast-page-background-enabled":"default","ast-page-background-meta":{"desktop":{"background-color":"var(--ast-global-color-4)","background-image":"","background-repeat":"repeat","background-position":"center center","background-size":"auto","background-attachment":"scroll","background-type":"","background-media":"","overlay-type":"","overlay-color":"","overlay-opacity":"","overlay-gradient":""},"tablet":{"background-color":"","background-image":"","background-repeat":"repeat","background-position":"center center","background-size":"auto","background-attachment":"scroll","background-type":"","background-media":"","overlay-type":"","overlay-color":"","overlay-opacity":"","overlay-gradient":""},"mobile":{"background-color":"","background-image":"","background-repeat":"repeat","background-position":"center center","background-size":"auto","background-attachment":"scroll","background-type":"","background-media":"","overlay-type":"","overlay-color":"","overlay-opacity":"","overlay-gradient":""}},"ast-content-background-meta":{"desktop":{"background-color":"var(--ast-global-color-5)","background-image":"","background-repeat":"repeat","background-position":"center center","background-size":"auto","background-attachment":"scroll","background-type":"","background-media":"","overlay-type":"","overlay-color":"","overlay-opacity":"","overlay-gradient":""},"tablet":{"background-color":"var(--ast-global-color-5)","background-image":"","background-repeat":"repeat","background-position":"center center","background-size":"auto","background-attachment":"scroll","background-type":"","background-media":"","overlay-type":"","overlay-color":"","overlay-opacity":"","overlay-gradient":""},"mobile":{"background-color":"var(--ast-global-color-5)","background-image":"","background-repeat":"repeat","background-position":"center center","background-size":"auto","background-attachment":"scroll","background-type":"","background-media":"","overlay-type":"","overlay-color":"","overlay-opacity":"","overlay-gradient":""}}},"product_brand":[],"product_cat":[244,188,1118],"product_tag":[],"class_list":{"0":"post-257366","1":"product","2":"type-product","3":"status-publish","4":"has-post-thumbnail","6":"product_cat-france","7":"product_cat-freelancer","8":"product_cat-paris","9":"desktop-align-left","10":"tablet-align-left","11":"mobile-align-left","13":"first","14":"instock","15":"shipping-taxable","16":"product-type-simple"},"_links":{"self":[{"href":"https:\/\/poccky.com\/index.php\/wp-json\/wp\/v2\/product\/257366","targetHints":{"allow":["GET"]}}],"collection":[{"href":"https:\/\/poccky.com\/index.php\/wp-json\/wp\/v2\/product"}],"about":[{"href":"https:\/\/poccky.com\/index.php\/wp-json\/wp\/v2\/types\/product"}],"replies":[{"embeddable":true,"href":"https:\/\/poccky.com\/index.php\/wp-json\/wp\/v2\/comments?post=257366"}],"wp:featuredmedia":[{"embeddable":true,"href":"https:\/\/poccky.com\/index.php\/wp-json\/wp\/v2\/media\/155281"}],"wp:attachment":[{"href":"https:\/\/poccky.com\/index.php\/wp-json\/wp\/v2\/media?parent=257366"}],"wp:term":[{"taxonomy":"product_brand","embeddable":true,"href":"https:\/\/poccky.com\/index.php\/wp-json\/wp\/v2\/product_brand?post=257366"},{"taxonomy":"product_cat","embeddable":true,"href":"https:\/\/poccky.com\/index.php\/wp-json\/wp\/v2\/product_cat?post=257366"},{"taxonomy":"product_tag","embeddable":true,"href":"https:\/\/poccky.com\/index.php\/wp-json\/wp\/v2\/product_tag?post=257366"}],"curies":[{"name":"wp","href":"https:\/\/api.w.org\/{rel}","templated":true}]}}