{"id":252405,"date":"2023-10-26T17:10:59","date_gmt":"2023-10-26T17:10:59","guid":{"rendered":"https:\/\/poccky.com\/?post_type=product&#038;p=252405"},"modified":"2023-10-26T17:11:06","modified_gmt":"2023-10-26T17:11:06","slug":"sexyledah","status":"publish","type":"product","link":"https:\/\/poccky.com\/index.php\/product\/sexyledah\/","title":{"rendered":"Sexyledah"},"content":{"rendered":"","protected":false},"excerpt":{"rendered":"<p>A propos de Moi Je suis tr\u00e8s  S\u00c9LECTIVE et EXIGEANTE! ( un Peu  Difficile \u00e0 Joindre de 11:00 a 13:00 )  ! Je ne re\u00e7ois pas Beaucoup de persone par jour . merci de votre compr\u00e9hension\u2026.( A Bon Entendeur! Salut \u2026.  )mail    SVP   Contacter de Preference  via ?Whatsapp . Ma boite de  SMS est deja Pleine .  \u00e7a bloque de fois le apps&#8230;. ( A Bon Entendeur! ) &#8230;&#8230;  heartS?x_love   P.S.E Porn Star Experience G.F.E (Girlfriend Experience) S?x_love  heartMerci de INFORME  le SITE sur lequel vous avez TROV\u00c9 mon ANNONCE! Sexy_Ledah_ PrOvOcatrice S?x_ ESCORT OCCASIONNEL  ?\u2122? !?   j&#8217;ai post\u00e9 de nouvelles photos coquines de moi !   Via iPhone  ? ? ? ? ? ? ? 100 %  Vraies et Photos valid\u00e9es &#8230;    Merci de bien visiter mon                           Site >      http:\/\/sexyledah..com\/   heart? Merci de bien lire mOn annOnce et envoyer une SMS de preference Whatsapp si possible &#8230;.. Avant de me CONTACTER&#8230;.?    PrOlOgue     BOnjOur Gentlemen Je Suis Sexy-Ledah . 25 ans . 1.68cm Venezuelan   je suis une escorte independante et occasionelle Girl Paris 17  &#8230;  Inci Vous Pourrez D\u00e9couvrir Comment Passer Du r\u00e9ve \u00e0 la realit\u00e9?  A PROPOS de MOi Je serais votre (cOmpagne id\u00e9ale)  avec de l\u2019humour . naturalle . ind\u00e9pendante . avec de la personalit\u00e9 pour passer un moment INTENSE et COQUIN  MESSIEURS qui avez une \u00c9DUCATION approximative. passez VOTRE CHEMIN.  ? D\u00e9tails Sexuelles   Tr\u00e9s COQUINE  perverse et GFE A   la PSE L&#8217;ecoute de tous Vos d\u00e9sirs .  longs Preliminares. Hygiene irr\u00e9prochable (requise) Penetration Vaginale et Anal aussi +50. Extraball . Cunni. Caresses . 69. Gode ceinture +Domination ( Soft ). Gorge Profonde. DFK.  COB. Massage \u00e9rotique.. Si vous aimez on peut aussi jouer avec des ACCESSOIRES. DOMINATION .V\u00caTEMENT LATEX CATWOMAN  . BAS PORTE JARRETELLE ET LINGERIE EN DENTELLES HAUTS DE GAMME.  A VOTRE GOUT !! Domination Soft . J\u2019adore la ((( SODOMIE DOUX ET PROFOND)))) (A+50roses) &#8230; Fetish de hauts talons toujours en Loboutin  qui vous fascinerons sans aucun doute&#8230;    ?  COORDONN\u00c9ES   JE R\u00c9PONDRE PAS NUM\u00c9ROS MASQUE ! je ne reponds jamais Au moment de mes rencontres priv\u00e9s mon t\u00e9l\u00e9phone est naturelement coup\u00e9 cest pourquoi je vous demanderais de bien vouloir prendre votre mal en patience et de renouveler votre appel \u00e0 plusieurs reprises et minutes dintervale pour me joindre.   Chaque rendez vous est Unique et je fais tout mon possible pour satisfaire les d\u00e9sirs de mes clients ( dans le respect et la limite des services que je vous propose ). ? TARIF DE BASE  je re\u00e7ois Unicament POUR   ? 1 Hr : 200rosesSODO > (A+50roses)Deplacement 500roses ( + Taxi Uniquement \u00e0 Hotel )Pour de gens q aime la domination Soft je vous propose ((Tenue Latex Catwoman + Domination + Gode ceinture ))) apartir de 300roses  ?  j&#8217;appr\u00e9cie les hommes respectueux et gentlemen.Je suis ici pour vous donner un bon moment pour faire un peu mieux de votre journ\u00e9e.  ? Mes Photos sont VRAIMENT R\u00e9elles et R\u00e9centes je suis l escort class ultime !! Unique et inoubliable &#8230;&#8230; \ud83d\ude09 vous n&#8217;aurez aucune mauvaise Surprise une fois arriv\u00e9 sur place?  iNFORMATiON De CONTACT      ?   Un Peu  DIFFICILE \u00e0  JOINDRE &#8230;. . Merci De ENVOYER Une SMS de preferecnce whatsapp Si vous ultilise  Salut \u2026.Merci de m&#8217;indiquer \u00e0 l&#8217;avance par SMS ..   le SITE sur lequel vous avez TROV\u00c9 mon ANNONCE! ?votre pr\u00e9nom. \u00e2ge et Origines ?le jour souhait\u00e9 ?cr\u00e9neau horaire ? dur\u00e9e retenue ; Je vous r\u00e9pondre directament avec avec tous les d\u00e9tails pour prendre rendez-vous.Les r\u00e9servations par jour sont limit\u00e9es. parce que j&#8217;appr\u00e9cie la qualit\u00e9 et non la quantit\u00e9.  Mes services sont destin\u00e9s aux gentlemen courtois. respectueux et bien \u00e9duqu\u00e9s.Les num\u00e9ros appelants provoquants des lapins seront enregistr\u00e9s et les appels suivants seront refus\u00e9s&#8230;.je suis s\u00e9rieuse et en attends la meme chose de votre part.      Sexy_Girl_Ledah?\u2122? Paris 17 M\u00b0 (Ternes )?\u2122? My details Below mentioned<\/p>\n<p>                Nationality:<br \/>\n                Venezuelan <\/p>\n<p>                Languages:<br \/>\n                French. Portuguese. Spanish<\/p>\n<p>                Age:<br \/>\n                25<\/p>\n<p>                Height:<br \/>\n                168<\/p>\n<p>                Weight:<br \/>\n                58<\/p>\n<p>                Hair:<br \/>\n                brunne<\/p>\n<p>                Eyes:<br \/>\n                Marron<\/p>\n<p>                Measurements:<br \/>\n                95-80-90Companionship rates:<\/p>\n<p>                  1 hour rate<br \/>\n                  200 EUR<\/p>\n","protected":false},"featured_media":190700,"comment_status":"open","ping_status":"closed","template":"","meta":{"site-sidebar-layout":"default","site-content-layout":"","ast-site-content-layout":"","site-content-style":"default","site-sidebar-style":"default","ast-global-header-display":"","ast-banner-title-visibility":"","ast-main-header-display":"","ast-hfb-above-header-display":"","ast-hfb-below-header-display":"","ast-hfb-mobile-header-display":"","site-post-title":"","ast-breadcrumbs-content":"","ast-featured-img":"","footer-sml-layout":"","theme-transparent-header-meta":"","adv-header-id-meta":"","stick-header-meta":"","header-above-stick-meta":"","header-main-stick-meta":"","header-below-stick-meta":"","astra-migrate-meta-layouts":"default","ast-page-background-enabled":"default","ast-page-background-meta":{"desktop":{"background-color":"var(--ast-global-color-4)","background-image":"","background-repeat":"repeat","background-position":"center center","background-size":"auto","background-attachment":"scroll","background-type":"","background-media":"","overlay-type":"","overlay-color":"","overlay-opacity":"","overlay-gradient":""},"tablet":{"background-color":"","background-image":"","background-repeat":"repeat","background-position":"center center","background-size":"auto","background-attachment":"scroll","background-type":"","background-media":"","overlay-type":"","overlay-color":"","overlay-opacity":"","overlay-gradient":""},"mobile":{"background-color":"","background-image":"","background-repeat":"repeat","background-position":"center center","background-size":"auto","background-attachment":"scroll","background-type":"","background-media":"","overlay-type":"","overlay-color":"","overlay-opacity":"","overlay-gradient":""}},"ast-content-background-meta":{"desktop":{"background-color":"var(--ast-global-color-5)","background-image":"","background-repeat":"repeat","background-position":"center center","background-size":"auto","background-attachment":"scroll","background-type":"","background-media":"","overlay-type":"","overlay-color":"","overlay-opacity":"","overlay-gradient":""},"tablet":{"background-color":"var(--ast-global-color-5)","background-image":"","background-repeat":"repeat","background-position":"center center","background-size":"auto","background-attachment":"scroll","background-type":"","background-media":"","overlay-type":"","overlay-color":"","overlay-opacity":"","overlay-gradient":""},"mobile":{"background-color":"var(--ast-global-color-5)","background-image":"","background-repeat":"repeat","background-position":"center center","background-size":"auto","background-attachment":"scroll","background-type":"","background-media":"","overlay-type":"","overlay-color":"","overlay-opacity":"","overlay-gradient":""}}},"product_brand":[],"product_cat":[244,188,1118],"product_tag":[],"class_list":{"0":"post-252405","1":"product","2":"type-product","3":"status-publish","4":"has-post-thumbnail","6":"product_cat-france","7":"product_cat-freelancer","8":"product_cat-paris","9":"desktop-align-left","10":"tablet-align-left","11":"mobile-align-left","13":"first","14":"instock","15":"shipping-taxable","16":"product-type-simple"},"_links":{"self":[{"href":"https:\/\/poccky.com\/index.php\/wp-json\/wp\/v2\/product\/252405","targetHints":{"allow":["GET"]}}],"collection":[{"href":"https:\/\/poccky.com\/index.php\/wp-json\/wp\/v2\/product"}],"about":[{"href":"https:\/\/poccky.com\/index.php\/wp-json\/wp\/v2\/types\/product"}],"replies":[{"embeddable":true,"href":"https:\/\/poccky.com\/index.php\/wp-json\/wp\/v2\/comments?post=252405"}],"wp:featuredmedia":[{"embeddable":true,"href":"https:\/\/poccky.com\/index.php\/wp-json\/wp\/v2\/media\/190700"}],"wp:attachment":[{"href":"https:\/\/poccky.com\/index.php\/wp-json\/wp\/v2\/media?parent=252405"}],"wp:term":[{"taxonomy":"product_brand","embeddable":true,"href":"https:\/\/poccky.com\/index.php\/wp-json\/wp\/v2\/product_brand?post=252405"},{"taxonomy":"product_cat","embeddable":true,"href":"https:\/\/poccky.com\/index.php\/wp-json\/wp\/v2\/product_cat?post=252405"},{"taxonomy":"product_tag","embeddable":true,"href":"https:\/\/poccky.com\/index.php\/wp-json\/wp\/v2\/product_tag?post=252405"}],"curies":[{"name":"wp","href":"https:\/\/api.w.org\/{rel}","templated":true}]}}