{"id":249472,"date":"2023-10-26T04:18:45","date_gmt":"2023-10-26T04:18:45","guid":{"rendered":"https:\/\/poccky.com\/?post_type=product&#038;p=249472"},"modified":"2023-10-26T04:18:53","modified_gmt":"2023-10-26T04:18:53","slug":"sofia-12","status":"publish","type":"product","link":"https:\/\/poccky.com\/index.php\/product\/sofia-12\/","title":{"rendered":"Sofia"},"content":{"rendered":"","protected":false},"excerpt":{"rendered":"<p>Hej. Jeg hedder Sophia og jeg er fra Gr\u00e6kenland. S\u00e5 snart jeg kom til min elskede Danmark og som gr\u00e6sk gudinde af sk\u00f8nhed. vil jeg gerne have en herre. der kan vise mig Danmarks sk\u00f8nhed. Bortset fra de professionelle billeder har jeg tilf\u00f8jet nogle. som jeg tog alene med min mobiltelefon.<\/p>\n<p>Hello. My name is Sophia and I am from Greece. As soon as I came to my beloved Denmark and as a Greek goddess of beauty. I would like the company of a gentleman who can show me the beauty of Denmark. In addition to professional pictures. I added some. as I got myself on my mobile phone.<\/p>\n<p>SMS me now<br \/>\nSMS ONLY<br \/>\n+4550172599<\/p>\n<p>&#8230;in call&#8230;<br \/>\n15 min &#8211; 600 dkk<br \/>\n30 min &#8211; 800 dkk<br \/>\n45 min &#8211; 1100 dkk<br \/>\n1hour &#8211; 1500 dkk<\/p>\n<p>&#8230;out call&#8230;<br \/>\n2hour &#8211; 3000 dkk<br \/>\n+plus taxi 300<\/p>\n<p>&#8230;exta services&#8230;<br \/>\nCim +200.<br \/>\ntongue kiss +200.<br \/>\nsecond time +200.<br \/>\nstriptease +200 My details Below mentioned<\/p>\n<p>                Nationality:<br \/>\n                Greek <\/p>\n<p>                Languages:<br \/>\n                English. Greek<\/p>\n<p>                Age:<br \/>\n                22<\/p>\n<p>                Height:<br \/>\n                165<\/p>\n<p>                Weight:<br \/>\n                53phone_android Phone:<br \/>\n          +4550172599Companionship rates:<\/p>\n<p>                  1 hour rate<br \/>\n                  1500 DKK<\/p>\n","protected":false},"featured_media":181374,"comment_status":"open","ping_status":"closed","template":"","meta":{"site-sidebar-layout":"default","site-content-layout":"","ast-site-content-layout":"","site-content-style":"default","site-sidebar-style":"default","ast-global-header-display":"","ast-banner-title-visibility":"","ast-main-header-display":"","ast-hfb-above-header-display":"","ast-hfb-below-header-display":"","ast-hfb-mobile-header-display":"","site-post-title":"","ast-breadcrumbs-content":"","ast-featured-img":"","footer-sml-layout":"","theme-transparent-header-meta":"","adv-header-id-meta":"","stick-header-meta":"","header-above-stick-meta":"","header-main-stick-meta":"","header-below-stick-meta":"","astra-migrate-meta-layouts":"default","ast-page-background-enabled":"default","ast-page-background-meta":{"desktop":{"background-color":"var(--ast-global-color-4)","background-image":"","background-repeat":"repeat","background-position":"center center","background-size":"auto","background-attachment":"scroll","background-type":"","background-media":"","overlay-type":"","overlay-color":"","overlay-opacity":"","overlay-gradient":""},"tablet":{"background-color":"","background-image":"","background-repeat":"repeat","background-position":"center center","background-size":"auto","background-attachment":"scroll","background-type":"","background-media":"","overlay-type":"","overlay-color":"","overlay-opacity":"","overlay-gradient":""},"mobile":{"background-color":"","background-image":"","background-repeat":"repeat","background-position":"center center","background-size":"auto","background-attachment":"scroll","background-type":"","background-media":"","overlay-type":"","overlay-color":"","overlay-opacity":"","overlay-gradient":""}},"ast-content-background-meta":{"desktop":{"background-color":"var(--ast-global-color-5)","background-image":"","background-repeat":"repeat","background-position":"center center","background-size":"auto","background-attachment":"scroll","background-type":"","background-media":"","overlay-type":"","overlay-color":"","overlay-opacity":"","overlay-gradient":""},"tablet":{"background-color":"var(--ast-global-color-5)","background-image":"","background-repeat":"repeat","background-position":"center center","background-size":"auto","background-attachment":"scroll","background-type":"","background-media":"","overlay-type":"","overlay-color":"","overlay-opacity":"","overlay-gradient":""},"mobile":{"background-color":"var(--ast-global-color-5)","background-image":"","background-repeat":"repeat","background-position":"center center","background-size":"auto","background-attachment":"scroll","background-type":"","background-media":"","overlay-type":"","overlay-color":"","overlay-opacity":"","overlay-gradient":""}}},"product_brand":[],"product_cat":[1130,813,188],"product_tag":[],"class_list":{"0":"post-249472","1":"product","2":"type-product","3":"status-publish","4":"has-post-thumbnail","6":"product_cat-copenhagen","7":"product_cat-denmark","8":"product_cat-freelancer","9":"desktop-align-left","10":"tablet-align-left","11":"mobile-align-left","13":"first","14":"instock","15":"shipping-taxable","16":"product-type-simple"},"_links":{"self":[{"href":"https:\/\/poccky.com\/index.php\/wp-json\/wp\/v2\/product\/249472","targetHints":{"allow":["GET"]}}],"collection":[{"href":"https:\/\/poccky.com\/index.php\/wp-json\/wp\/v2\/product"}],"about":[{"href":"https:\/\/poccky.com\/index.php\/wp-json\/wp\/v2\/types\/product"}],"replies":[{"embeddable":true,"href":"https:\/\/poccky.com\/index.php\/wp-json\/wp\/v2\/comments?post=249472"}],"wp:featuredmedia":[{"embeddable":true,"href":"https:\/\/poccky.com\/index.php\/wp-json\/wp\/v2\/media\/181374"}],"wp:attachment":[{"href":"https:\/\/poccky.com\/index.php\/wp-json\/wp\/v2\/media?parent=249472"}],"wp:term":[{"taxonomy":"product_brand","embeddable":true,"href":"https:\/\/poccky.com\/index.php\/wp-json\/wp\/v2\/product_brand?post=249472"},{"taxonomy":"product_cat","embeddable":true,"href":"https:\/\/poccky.com\/index.php\/wp-json\/wp\/v2\/product_cat?post=249472"},{"taxonomy":"product_tag","embeddable":true,"href":"https:\/\/poccky.com\/index.php\/wp-json\/wp\/v2\/product_tag?post=249472"}],"curies":[{"name":"wp","href":"https:\/\/api.w.org\/{rel}","templated":true}]}}