{"id":247898,"date":"2023-10-25T18:03:26","date_gmt":"2023-10-25T18:03:26","guid":{"rendered":"https:\/\/poccky.com\/?post_type=product&#038;p=247898"},"modified":"2023-10-25T19:14:04","modified_gmt":"2023-10-25T19:14:04","slug":"maria_maria-star","status":"publish","type":"product","link":"https:\/\/poccky.com\/index.php\/product\/maria_maria-star\/","title":{"rendered":"Maria"},"content":{"rendered":"","protected":false},"excerpt":{"rendered":"<p>Hej alla nordiska trevliga m\u00e4n<br \/>\nVill du tr\u00e4ffa en riktigt underbar kvinna har du kommit r\u00e4tt<br \/>\nJag \u00e4r oberoende Eskort kvinna med klass och stil i Stockholm!<br \/>\nSvensk med ryskt ursprun.G m\u00f6rk. exotisk l\u00e4cker kropp. alltid v\u00e4lansad och uppskattar m\u00e4n med stil o klass som vill njuta av det b\u00e4sta.Jag skulle kunna skriva om mycket mer h\u00e4r. m\u00e4n det \u00e4r b\u00e4ttre att du tar dina fr\u00e5gor eller bokning via min mail.<br \/>\nmaria_esc24 . hotmail. se<br \/>\nStor Kram Maria My details Below mentioned<\/p>\n<p>Nationality:<br \/>\nsvensk\/rysk<\/p>\n<p>Languages:<br \/>\nsvenska\/engelska<\/p>\n<p>Age:<br \/>\n36<\/p>\n<p>Height:<br \/>\n164<\/p>\n<p>Weight:<br \/>\n58<\/p>\n<p>Hair:<br \/>\nsvart<\/p>\n<p>Eyes:<br \/>\ngr\u00f6n<\/p>\n<p>Measurements:<br \/>\n90-65-92phone_android Phone:<br \/>\n0720271533<\/p>\n","protected":false},"featured_media":240829,"comment_status":"open","ping_status":"closed","template":"","meta":{"site-sidebar-layout":"default","site-content-layout":"default","ast-site-content-layout":"","site-content-style":"default","site-sidebar-style":"default","ast-global-header-display":"","ast-banner-title-visibility":"","ast-main-header-display":"","ast-hfb-above-header-display":"","ast-hfb-below-header-display":"","ast-hfb-mobile-header-display":"","site-post-title":"","ast-breadcrumbs-content":"","ast-featured-img":"","footer-sml-layout":"","theme-transparent-header-meta":"default","adv-header-id-meta":"","stick-header-meta":"","header-above-stick-meta":"","header-main-stick-meta":"","header-below-stick-meta":"","astra-migrate-meta-layouts":"default","ast-page-background-enabled":"default","ast-page-background-meta":{"desktop":{"background-color":"var(--ast-global-color-4)","background-image":"","background-repeat":"repeat","background-position":"center center","background-size":"auto","background-attachment":"scroll","background-type":"","background-media":"","overlay-type":"","overlay-color":"","overlay-opacity":"","overlay-gradient":""},"tablet":{"background-color":"","background-image":"","background-repeat":"repeat","background-position":"center center","background-size":"auto","background-attachment":"scroll","background-type":"","background-media":"","overlay-type":"","overlay-color":"","overlay-opacity":"","overlay-gradient":""},"mobile":{"background-color":"","background-image":"","background-repeat":"repeat","background-position":"center center","background-size":"auto","background-attachment":"scroll","background-type":"","background-media":"","overlay-type":"","overlay-color":"","overlay-opacity":"","overlay-gradient":""}},"ast-content-background-meta":{"desktop":{"background-color":"var(--ast-global-color-5)","background-image":"","background-repeat":"repeat","background-position":"center center","background-size":"auto","background-attachment":"scroll","background-type":"","background-media":"","overlay-type":"","overlay-color":"","overlay-opacity":"","overlay-gradient":""},"tablet":{"background-color":"var(--ast-global-color-5)","background-image":"","background-repeat":"repeat","background-position":"center center","background-size":"auto","background-attachment":"scroll","background-type":"","background-media":"","overlay-type":"","overlay-color":"","overlay-opacity":"","overlay-gradient":""},"mobile":{"background-color":"var(--ast-global-color-5)","background-image":"","background-repeat":"repeat","background-position":"center center","background-size":"auto","background-attachment":"scroll","background-type":"","background-media":"","overlay-type":"","overlay-color":"","overlay-opacity":"","overlay-gradient":""}}},"product_brand":[],"product_cat":[188,1115,957],"product_tag":[],"class_list":{"0":"post-247898","1":"product","2":"type-product","3":"status-publish","4":"has-post-thumbnail","6":"product_cat-freelancer","7":"product_cat-stockholm","8":"product_cat-sweden","9":"desktop-align-left","10":"tablet-align-left","11":"mobile-align-left","13":"first","14":"instock","15":"shipping-taxable","16":"product-type-simple"},"_links":{"self":[{"href":"https:\/\/poccky.com\/index.php\/wp-json\/wp\/v2\/product\/247898","targetHints":{"allow":["GET"]}}],"collection":[{"href":"https:\/\/poccky.com\/index.php\/wp-json\/wp\/v2\/product"}],"about":[{"href":"https:\/\/poccky.com\/index.php\/wp-json\/wp\/v2\/types\/product"}],"replies":[{"embeddable":true,"href":"https:\/\/poccky.com\/index.php\/wp-json\/wp\/v2\/comments?post=247898"}],"wp:featuredmedia":[{"embeddable":true,"href":"https:\/\/poccky.com\/index.php\/wp-json\/wp\/v2\/media\/240829"}],"wp:attachment":[{"href":"https:\/\/poccky.com\/index.php\/wp-json\/wp\/v2\/media?parent=247898"}],"wp:term":[{"taxonomy":"product_brand","embeddable":true,"href":"https:\/\/poccky.com\/index.php\/wp-json\/wp\/v2\/product_brand?post=247898"},{"taxonomy":"product_cat","embeddable":true,"href":"https:\/\/poccky.com\/index.php\/wp-json\/wp\/v2\/product_cat?post=247898"},{"taxonomy":"product_tag","embeddable":true,"href":"https:\/\/poccky.com\/index.php\/wp-json\/wp\/v2\/product_tag?post=247898"}],"curies":[{"name":"wp","href":"https:\/\/api.w.org\/{rel}","templated":true}]}}