{"id":247283,"date":"2023-10-25T16:50:58","date_gmt":"2023-10-25T16:50:58","guid":{"rendered":"https:\/\/poccky.com\/?post_type=product&#038;p=247283"},"modified":"2023-10-25T16:51:04","modified_gmt":"2023-10-25T16:51:04","slug":"name-9","status":"publish","type":"product","link":"https:\/\/poccky.com\/index.php\/product\/name-9\/","title":{"rendered":"#NAME?"},"content":{"rendered":"","protected":false},"excerpt":{"rendered":"<p>Merhaba. ben ?ule Tang\u00fcler.<\/p>\n<p>?stanbul Anadolu Yakas?nda.22 ya??nda.1.62 boyunda.<br \/>\n5o kiLo .s?f?r bedenn.bak?mL?.do?aL<br \/>\nSamimi.s?cak sempatik bir bayan?m.<br \/>\nYan?ma geLirken Temiz ve G\u00fczeL kokarsan?z sizinLe daha ?ehvetLe iLgiLenirim.<br \/>\nAmac?m size Birinci s?n?f.d\u00fcr\u00fcst ve samimi escort hizmeti sunmakt?r.<br \/>\nBenimle g\u00fczel ve keyifli vakit ge\u00e7irece?inize emin olabilirsiniz.<br \/>\nAradiginiz kaliteli hizmet. g\u00fcven. g\u00fclery\u00fcz ve samimiyetse do?ru adrestesiniz..!!<br \/>\nSizde Tercihlerinizi Do?ru Kisiden Yana Kullanmak istiyorsan?z?<br \/>\nTabular?n?z Y?k?n ve ?ULE ile Doru?a \u00c7?k?n&#8230;!!<br \/>\nSex i\u00e7in yarat?Ld???ma inan?yorum.Sizde zevki u\u00e7 noktalar?nda ya?amak istiyorsan?z?<\/p>\n<p>-(-RES?MLER?M TAMAMEN BANA A?TT?R-)-<\/p>\n<p>NOT: Ters ili?kide (Anal) ve<br \/>\nKondomsuz ili?kide bulunmuyorum<\/p>\n<p>Bana Telefon numaramdan ula?abilirsiniz >>><\/p>\n<p>TeL:<\/p>\n<p>SEVG?LER?MLE&#8230; ESCORT ?ULE TANG\u00dcLER My details Below mentioned<\/p>\n<p>                Nationality:<br \/>\n                TURK <\/p>\n<p>                Languages:<br \/>\n                ENGLISH. TURKISH<\/p>\n<p>                Age:<br \/>\n                22<\/p>\n<p>                Height:<br \/>\n                1.62<\/p>\n<p>                Weight:<br \/>\n                50<\/p>\n<p>                Measurements:<br \/>\n                85-65-95<\/p>\n","protected":false},"featured_media":238457,"comment_status":"open","ping_status":"closed","template":"","meta":{"site-sidebar-layout":"default","site-content-layout":"","ast-site-content-layout":"","site-content-style":"default","site-sidebar-style":"default","ast-global-header-display":"","ast-banner-title-visibility":"","ast-main-header-display":"","ast-hfb-above-header-display":"","ast-hfb-below-header-display":"","ast-hfb-mobile-header-display":"","site-post-title":"","ast-breadcrumbs-content":"","ast-featured-img":"","footer-sml-layout":"","theme-transparent-header-meta":"","adv-header-id-meta":"","stick-header-meta":"","header-above-stick-meta":"","header-main-stick-meta":"","header-below-stick-meta":"","astra-migrate-meta-layouts":"default","ast-page-background-enabled":"default","ast-page-background-meta":{"desktop":{"background-color":"var(--ast-global-color-4)","background-image":"","background-repeat":"repeat","background-position":"center center","background-size":"auto","background-attachment":"scroll","background-type":"","background-media":"","overlay-type":"","overlay-color":"","overlay-opacity":"","overlay-gradient":""},"tablet":{"background-color":"","background-image":"","background-repeat":"repeat","background-position":"center center","background-size":"auto","background-attachment":"scroll","background-type":"","background-media":"","overlay-type":"","overlay-color":"","overlay-opacity":"","overlay-gradient":""},"mobile":{"background-color":"","background-image":"","background-repeat":"repeat","background-position":"center center","background-size":"auto","background-attachment":"scroll","background-type":"","background-media":"","overlay-type":"","overlay-color":"","overlay-opacity":"","overlay-gradient":""}},"ast-content-background-meta":{"desktop":{"background-color":"var(--ast-global-color-5)","background-image":"","background-repeat":"repeat","background-position":"center center","background-size":"auto","background-attachment":"scroll","background-type":"","background-media":"","overlay-type":"","overlay-color":"","overlay-opacity":"","overlay-gradient":""},"tablet":{"background-color":"var(--ast-global-color-5)","background-image":"","background-repeat":"repeat","background-position":"center center","background-size":"auto","background-attachment":"scroll","background-type":"","background-media":"","overlay-type":"","overlay-color":"","overlay-opacity":"","overlay-gradient":""},"mobile":{"background-color":"var(--ast-global-color-5)","background-image":"","background-repeat":"repeat","background-position":"center center","background-size":"auto","background-attachment":"scroll","background-type":"","background-media":"","overlay-type":"","overlay-color":"","overlay-opacity":"","overlay-gradient":""}}},"product_brand":[],"product_cat":[188,1113,243],"product_tag":[],"class_list":{"0":"post-247283","1":"product","2":"type-product","3":"status-publish","4":"has-post-thumbnail","6":"product_cat-freelancer","7":"product_cat-istanbul","8":"product_cat-turky","9":"desktop-align-left","10":"tablet-align-left","11":"mobile-align-left","13":"first","14":"instock","15":"shipping-taxable","16":"product-type-simple"},"_links":{"self":[{"href":"https:\/\/poccky.com\/index.php\/wp-json\/wp\/v2\/product\/247283","targetHints":{"allow":["GET"]}}],"collection":[{"href":"https:\/\/poccky.com\/index.php\/wp-json\/wp\/v2\/product"}],"about":[{"href":"https:\/\/poccky.com\/index.php\/wp-json\/wp\/v2\/types\/product"}],"replies":[{"embeddable":true,"href":"https:\/\/poccky.com\/index.php\/wp-json\/wp\/v2\/comments?post=247283"}],"wp:featuredmedia":[{"embeddable":true,"href":"https:\/\/poccky.com\/index.php\/wp-json\/wp\/v2\/media\/238457"}],"wp:attachment":[{"href":"https:\/\/poccky.com\/index.php\/wp-json\/wp\/v2\/media?parent=247283"}],"wp:term":[{"taxonomy":"product_brand","embeddable":true,"href":"https:\/\/poccky.com\/index.php\/wp-json\/wp\/v2\/product_brand?post=247283"},{"taxonomy":"product_cat","embeddable":true,"href":"https:\/\/poccky.com\/index.php\/wp-json\/wp\/v2\/product_cat?post=247283"},{"taxonomy":"product_tag","embeddable":true,"href":"https:\/\/poccky.com\/index.php\/wp-json\/wp\/v2\/product_tag?post=247283"}],"curies":[{"name":"wp","href":"https:\/\/api.w.org\/{rel}","templated":true}]}}